-- Magento DB backup
--
-- Host: localhost    Database: ma_gatcomart
-- ------------------------------------------------------


--
-- Table structure for table `admin_passwords`
--

CREATE TABLE `admin_passwords` (
  `password_id` int(10) unsigned NOT NULL AUTO_INCREMENT COMMENT 'Password Id',
  `user_id` int(10) unsigned NOT NULL DEFAULT '0' COMMENT 'User Id',
  `password_hash` varchar(100) DEFAULT NULL COMMENT 'Password Hash',
  `expires` int(10) unsigned NOT NULL DEFAULT '0' COMMENT 'Expires',
  `last_updated` int(10) unsigned NOT NULL DEFAULT '0' COMMENT 'Last Updated',
  PRIMARY KEY (`password_id`),
  KEY `ADMIN_PASSWORDS_USER_ID` (`user_id`)
) ENGINE=InnoDB DEFAULT CHARSET=utf8 COMMENT='Admin Passwords';

--
-- Table structure for table `admin_system_messages`
--

CREATE TABLE `admin_system_messages` (
  `identity` varchar(100) NOT NULL COMMENT 'Message id',
  `severity` smallint(5) unsigned NOT NULL DEFAULT '0' COMMENT 'Problem type',
  `created_at` timestamp NOT NULL DEFAULT CURRENT_TIMESTAMP COMMENT 'Create date',
  PRIMARY KEY (`identity`)
) ENGINE=InnoDB DEFAULT CHARSET=utf8 COMMENT='Admin System Messages';

--
-- Table structure for table `adminnotification_inbox`
--

CREATE TABLE `adminnotification_inbox` (
  `notification_id` int(10) unsigned NOT NULL AUTO_INCREMENT COMMENT 'Notification id',
  `severity` smallint(5) unsigned NOT NULL DEFAULT '0' COMMENT 'Problem type',
  `date_added` timestamp NOT NULL DEFAULT CURRENT_TIMESTAMP COMMENT 'Create date',
  `title` varchar(255) NOT NULL COMMENT 'Title',
  `description` text COMMENT 'Description',
  `url` varchar(255) DEFAULT NULL COMMENT 'Url',
  `is_read` smallint(5) unsigned NOT NULL DEFAULT '0' COMMENT 'Flag if notification read',
  `is_remove` smallint(5) unsigned NOT NULL DEFAULT '0' COMMENT 'Flag if notification might be removed',
  PRIMARY KEY (`notification_id`),
  KEY `ADMINNOTIFICATION_INBOX_SEVERITY` (`severity`),
  KEY `ADMINNOTIFICATION_INBOX_IS_READ` (`is_read`),
  KEY `ADMINNOTIFICATION_INBOX_IS_REMOVE` (`is_remove`)
) ENGINE=InnoDB AUTO_INCREMENT=4 DEFAULT CHARSET=utf8 COMMENT='Adminnotification Inbox';

--
-- Dumping data for table `adminnotification_inbox`
--

INSERT INTO `adminnotification_inbox` VALUES ('1',4,'2016-07-19 02:45:42','Community Edition 2.0.8 improves installation, configurable product creation and more – 7/19/2016','Magento Community Edition 2.0.8 makes several functional improvements that address issues with application installation, duplication of url keys during configurable product creation, and other issues described in the release notes posted at http://devdocs.magento.com/guides/v2.0/release-notes/ReleaseNotes2.0.8CE.html.','http://devdocs.magento.com/guides/v2.0/release-notes/ReleaseNotes2.0.8CE.html',0,0),('2',1,'2016-10-12 20:27:35','Community Edition 2.0.10 and 2.1.2 Resolve Critical Security Issues – 10/12/2016','Magento Community Edition 2.0.10 and 2.1.2 resolve multiple security issues, including critical vulnerabilities with certain payment methods and Zend Framework libraries. The releases also make several functional improvements and API enhancements. Learn more about the security issues in the Magento Security Center at https://magento.com/security/patches/magento-2010-and-212-security-update and functional updates at http://devdocs.magento.com/guides/v2.1/release-notes/bk-release-notes.html.','https://magento.com/security/patches/magento-2010-and-212-security-update',0,0),('3',1,'2016-10-25 16:53:36','Dirty COW Linux OS Vulnerability – 10/25/2016','Dirty COW (CVE-2016-5195) is a serious vulnerability affecting most Linux Operating Systems that can be exploited to gain root access to the server. More information on how to immediately update your Linux OS is available in the Magento Security Center at https://magento.com/security/vulnerabilities/new-linux-operating-system-vulnerability. ','https://magento.com/security/vulnerabilities/new-linux-operating-system-vulnerability',0,0);

--
-- Table structure for table `authorization_role`
--

CREATE TABLE `authorization_role` (
  `role_id` int(10) unsigned NOT NULL AUTO_INCREMENT COMMENT 'Role ID',
  `parent_id` int(10) unsigned NOT NULL DEFAULT '0' COMMENT 'Parent Role ID',
  `tree_level` smallint(5) unsigned NOT NULL DEFAULT '0' COMMENT 'Role Tree Level',
  `sort_order` smallint(5) unsigned NOT NULL DEFAULT '0' COMMENT 'Role Sort Order',
  `role_type` varchar(1) NOT NULL DEFAULT '0' COMMENT 'Role Type',
  `user_id` int(10) unsigned NOT NULL DEFAULT '0' COMMENT 'User ID',
  `user_type` varchar(16) DEFAULT NULL COMMENT 'User Type',
  `role_name` varchar(50) DEFAULT NULL COMMENT 'Role Name',
  PRIMARY KEY (`role_id`),
  KEY `AUTHORIZATION_ROLE_PARENT_ID_SORT_ORDER` (`parent_id`,`sort_order`),
  KEY `AUTHORIZATION_ROLE_TREE_LEVEL` (`tree_level`)
) ENGINE=InnoDB AUTO_INCREMENT=3 DEFAULT CHARSET=utf8 COMMENT='Admin Role Table';

--
-- Dumping data for table `authorization_role`
--

INSERT INTO `authorization_role` VALUES ('1','0',1,1,'G','0','2','Administrators'),('2','1',2,0,'U','1','2','admin');

--
-- Table structure for table `authorization_rule`
--

CREATE TABLE `authorization_rule` (
  `rule_id` int(10) unsigned NOT NULL AUTO_INCREMENT COMMENT 'Rule ID',
  `role_id` int(10) unsigned NOT NULL DEFAULT '0' COMMENT 'Role ID',
  `resource_id` varchar(255) DEFAULT NULL COMMENT 'Resource ID',
  `privileges` varchar(20) DEFAULT NULL COMMENT 'Privileges',
  `permission` varchar(10) DEFAULT NULL COMMENT 'Permission',
  PRIMARY KEY (`rule_id`),
  KEY `AUTHORIZATION_RULE_RESOURCE_ID_ROLE_ID` (`resource_id`,`role_id`),
  KEY `AUTHORIZATION_RULE_ROLE_ID_RESOURCE_ID` (`role_id`,`resource_id`)
) ENGINE=InnoDB AUTO_INCREMENT=2 DEFAULT CHARSET=utf8 COMMENT='Admin Rule Table';

--
-- Dumping data for table `authorization_rule`
--

INSERT INTO `authorization_rule` VALUES ('1','1','Magento_Backend::all',NULL,'allow');

--
-- Table structure for table `cache`
--

CREATE TABLE `cache` (
  `id` varchar(200) NOT NULL COMMENT 'Cache Id',
  `data` mediumblob COMMENT 'Cache Data',
  `create_time` int(11) DEFAULT NULL COMMENT 'Cache Creation Time',
  `update_time` int(11) DEFAULT NULL COMMENT 'Time of Cache Updating',
  `expire_time` int(11) DEFAULT NULL COMMENT 'Cache Expiration Time',
  PRIMARY KEY (`id`),
  KEY `CACHE_EXPIRE_TIME` (`expire_time`)
) ENGINE=InnoDB DEFAULT CHARSET=utf8 COMMENT='Caches';

--
-- Table structure for table `cache_tag`
--

CREATE TABLE `cache_tag` (
  `tag` varchar(100) NOT NULL COMMENT 'Tag',
  `cache_id` varchar(200) NOT NULL COMMENT 'Cache Id',
  PRIMARY KEY (`tag`,`cache_id`),
  KEY `CACHE_TAG_CACHE_ID` (`cache_id`)
) ENGINE=InnoDB DEFAULT CHARSET=utf8 COMMENT='Tag Caches';

--
-- Table structure for table `captcha_log`
--

CREATE TABLE `captcha_log` (
  `type` varchar(32) NOT NULL COMMENT 'Type',
  `value` varchar(32) NOT NULL COMMENT 'Value',
  `count` int(10) unsigned NOT NULL DEFAULT '0' COMMENT 'Count',
  `updated_at` timestamp NULL DEFAULT NULL COMMENT 'Update Time',
  PRIMARY KEY (`type`,`value`)
) ENGINE=InnoDB DEFAULT CHARSET=utf8 COMMENT='Count Login Attempts';

--
-- Table structure for table `catalog_category_entity`
--

CREATE TABLE `catalog_category_entity` (
  `entity_id` int(10) unsigned NOT NULL AUTO_INCREMENT COMMENT 'Entity ID',
  `attribute_set_id` smallint(5) unsigned NOT NULL DEFAULT '0' COMMENT 'Attriute Set ID',
  `parent_id` int(10) unsigned NOT NULL DEFAULT '0' COMMENT 'Parent Category ID',
  `created_at` timestamp NOT NULL DEFAULT CURRENT_TIMESTAMP COMMENT 'Creation Time',
  `updated_at` timestamp NOT NULL DEFAULT CURRENT_TIMESTAMP ON UPDATE CURRENT_TIMESTAMP COMMENT 'Update Time',
  `path` varchar(255) NOT NULL COMMENT 'Tree Path',
  `position` int(11) NOT NULL COMMENT 'Position',
  `level` int(11) NOT NULL DEFAULT '0' COMMENT 'Tree Level',
  `children_count` int(11) NOT NULL COMMENT 'Child Count',
  PRIMARY KEY (`entity_id`),
  KEY `CATALOG_CATEGORY_ENTITY_LEVEL` (`level`)
) ENGINE=InnoDB AUTO_INCREMENT=312 DEFAULT CHARSET=utf8 COMMENT='Catalog Category Table';

--
-- Dumping data for table `catalog_category_entity`
--

INSERT INTO `catalog_category_entity` VALUES ('1',0,'0','2016-07-17 14:12:19','2016-11-22 14:55:32','1','0','0','-449'),('213',3,'1','2016-07-20 12:15:21','2016-11-22 14:55:32','1/213','4','1','96'),('214',3,'213','2016-07-20 12:16:21','2016-07-20 12:58:18','1/213/214','1','2','20'),('215',3,'214','2016-07-20 12:18:32','2016-07-20 12:50:12','1/213/214/215','1','3','4'),('216',3,'214','2016-07-20 12:21:20','2016-07-20 12:52:58','1/213/214/216','2','3','4'),('217',3,'214','2016-07-20 12:21:53','2016-07-20 12:55:43','1/213/214/217','3','3','4'),('218',3,'214','2016-07-20 12:22:30','2016-07-20 12:58:18','1/213/214/218','4','3','4'),('219',3,'215','2016-07-20 12:45:35','2016-07-20 12:45:35','1/213/214/215/219','1','4','0'),('220',3,'215','2016-07-20 12:48:56','2016-07-20 12:48:57','1/213/214/215/220','2','4','0'),('221',3,'215','2016-07-20 12:49:35','2016-07-20 12:49:35','1/213/214/215/221','3','4','0'),('222',3,'215','2016-07-20 12:50:12','2016-07-20 12:50:13','1/213/214/215/222','4','4','0'),('223',3,'216','2016-07-20 12:50:44','2016-07-20 12:50:44','1/213/214/216/223','1','4','0'),('224',3,'216','2016-07-20 12:51:16','2016-07-20 12:51:16','1/213/214/216/224','2','4','0'),('225',3,'216','2016-07-20 12:51:53','2016-07-20 12:51:53','1/213/214/216/225','3','4','0'),('226',3,'216','2016-07-20 12:52:58','2016-07-20 12:52:58','1/213/214/216/226','4','4','0'),('227',3,'217','2016-07-20 12:53:52','2016-07-20 12:53:52','1/213/214/217/227','1','4','0'),('228',3,'217','2016-07-20 12:54:25','2016-07-20 12:54:25','1/213/214/217/228','2','4','0'),('229',3,'217','2016-07-20 12:55:01','2016-07-20 12:55:01','1/213/214/217/229','3','4','0'),('230',3,'217','2016-07-20 12:55:43','2016-07-20 12:55:44','1/213/214/217/230','4','4','0'),('231',3,'218','2016-07-20 12:56:22','2016-07-20 12:56:22','1/213/214/218/231','1','4','0'),('232',3,'218','2016-07-20 12:56:57','2016-07-20 12:56:57','1/213/214/218/232','2','4','0'),('233',3,'218','2016-07-20 12:57:29','2016-07-20 12:57:30','1/213/214/218/233','3','4','0'),('234',3,'218','2016-07-20 12:58:18','2016-07-20 12:58:18','1/213/214/218/234','4','4','0'),('235',3,'213','2016-10-11 14:19:32','2016-11-21 15:28:53','1/213/235','2','2','22'),('236',3,'235','2016-10-11 14:25:16','2016-11-21 15:28:53','1/213/235/236','1','3','8'),('237',3,'235','2016-10-11 14:28:35','2016-10-11 15:01:29','1/213/235/237','2','3','3'),('238',3,'235','2016-10-11 14:32:40','2016-11-21 15:15:59','1/213/235/238','3','3','8'),('239',3,'236','2016-10-11 14:35:53','2016-10-11 14:35:53','1/213/235/236/239','1','4','0'),('240',3,'236','2016-10-11 14:46:07','2016-10-11 14:46:08','1/213/235/236/240','2','4','0'),('241',3,'236','2016-10-11 14:47:12','2016-10-11 14:47:12','1/213/235/236/241','3','4','0'),('242',3,'237','2016-10-11 14:51:26','2016-10-11 14:51:27','1/213/235/237/242','1','4','0'),('243',3,'237','2016-10-11 14:52:49','2016-10-11 14:52:49','1/213/235/237/243','2','4','0'),('244',3,'238','2016-10-11 14:54:43','2016-10-11 14:54:43','1/213/235/238/244','1','4','0'),('245',3,'238','2016-10-11 14:56:09','2016-10-11 14:56:09','1/213/235/238/245','2','4','0'),('246',3,'238','2016-10-11 14:57:45','2016-10-11 14:57:45','1/213/235/238/246','3','4','0'),('247',3,'237','2016-10-11 15:01:29','2016-10-11 15:01:29','1/213/235/237/247','3','4','0'),('248',3,'213','2016-10-11 15:09:27','2016-10-11 15:34:27','1/213/248','3','2','10'),('249',3,'248','2016-10-11 15:10:23','2016-10-11 15:25:50','1/213/248/249','1','3','4'),('250',3,'248','2016-10-11 15:16:25','2016-10-11 15:34:27','1/213/248/250','2','3','4'),('251',3,'249','2016-10-11 15:22:18','2016-10-11 15:22:19','1/213/248/249/251','1','4','0'),('252',3,'249','2016-10-11 15:23:21','2016-10-11 15:23:21','1/213/248/249/252','2','4','0'),('253',3,'249','2016-10-11 15:24:38','2016-10-11 15:24:38','1/213/248/249/253','3','4','0'),('254',3,'249','2016-10-11 15:25:50','2016-10-11 15:25:50','1/213/248/249/254','4','4','0'),('255',3,'250','2016-10-11 15:26:59','2016-10-11 15:26:59','1/213/248/250/255','1','4','0'),('256',3,'250','2016-10-11 15:29:19','2016-10-11 15:29:19','1/213/248/250/256','2','4','0'),('257',3,'250','2016-10-11 15:33:07','2016-10-11 15:33:07','1/213/248/250/257','3','4','0'),('258',3,'250','2016-10-11 15:34:27','2016-10-11 15:34:27','1/213/248/250/258','4','4','0'),('259',3,'213','2016-10-11 15:36:07','2016-11-22 14:10:38','1/213/259','4','2','12'),('260',3,'213','2016-10-11 15:37:44','2016-11-22 14:32:01','1/213/260','5','2','12'),('261',3,'213','2016-10-11 15:38:45','2016-11-22 14:55:32','1/213/261','6','2','12'),('262',3,'213','2016-10-11 15:40:05','2016-10-11 15:40:05','1/213/262','7','2','0'),('263',3,'213','2016-10-11 15:43:07','2016-10-11 15:43:07','1/213/263','8','2','0'),('264',3,'238','2016-11-21 15:10:03','2016-11-21 15:10:03','1/213/235/238/264','4','4','0'),('265',3,'238','2016-11-21 15:11:07','2016-11-21 15:11:07','1/213/235/238/265','5','4','0'),('266',3,'238','2016-11-21 15:12:48','2016-11-21 15:12:48','1/213/235/238/266','6','4','0'),('267',3,'238','2016-11-21 15:14:38','2016-11-21 15:14:39','1/213/235/238/267','7','4','0'),('268',3,'238','2016-11-21 15:15:59','2016-11-21 15:15:59','1/213/235/238/268','8','4','0'),('269',3,'236','2016-11-21 15:22:14','2016-11-21 15:22:14','1/213/235/236/269','4','4','0'),('270',3,'236','2016-11-21 15:23:19','2016-11-21 15:23:19','1/213/235/236/270','5','4','0'),('271',3,'236','2016-11-21 15:25:52','2016-11-21 15:25:52','1/213/235/236/271','6','4','0'),('272',3,'236','2016-11-21 15:27:16','2016-11-21 15:27:16','1/213/235/236/272','7','4','0'),('273',3,'236','2016-11-21 15:28:53','2016-11-21 15:28:54','1/213/235/236/273','8','4','0'),('274',3,'259','2016-11-22 13:40:18','2016-11-22 13:57:45','1/213/259/274','1','3','3'),('275',3,'259','2016-11-22 13:50:19','2016-11-22 14:06:37','1/213/259/275','2','3','3'),('276',3,'259','2016-11-22 13:52:32','2016-11-22 14:10:38','1/213/259/276','3','3','3'),('277',3,'274','2016-11-22 13:54:58','2016-11-22 13:54:58','1/213/259/274/277','1','4','0'),('278',3,'274','2016-11-22 13:56:04','2016-11-22 13:56:04','1/213/259/274/278','2','4','0'),('279',3,'274','2016-11-22 13:57:45','2016-11-22 13:57:45','1/213/259/274/279','3','4','0'),('280',3,'275','2016-11-22 14:00:12','2016-11-22 14:00:12','1/213/259/275/280','1','4','0'),('281',3,'275','2016-11-22 14:02:31','2016-11-22 14:02:32','1/213/259/275/281','2','4','0'),('284',3,'275','2016-11-22 14:06:37','2016-11-22 14:06:37','1/213/259/275/284','3','4','0'),('285',3,'276','2016-11-22 14:08:03','2016-11-22 14:08:04','1/213/259/276/285','1','4','0'),('286',3,'276','2016-11-22 14:09:37','2016-11-22 14:09:37','1/213/259/276/286','2','4','0'),('287',3,'276','2016-11-22 14:10:38','2016-11-22 14:10:38','1/213/259/276/287','3','4','0'),('288',3,'260','2016-11-22 14:13:31','2016-11-22 14:20:31','1/213/260/288','1','3','3'),('289',3,'260','2016-11-22 14:15:05','2016-11-22 14:26:22','1/213/260/289','2','3','3'),('290',3,'260','2016-11-22 14:16:39','2016-11-22 14:32:01','1/213/260/290','3','3','3'),('291',3,'288','2016-11-22 14:17:55','2016-11-22 14:17:56','1/213/260/288/291','1','4','0'),('292',3,'288','2016-11-22 14:19:25','2016-11-22 14:19:25','1/213/260/288/292','2','4','0'),('293',3,'288','2016-11-22 14:20:31','2016-11-22 14:20:31','1/213/260/288/293','3','4','0'),('294',3,'289','2016-11-22 14:22:51','2016-11-22 14:22:51','1/213/260/289/294','1','4','0'),('295',3,'289','2016-11-22 14:24:50','2016-11-22 14:24:51','1/213/260/289/295','2','4','0'),('296',3,'289','2016-11-22 14:26:22','2016-11-22 14:26:22','1/213/260/289/296','3','4','0'),('297',3,'290','2016-11-22 14:27:28','2016-11-22 14:27:28','1/213/260/290/297','1','4','0'),('298',3,'290','2016-11-22 14:30:32','2016-11-22 14:30:33','1/213/260/290/298','2','4','0'),('299',3,'290','2016-11-22 14:32:01','2016-11-22 14:32:01','1/213/260/290/299','3','4','0'),('300',3,'261','2016-11-22 14:35:44','2016-11-22 14:45:02','1/213/261/300','1','3','3'),('301',3,'261','2016-11-22 14:38:41','2016-11-22 14:50:03','1/213/261/301','2','3','3'),('302',3,'261','2016-11-22 14:39:52','2016-11-22 14:55:32','1/213/261/302','3','3','3'),('303',3,'300','2016-11-22 14:41:54','2016-11-22 14:41:54','1/213/261/300/303','1','4','0'),('304',3,'300','2016-11-22 14:43:30','2016-11-22 14:43:30','1/213/261/300/304','2','4','0'),('305',3,'300','2016-11-22 14:45:02','2016-11-22 14:45:02','1/213/261/300/305','3','4','0'),('306',3,'301','2016-11-22 14:47:14','2016-11-22 14:47:14','1/213/261/301/306','1','4','0'),('307',3,'301','2016-11-22 14:48:28','2016-11-22 14:48:29','1/213/261/301/307','2','4','0'),('308',3,'301','2016-11-22 14:50:03','2016-11-22 14:50:03','1/213/261/301/308','3','4','0'),('309',3,'302','2016-11-22 14:52:21','2016-11-22 14:52:22','1/213/261/302/309','1','4','0'),('310',3,'302','2016-11-22 14:54:02','2016-11-22 14:54:02','1/213/261/302/310','2','4','0'),('311',3,'302','2016-11-22 14:55:32','2016-11-22 14:55:33','1/213/261/302/311','3','4','0');

--
-- Table structure for table `catalog_category_entity_datetime`
--

CREATE TABLE `catalog_category_entity_datetime` (
  `value_id` int(11) NOT NULL AUTO_INCREMENT COMMENT 'Value ID',
  `attribute_id` smallint(5) unsigned NOT NULL DEFAULT '0' COMMENT 'Attribute ID',
  `store_id` smallint(5) unsigned NOT NULL DEFAULT '0' COMMENT 'Store ID',
  `entity_id` int(10) unsigned NOT NULL DEFAULT '0' COMMENT 'Entity ID',
  `value` datetime DEFAULT NULL COMMENT 'Value',
  PRIMARY KEY (`value_id`),
  UNIQUE KEY `CATALOG_CATEGORY_ENTITY_DATETIME_ENTITY_ID_ATTRIBUTE_ID_STORE_ID` (`entity_id`,`attribute_id`,`store_id`),
  KEY `CATALOG_CATEGORY_ENTITY_DATETIME_ENTITY_ID` (`entity_id`),
  KEY `CATALOG_CATEGORY_ENTITY_DATETIME_ATTRIBUTE_ID` (`attribute_id`),
  KEY `CATALOG_CATEGORY_ENTITY_DATETIME_STORE_ID` (`store_id`)
) ENGINE=InnoDB DEFAULT CHARSET=utf8 COMMENT='Catalog Category Datetime Attribute Backend Table';

--
-- Table structure for table `catalog_category_entity_decimal`
--

CREATE TABLE `catalog_category_entity_decimal` (
  `value_id` int(11) NOT NULL AUTO_INCREMENT COMMENT 'Value ID',
  `attribute_id` smallint(5) unsigned NOT NULL DEFAULT '0' COMMENT 'Attribute ID',
  `store_id` smallint(5) unsigned NOT NULL DEFAULT '0' COMMENT 'Store ID',
  `entity_id` int(10) unsigned NOT NULL DEFAULT '0' COMMENT 'Entity ID',
  `value` decimal(12,4) DEFAULT NULL COMMENT 'Value',
  PRIMARY KEY (`value_id`),
  UNIQUE KEY `CATALOG_CATEGORY_ENTITY_DECIMAL_ENTITY_ID_ATTRIBUTE_ID_STORE_ID` (`entity_id`,`attribute_id`,`store_id`),
  KEY `CATALOG_CATEGORY_ENTITY_DECIMAL_ENTITY_ID` (`entity_id`),
  KEY `CATALOG_CATEGORY_ENTITY_DECIMAL_ATTRIBUTE_ID` (`attribute_id`),
  KEY `CATALOG_CATEGORY_ENTITY_DECIMAL_STORE_ID` (`store_id`)
) ENGINE=InnoDB DEFAULT CHARSET=utf8 COMMENT='Catalog Category Decimal Attribute Backend Table';

--
-- Table structure for table `catalog_category_entity_int`
--

CREATE TABLE `catalog_category_entity_int` (
  `value_id` int(11) NOT NULL AUTO_INCREMENT COMMENT 'Value ID',
  `attribute_id` smallint(5) unsigned NOT NULL DEFAULT '0' COMMENT 'Attribute ID',
  `store_id` smallint(5) unsigned NOT NULL DEFAULT '0' COMMENT 'Store ID',
  `entity_id` int(10) unsigned NOT NULL DEFAULT '0' COMMENT 'Entity ID',
  `value` int(11) DEFAULT NULL COMMENT 'Value',
  PRIMARY KEY (`value_id`),
  UNIQUE KEY `CATALOG_CATEGORY_ENTITY_INT_ENTITY_ID_ATTRIBUTE_ID_STORE_ID` (`entity_id`,`attribute_id`,`store_id`),
  KEY `CATALOG_CATEGORY_ENTITY_INT_ENTITY_ID` (`entity_id`),
  KEY `CATALOG_CATEGORY_ENTITY_INT_ATTRIBUTE_ID` (`attribute_id`),
  KEY `CATALOG_CATEGORY_ENTITY_INT_STORE_ID` (`store_id`)
) ENGINE=InnoDB AUTO_INCREMENT=1784 DEFAULT CHARSET=utf8 COMMENT='Catalog Category Integer Attribute Backend Table';

--
-- Dumping data for table `catalog_category_entity_int`
--

INSERT INTO `catalog_category_entity_int` VALUES ('1',69,0,'1','1'),('1057',46,0,'213','1'),('1058',54,0,'213','1'),('1059',69,0,'213','1'),('1060',70,0,'213','0'),('1061',71,0,'213','0'),('1062',46,0,'214','1'),('1063',54,0,'214','1'),('1064',69,0,'214','1'),('1065',70,0,'214','0'),('1066',71,0,'214','0'),('1067',46,0,'215','1'),('1068',54,0,'215','1'),('1069',69,0,'215','1'),('1070',70,0,'215','0'),('1071',71,0,'215','0'),('1072',46,0,'216','1'),('1073',54,0,'216','1'),('1074',69,0,'216','1'),('1075',70,0,'216','0'),('1076',71,0,'216','0'),('1077',46,0,'217','1'),('1078',54,0,'217','1'),('1079',69,0,'217','1'),('1080',70,0,'217','0'),('1081',71,0,'217','0'),('1082',46,0,'218','0'),('1083',54,0,'218','1'),('1084',69,0,'218','1'),('1085',70,0,'218','0'),('1086',71,0,'218','0'),('1087',46,0,'219','1'),('1088',54,0,'219','1'),('1089',69,0,'219','1'),('1090',70,0,'219','0'),('1091',71,0,'219','0'),('1092',46,0,'220','1'),('1093',54,0,'220','1'),('1094',69,0,'220','1'),('1095',70,0,'220','0'),('1096',71,0,'220','0'),('1097',46,0,'221','1'),('1098',54,0,'221','1'),('1099',69,0,'221','1'),('1100',70,0,'221','0'),('1101',71,0,'221','0'),('1102',46,0,'222','1'),('1103',54,0,'222','1'),('1104',69,0,'222','1'),('1105',70,0,'222','0'),('1106',71,0,'222','0'),('1107',46,0,'223','1'),('1108',54,0,'223','1'),('1109',69,0,'223','1'),('1110',70,0,'223','0'),('1111',71,0,'223','0'),('1112',46,0,'224','1'),('1113',54,0,'224','1'),('1114',69,0,'224','1'),('1115',70,0,'224','0'),('1116',71,0,'224','0'),('1117',46,0,'225','1'),('1118',54,0,'225','1'),('1119',69,0,'225','1'),('1120',70,0,'225','0'),('1121',71,0,'225','0'),('1122',46,0,'226','1'),('1123',54,0,'226','1'),('1124',69,0,'226','1'),('1125',70,0,'226','0'),('1126',71,0,'226','0'),('1127',46,0,'227','1'),('1128',54,0,'227','1'),('1129',69,0,'227','1'),('1130',70,0,'227','0'),('1131',71,0,'227','0'),('1132',46,0,'228','1'),('1133',54,0,'228','1'),('1134',69,0,'228','1'),('1135',70,0,'228','0'),('1136',71,0,'228','0'),('1137',46,0,'229','1'),('1138',54,0,'229','1'),('1139',69,0,'229','1'),('1140',70,0,'229','0'),('1141',71,0,'229','0'),('1142',46,0,'230','1'),('1143',54,0,'230','1'),('1144',69,0,'230','1'),('1145',70,0,'230','0'),('1146',71,0,'230','0'),('1147',46,0,'231','1'),('1148',54,0,'231','1'),('1149',69,0,'231','1'),('1150',70,0,'231','0'),('1151',71,0,'231','0'),('1152',46,0,'232','1'),('1153',54,0,'232','1'),('1154',69,0,'232','1'),('1155',70,0,'232','0'),('1156',71,0,'232','0'),('1157',46,0,'233','1'),('1158',54,0,'233','1'),('1159',69,0,'233','1'),('1160',70,0,'233','0'),('1161',71,0,'233','0'),('1162',46,0,'234','1'),('1163',54,0,'234','1'),('1164',69,0,'234','1'),('1165',70,0,'234','0'),('1166',71,0,'234','0'),('1167',137,0,'214','1'),('1168',138,0,'214','1'),('1169',46,0,'235','1'),('1170',54,0,'235','1'),('1171',69,0,'235','1'),('1172',70,0,'235','0'),('1173',71,0,'235','0'),('1174',137,0,'235','1'),('1175',138,0,'235','1'),('1176',46,0,'236','1'),('1177',54,0,'236','1'),('1178',69,0,'236','1'),('1179',70,0,'236','0'),('1180',71,0,'236','0'),('1181',137,0,'236','1'),('1182',138,0,'236','1'),('1183',46,0,'237','0'),('1184',54,0,'237','1'),('1185',69,0,'237','1'),('1186',70,0,'237','0'),('1187',71,0,'237','0'),('1188',137,0,'237','1'),('1189',138,0,'237','1'),('1190',46,0,'238','1'),('1191',54,0,'238','1'),('1192',69,0,'238','1'),('1193',70,0,'238','0'),('1194',71,0,'238','0'),('1195',137,0,'238','1'),('1196',138,0,'238','1'),('1197',46,0,'239','1'),('1198',54,0,'239','1'),('1199',69,0,'239','1'),('1200',70,0,'239','0'),('1201',71,0,'239','0'),('1202',137,0,'239','1'),('1203',138,0,'239','1'),('1204',46,0,'240','1'),('1205',54,0,'240','1'),('1206',69,0,'240','1'),('1207',70,0,'240','0'),('1208',71,0,'240','0'),('1209',137,0,'240','1'),('1210',138,0,'240','1'),('1211',46,0,'241','1'),('1212',54,0,'241','1'),('1213',69,0,'241','1'),('1214',70,0,'241','0'),('1215',71,0,'241','0'),('1216',137,0,'241','1'),('1217',138,0,'241','1'),('1218',46,0,'242','1'),('1219',54,0,'242','1'),('1220',69,0,'242','1'),('1221',70,0,'242','0'),('1222',71,0,'242','0'),('1223',137,0,'242','1'),('1224',138,0,'242','1'),('1225',46,0,'243','1'),('1226',54,0,'243','1'),('1227',69,0,'243','1'),('1228',70,0,'243','0'),('1229',71,0,'243','0'),('1230',137,0,'243','1'),('1231',138,0,'243','1'),('1232',46,0,'244','1'),('1233',54,0,'244','1'),('1234',69,0,'244','1'),('1235',70,0,'244','0'),('1236',71,0,'244','0'),('1237',137,0,'244','1'),('1238',138,0,'244','1'),('1239',46,0,'245','1'),('1240',54,0,'245','1'),('1241',69,0,'245','1'),('1242',70,0,'245','0'),('1243',71,0,'245','0'),('1244',137,0,'245','1'),('1245',138,0,'245','1'),('1246',46,0,'246','1'),('1247',54,0,'246','1'),('1248',69,0,'246','1'),('1249',70,0,'246','0'),('1250',71,0,'246','0'),('1251',137,0,'246','1'),('1252',138,0,'246','1'),('1253',46,0,'247','1'),('1254',54,0,'247','1'),('1255',69,0,'247','1'),('1256',70,0,'247','0'),('1257',71,0,'247','0'),('1258',137,0,'247','1'),('1259',138,0,'247','1'),('1260',46,0,'248','1'),('1261',54,0,'248','1'),('1262',69,0,'248','1'),('1263',70,0,'248','0'),('1264',71,0,'248','0'),('1265',137,0,'248','1'),('1266',138,0,'248','1'),('1267',46,0,'249','1'),('1268',54,0,'249','1'),('1269',69,0,'249','1'),('1270',70,0,'249','0'),('1271',71,0,'249','0'),('1272',137,0,'249','1'),('1273',138,0,'249','1'),('1274',46,0,'250','1'),('1275',54,0,'250','1'),('1276',69,0,'250','1'),('1277',70,0,'250','0'),('1278',71,0,'250','0'),('1279',137,0,'250','1'),('1280',138,0,'250','1'),('1281',46,0,'251','1'),('1282',54,0,'251','1'),('1283',69,0,'251','1'),('1284',70,0,'251','0'),('1285',71,0,'251','0'),('1286',137,0,'251','1'),('1287',138,0,'251','1'),('1288',46,0,'252','1'),('1289',54,0,'252','1'),('1290',69,0,'252','1'),('1291',70,0,'252','0'),('1292',71,0,'252','0'),('1293',137,0,'252','1'),('1294',138,0,'252','1'),('1295',46,0,'253','1'),('1296',54,0,'253','1'),('1297',69,0,'253','1'),('1298',70,0,'253','0'),('1299',71,0,'253','0'),('1300',137,0,'253','1'),('1301',138,0,'253','1'),('1302',46,0,'254','1'),('1303',54,0,'254','1'),('1304',69,0,'254','1'),('1305',70,0,'254','0'),('1306',71,0,'254','0'),('1307',137,0,'254','1'),('1308',138,0,'254','1'),('1309',46,0,'255','1'),('1310',54,0,'255','1'),('1311',69,0,'255','1'),('1312',70,0,'255','0'),('1313',71,0,'255','0'),('1314',137,0,'255','1'),('1315',138,0,'255','1'),('1316',46,0,'256','1'),('1317',54,0,'256','1'),('1318',69,0,'256','1'),('1319',70,0,'256','0'),('1320',71,0,'256','0'),('1321',137,0,'256','1'),('1322',138,0,'256','1'),('1323',46,0,'257','1'),('1324',54,0,'257','1'),('1325',69,0,'257','1'),('1326',70,0,'257','0'),('1327',71,0,'257','0'),('1328',137,0,'257','1'),('1329',138,0,'257','1'),('1330',46,0,'258','1'),('1331',54,0,'258','1'),('1332',69,0,'258','1'),('1333',70,0,'258','0'),('1334',71,0,'258','0'),('1335',137,0,'258','1'),('1336',138,0,'258','1'),('1337',46,0,'259','1'),('1338',54,0,'259','1'),('1339',69,0,'259','1'),('1340',70,0,'259','0'),('1341',71,0,'259','0'),('1342',137,0,'259','1'),('1343',138,0,'259','1'),('1344',46,0,'260','1'),('1345',54,0,'260','1'),('1346',69,0,'260','1'),('1347',70,0,'260','0'),('1348',71,0,'260','0'),('1349',137,0,'260','1'),('1350',138,0,'260','1'),('1351',46,0,'261','1'),('1352',54,0,'261','1'),('1353',69,0,'261','1'),('1354',70,0,'261','0'),('1355',71,0,'261','0'),('1356',137,0,'261','1'),('1357',138,0,'261','1'),('1358',46,0,'262','1'),('1359',54,0,'262','1'),('1360',69,0,'262','1'),('1361',70,0,'262','0'),('1362',71,0,'262','0'),('1363',137,0,'262','1'),('1364',138,0,'262','1'),('1365',46,0,'263','1'),('1366',54,0,'263','1'),('1367',69,0,'263','1'),('1368',70,0,'263','0'),('1369',71,0,'263','0'),('1370',137,0,'263','1'),('1371',138,0,'263','1'),('1372',137,0,'215','1'),('1373',138,0,'215','1'),('1374',137,0,'216','1'),('1375',138,0,'216','1'),('1376',137,0,'217','1'),('1377',138,0,'217','1'),('1378',137,0,'218','1'),('1379',138,0,'218','1'),('1380',141,0,'214','1'),('1381',141,0,'235','1'),('1382',141,0,'248','1'),('1383',141,0,'259','1'),('1384',141,0,'260','1'),('1385',141,0,'261','1'),('1386',141,0,'262','0'),('1387',141,0,'263','0'),('1388',141,0,'238','1'),('1389',141,0,'244','1'),('1390',141,0,'245','1'),('1391',141,0,'246','1'),('1392',46,0,'264','1'),('1393',54,0,'264','1'),('1394',69,0,'264','1'),('1395',70,0,'264','0'),('1396',71,0,'264','0'),('1397',137,0,'264','1'),('1398',138,0,'264','1'),('1399',141,0,'264','1'),('1400',46,0,'265','1'),('1401',54,0,'265','1'),('1402',69,0,'265','1'),('1403',70,0,'265','0'),('1404',71,0,'265','0'),('1405',137,0,'265','1'),('1406',138,0,'265','1'),('1407',141,0,'265','1'),('1408',46,0,'266','1'),('1409',54,0,'266','1'),('1410',69,0,'266','1'),('1411',70,0,'266','0'),('1412',71,0,'266','0'),('1413',137,0,'266','1'),('1414',138,0,'266','1'),('1415',141,0,'266','1'),('1416',46,0,'267','1'),('1417',54,0,'267','1'),('1418',69,0,'267','1'),('1419',70,0,'267','0'),('1420',71,0,'267','0'),('1421',137,0,'267','1'),('1422',138,0,'267','1'),('1423',141,0,'267','1'),('1424',46,0,'268','1'),('1425',54,0,'268','1'),('1426',69,0,'268','1'),('1427',70,0,'268','0'),('1428',71,0,'268','0'),('1429',137,0,'268','1'),('1430',138,0,'268','1'),('1431',141,0,'268','1'),('1432',141,0,'237','1'),('1433',141,0,'239','1'),('1434',141,0,'240','1'),('1435',141,0,'241','1'),('1436',46,0,'269','1'),('1437',54,0,'269','1'),('1438',69,0,'269','1'),('1439',70,0,'269','0'),('1440',71,0,'269','0'),('1441',137,0,'269','1'),('1442',138,0,'269','1'),('1443',141,0,'269','1'),('1444',46,0,'270','1'),('1445',54,0,'270','1'),('1446',69,0,'270','1'),('1447',70,0,'270','0'),('1448',71,0,'270','0'),('1449',137,0,'270','1'),('1450',138,0,'270','1'),('1451',141,0,'270','1'),('1452',46,0,'271','1'),('1453',54,0,'271','1'),('1454',69,0,'271','1'),('1455',70,0,'271','0'),('1456',71,0,'271','0'),('1457',137,0,'271','1'),('1458',138,0,'271','1'),('1459',141,0,'271','1'),('1460',46,0,'272','1'),('1461',54,0,'272','1'),('1462',69,0,'272','1'),('1463',70,0,'272','0'),('1464',71,0,'272','0'),('1465',137,0,'272','1'),('1466',138,0,'272','1'),('1467',141,0,'272','1'),('1468',46,0,'273','1'),('1469',54,0,'273','1'),('1470',69,0,'273','1'),('1471',70,0,'273','0'),('1472',71,0,'273','0'),('1473',137,0,'273','1'),('1474',138,0,'273','1'),('1475',141,0,'273','1'),('1476',141,0,'218','1'),('1477',46,0,'274','1'),('1478',54,0,'274','1'),('1479',69,0,'274','1'),('1480',70,0,'274','0'),('1481',71,0,'274','0'),('1482',137,0,'274','1'),('1483',138,0,'274','1'),('1484',141,0,'274','1'),('1485',46,0,'275','1'),('1486',54,0,'275','1'),('1487',69,0,'275','1'),('1488',70,0,'275','0'),('1489',71,0,'275','0'),('1490',137,0,'275','1'),('1491',138,0,'275','1'),('1492',141,0,'275','1'),('1493',46,0,'276','1'),('1494',54,0,'276','1'),('1495',69,0,'276','1'),('1496',70,0,'276','0'),('1497',71,0,'276','0'),('1498',137,0,'276','1'),('1499',138,0,'276','1'),('1500',141,0,'276','1'),('1501',46,0,'277','1'),('1502',54,0,'277','1'),('1503',69,0,'277','1'),('1504',70,0,'277','0'),('1505',71,0,'277','0'),('1506',137,0,'277','1'),('1507',138,0,'277','1'),('1508',141,0,'277','1'),('1509',46,0,'278','1'),('1510',54,0,'278','1'),('1511',69,0,'278','1'),('1512',70,0,'278','0'),('1513',71,0,'278','0'),('1514',137,0,'278','1'),('1515',138,0,'278','1'),('1516',141,0,'278','1'),('1517',46,0,'279','1'),('1518',54,0,'279','1'),('1519',69,0,'279','1'),('1520',70,0,'279','0'),('1521',71,0,'279','0'),('1522',137,0,'279','1'),('1523',138,0,'279','1'),('1524',141,0,'279','1'),('1525',46,0,'280','1'),('1526',54,0,'280','1'),('1527',69,0,'280','1'),('1528',70,0,'280','0'),('1529',71,0,'280','0'),('1530',137,0,'280','1'),('1531',138,0,'280','1'),('1532',141,0,'280','1'),('1533',46,0,'281','1'),('1534',54,0,'281','1'),('1535',69,0,'281','1'),('1536',70,0,'281','0'),('1537',71,0,'281','0'),('1538',137,0,'281','1'),('1539',138,0,'281','1'),('1540',141,0,'281','1'),('1557',46,0,'284','1'),('1558',54,0,'284','1'),('1559',69,0,'284','1'),('1560',70,0,'284','0'),('1561',71,0,'284','0'),('1562',137,0,'284','1'),('1563',138,0,'284','1'),('1564',141,0,'284','1'),('1565',46,0,'285','1'),('1566',54,0,'285','1'),('1567',69,0,'285','1'),('1568',70,0,'285','0'),('1569',71,0,'285','0'),('1570',137,0,'285','1'),('1571',138,0,'285','1'),('1572',141,0,'285','1'),('1573',46,0,'286','1'),('1574',54,0,'286','1'),('1575',69,0,'286','1'),('1576',70,0,'286','0'),('1577',71,0,'286','0'),('1578',137,0,'286','1'),('1579',138,0,'286','1'),('1580',141,0,'286','1'),('1581',46,0,'287','1'),('1582',54,0,'287','1'),('1583',69,0,'287','1'),('1584',70,0,'287','0'),('1585',71,0,'287','0'),('1586',137,0,'287','1'),('1587',138,0,'287','1'),('1588',141,0,'287','1'),('1589',46,0,'288','1'),('1590',54,0,'288','1'),('1591',69,0,'288','1'),('1592',70,0,'288','0'),('1593',71,0,'288','0'),('1594',137,0,'288','1'),('1595',138,0,'288','1'),('1596',141,0,'288','1'),('1597',46,0,'289','1'),('1598',54,0,'289','1'),('1599',69,0,'289','1'),('1600',70,0,'289','0'),('1601',71,0,'289','0'),('1602',137,0,'289','1'),('1603',138,0,'289','1'),('1604',141,0,'289','1'),('1605',46,0,'290','1'),('1606',54,0,'290','1'),('1607',69,0,'290','1'),('1608',70,0,'290','0'),('1609',71,0,'290','0'),('1610',137,0,'290','1'),('1611',138,0,'290','1'),('1612',141,0,'290','1'),('1613',46,0,'291','1'),('1614',54,0,'291','1'),('1615',69,0,'291','1'),('1616',70,0,'291','0'),('1617',71,0,'291','0'),('1618',137,0,'291','1'),('1619',138,0,'291','1'),('1620',141,0,'291','1'),('1621',46,0,'292','1'),('1622',54,0,'292','1'),('1623',69,0,'292','1'),('1624',70,0,'292','0'),('1625',71,0,'292','0'),('1626',137,0,'292','1'),('1627',138,0,'292','1'),('1628',141,0,'292','1'),('1629',46,0,'293','1'),('1630',54,0,'293','1'),('1631',69,0,'293','1'),('1632',70,0,'293','0'),('1633',71,0,'293','0'),('1634',137,0,'293','1'),('1635',138,0,'293','1'),('1636',141,0,'293','1'),('1637',46,0,'294','1'),('1638',54,0,'294','1'),('1639',69,0,'294','1'),('1640',70,0,'294','0'),('1641',71,0,'294','0'),('1642',137,0,'294','1'),('1643',138,0,'294','1'),('1644',141,0,'294','1'),('1645',46,0,'295','1'),('1646',54,0,'295','1'),('1647',69,0,'295','1'),('1648',70,0,'295','0'),('1649',71,0,'295','0'),('1650',137,0,'295','1'),('1651',138,0,'295','1'),('1652',141,0,'295','1'),('1653',46,0,'296','1'),('1654',54,0,'296','1'),('1655',69,0,'296','1'),('1656',70,0,'296','0'),('1657',71,0,'296','0'),('1658',137,0,'296','1'),('1659',138,0,'296','1'),('1660',141,0,'296','1'),('1661',46,0,'297','1'),('1662',54,0,'297','1'),('1663',69,0,'297','1'),('1664',70,0,'297','0'),('1665',71,0,'297','0'),('1666',137,0,'297','1'),('1667',138,0,'297','1'),('1668',141,0,'297','1'),('1669',46,0,'298','1'),('1670',54,0,'298','1'),('1671',69,0,'298','1'),('1672',70,0,'298','0'),('1673',71,0,'298','0'),('1674',137,0,'298','1'),('1675',138,0,'298','1'),('1676',141,0,'298','1'),('1677',46,0,'299','1'),('1678',54,0,'299','1'),('1679',69,0,'299','1'),('1680',70,0,'299','0'),('1681',71,0,'299','0'),('1682',137,0,'299','1'),('1683',138,0,'299','1'),('1684',141,0,'299','1'),('1685',46,0,'300','1'),('1686',54,0,'300','1'),('1687',69,0,'300','1'),('1688',70,0,'300','0'),('1689',71,0,'300','0'),('1690',137,0,'300','1'),('1691',138,0,'300','1'),('1692',141,0,'300','1'),('1693',46,0,'301','1'),('1694',54,0,'301','1'),('1695',69,0,'301','1'),('1696',70,0,'301','0'),('1697',71,0,'301','0'),('1698',137,0,'301','1'),('1699',138,0,'301','1'),('1700',141,0,'301','1'),('1701',46,0,'302','1'),('1702',54,0,'302','1'),('1703',69,0,'302','1'),('1704',70,0,'302','0'),('1705',71,0,'302','0'),('1706',137,0,'302','1'),('1707',138,0,'302','1'),('1708',141,0,'302','1'),('1709',46,0,'303','1'),('1710',54,0,'303','1'),('1711',69,0,'303','1'),('1712',70,0,'303','0'),('1713',71,0,'303','0'),('1714',137,0,'303','1'),('1715',138,0,'303','1'),('1716',141,0,'303','1'),('1717',46,0,'304','1'),('1718',54,0,'304','1'),('1719',69,0,'304','1'),('1720',70,0,'304','0'),('1721',71,0,'304','0'),('1722',137,0,'304','1'),('1723',138,0,'304','1'),('1724',141,0,'304','1'),('1725',46,0,'305','1'),('1726',54,0,'305','1'),('1727',69,0,'305','1'),('1728',70,0,'305','0'),('1729',71,0,'305','0'),('1730',137,0,'305','1'),('1731',138,0,'305','1'),('1732',141,0,'305','1'),('1733',46,0,'306','1'),('1734',54,0,'306','1'),('1735',69,0,'306','1'),('1736',70,0,'306','0'),('1737',71,0,'306','0'),('1738',137,0,'306','1'),('1739',138,0,'306','1'),('1740',141,0,'306','1'),('1741',46,0,'307','1'),('1742',54,0,'307','1'),('1743',69,0,'307','1'),('1744',70,0,'307','0'),('1745',71,0,'307','0'),('1746',137,0,'307','1'),('1747',138,0,'307','1'),('1748',141,0,'307','1'),('1749',46,0,'308','1'),('1750',54,0,'308','1'),('1751',69,0,'308','1'),('1752',70,0,'308','0'),('1753',71,0,'308','0'),('1754',137,0,'308','1'),('1755',138,0,'308','1'),('1756',141,0,'308','1'),('1757',46,0,'309','1'),('1758',54,0,'309','1'),('1759',69,0,'309','1'),('1760',70,0,'309','0'),('1761',71,0,'309','0'),('1762',137,0,'309','1'),('1763',138,0,'309','1'),('1764',141,0,'309','1'),('1765',46,0,'310','1'),('1766',54,0,'310','1'),('1767',69,0,'310','1'),('1768',70,0,'310','0'),('1769',71,0,'310','0'),('1770',137,0,'310','1'),('1771',138,0,'310','1'),('1772',141,0,'310','1'),('1773',46,0,'311','1'),('1774',54,0,'311','1'),('1775',69,0,'311','1'),('1776',70,0,'311','0'),('1777',71,0,'311','0'),('1778',137,0,'311','1'),('1779',138,0,'311','1'),('1780',141,0,'311','1'),('1781',137,0,'223','1'),('1782',138,0,'223','1'),('1783',141,0,'223','1');

--
-- Table structure for table `catalog_category_entity_text`
--

CREATE TABLE `catalog_category_entity_text` (
  `value_id` int(11) NOT NULL AUTO_INCREMENT COMMENT 'Value ID',
  `attribute_id` smallint(5) unsigned NOT NULL DEFAULT '0' COMMENT 'Attribute ID',
  `store_id` smallint(5) unsigned NOT NULL DEFAULT '0' COMMENT 'Store ID',
  `entity_id` int(10) unsigned NOT NULL DEFAULT '0' COMMENT 'Entity ID',
  `value` text COMMENT 'Value',
  PRIMARY KEY (`value_id`),
  UNIQUE KEY `CATALOG_CATEGORY_ENTITY_TEXT_ENTITY_ID_ATTRIBUTE_ID_STORE_ID` (`entity_id`,`attribute_id`,`store_id`),
  KEY `CATALOG_CATEGORY_ENTITY_TEXT_ENTITY_ID` (`entity_id`),
  KEY `CATALOG_CATEGORY_ENTITY_TEXT_ATTRIBUTE_ID` (`attribute_id`),
  KEY `CATALOG_CATEGORY_ENTITY_TEXT_STORE_ID` (`store_id`)
) ENGINE=InnoDB DEFAULT CHARSET=utf8 COMMENT='Catalog Category Text Attribute Backend Table';

--
-- Table structure for table `catalog_category_entity_varchar`
--

CREATE TABLE `catalog_category_entity_varchar` (
  `value_id` int(11) NOT NULL AUTO_INCREMENT COMMENT 'Value ID',
  `attribute_id` smallint(5) unsigned NOT NULL DEFAULT '0' COMMENT 'Attribute ID',
  `store_id` smallint(5) unsigned NOT NULL DEFAULT '0' COMMENT 'Store ID',
  `entity_id` int(10) unsigned NOT NULL DEFAULT '0' COMMENT 'Entity ID',
  `value` varchar(255) DEFAULT NULL COMMENT 'Value',
  PRIMARY KEY (`value_id`),
  UNIQUE KEY `CATALOG_CATEGORY_ENTITY_VARCHAR_ENTITY_ID_ATTRIBUTE_ID_STORE_ID` (`entity_id`,`attribute_id`,`store_id`),
  KEY `CATALOG_CATEGORY_ENTITY_VARCHAR_ENTITY_ID` (`entity_id`),
  KEY `CATALOG_CATEGORY_ENTITY_VARCHAR_ATTRIBUTE_ID` (`attribute_id`),
  KEY `CATALOG_CATEGORY_ENTITY_VARCHAR_STORE_ID` (`store_id`)
) ENGINE=InnoDB AUTO_INCREMENT=1480 DEFAULT CHARSET=utf8 COMMENT='Catalog Category Varchar Attribute Backend Table';

--
-- Dumping data for table `catalog_category_entity_varchar`
--

INSERT INTO `catalog_category_entity_varchar` VALUES ('1',45,0,'1','Root Catalog'),('883',45,0,'213','Miscellaneous Category'),('884',52,0,'213','PRODUCTS'),('885',117,0,'213','miscellaneous-category'),('886',45,0,'214','Fashion & Clothing'),('887',52,0,'214','PRODUCTS'),('888',117,0,'214','clothing'),('889',118,0,'214','clothing'),('890',45,0,'215','Women'),('891',52,0,'215','PRODUCTS'),('892',117,0,'215','women'),('893',118,0,'215','clothing/women'),('894',45,0,'216','Men'),('895',52,0,'216','PRODUCTS'),('896',117,0,'216','men'),('897',118,0,'216','clothing/men'),('898',45,0,'217','Kids'),('899',52,0,'217','PRODUCTS'),('900',117,0,'217','kids'),('901',118,0,'217','clothing/kids'),('902',45,0,'218','Rings'),('903',52,0,'218','PRODUCTS'),('904',117,0,'218','rings'),('905',118,0,'218','clothing/rings'),('906',45,0,'219','Dresses'),('907',52,0,'219','PRODUCTS'),('908',117,0,'219','dresses'),('909',118,0,'219','clothing/women/dresses'),('910',45,0,'220','Shoes'),('911',52,0,'220','PRODUCTS'),('912',117,0,'220','shoes'),('913',118,0,'220','clothing/women/shoes'),('914',45,0,'221','Handbags'),('915',52,0,'221','PRODUCTS'),('916',117,0,'221','handbags'),('917',118,0,'221','clothing/women/handbags'),('918',45,0,'222','Clothing'),('919',52,0,'222','PRODUCTS'),('920',117,0,'222','clothing'),('921',118,0,'222','clothing/women/clothing'),('922',45,0,'223','Bags'),('923',52,0,'223','PRODUCTS'),('924',117,0,'223','bags'),('925',118,0,'223','clothing/men/bags'),('926',45,0,'224','Tops & Tees'),('927',52,0,'224','PRODUCTS'),('928',117,0,'224','tops-tees'),('929',118,0,'224','clothing/men/tops-tees'),('930',45,0,'225','Lingerie'),('931',52,0,'225','PRODUCTS'),('932',117,0,'225','lingerie'),('933',118,0,'225','clothing/men/lingerie'),('934',45,0,'226','jeans pants'),('935',52,0,'226','PRODUCTS'),('936',117,0,'226','jeans-pants'),('937',118,0,'226','clothing/men/jeans-pants'),('938',45,0,'227','bottoms'),('939',52,0,'227','PRODUCTS'),('940',117,0,'227','bottoms'),('941',118,0,'227','clothing/kids/bottoms'),('942',45,0,'228','Shoes'),('943',52,0,'228','PRODUCTS'),('944',117,0,'228','shoes'),('945',118,0,'228','clothing/kids/shoes'),('946',45,0,'229','Accessories'),('947',52,0,'229','PRODUCTS'),('948',117,0,'229','accessories'),('949',118,0,'229','clothing/kids/accessories'),('950',45,0,'230','Bags'),('951',52,0,'230','PRODUCTS'),('952',117,0,'230','bags'),('953',118,0,'230','clothing/kids/bags'),('954',45,0,'231','Dresses'),('955',52,0,'231','PRODUCTS'),('956',117,0,'231','dresses'),('957',118,0,'231','clothing/rings/dresses'),('958',45,0,'232','Accessories'),('959',52,0,'232','PRODUCTS'),('960',117,0,'232','accessories'),('961',118,0,'232','clothing/rings/accessories'),('962',45,0,'233','Trousers'),('963',52,0,'233','PRODUCTS'),('964',117,0,'233','trousers'),('965',118,0,'233','clothing/rings/trousers'),('966',45,0,'234','Shirts & Tee'),('967',52,0,'234','PRODUCTS'),('968',117,0,'234','shirts-tee'),('969',118,0,'234','clothing/rings/shirts-tee'),('991',45,0,'235','Electronics & Computer'),('992',52,0,'235','PRODUCTS'),('993',117,0,'235','electronics-computer'),('994',118,0,'235','electronics-computer'),('995',45,0,'236','Smart Phone'),('996',52,0,'236','PRODUCTS'),('997',117,0,'236','smart-phone'),('998',118,0,'236','electronics-computer/smart-phone'),('999',45,0,'237','Desktop'),('1000',52,0,'237','PRODUCTS'),('1001',117,0,'237','desktop'),('1002',118,0,'237','electronics-computer/desktop'),('1003',45,0,'238','Camera'),('1004',52,0,'238','PRODUCTS'),('1005',117,0,'238','camera'),('1006',118,0,'238','electronics-computer/camera'),('1007',45,0,'239','Apple'),('1008',52,0,'239','PRODUCTS'),('1009',117,0,'239','apple-phones'),('1010',118,0,'239','electronics-computer/smart-phone/apple-phones'),('1011',45,0,'240','Motorola'),('1012',52,0,'240','PRODUCTS'),('1013',117,0,'240','motorola-phones'),('1014',118,0,'240','electronics-computer/smart-phone/motorola-phones'),('1015',45,0,'241','Samsung'),('1016',52,0,'241','PRODUCTS'),('1017',117,0,'241','samsung-phones'),('1018',118,0,'241','electronics-computer/smart-phone/samsung-phones'),('1019',45,0,'242','Towers Only'),('1020',52,0,'242','PRODUCTS'),('1021',117,0,'242','towers-only'),('1022',118,0,'242','electronics-computer/desktop/towers-only'),('1023',45,0,'243','Gaming Desktops'),('1024',52,0,'243','PRODUCTS'),('1025',117,0,'243','gaming-desktops'),('1026',118,0,'243','electronics-computer/desktop/gaming-desktops'),('1027',45,0,'244','Canon'),('1028',52,0,'244','PRODUCTS'),('1029',117,0,'244','canon'),('1030',118,0,'244','electronics-computer/camera/canon'),('1031',45,0,'245','Samsung'),('1032',52,0,'245','PRODUCTS'),('1033',117,0,'245','samsung'),('1034',118,0,'245','electronics-computer/camera/samsung'),('1035',45,0,'246','Nikon'),('1036',52,0,'246','PRODUCTS'),('1037',117,0,'246','nikon'),('1038',118,0,'246','electronics-computer/camera/nikon'),('1039',45,0,'247','Memory Cards'),('1040',52,0,'247','PRODUCTS'),('1041',117,0,'247','memory-cards'),('1042',118,0,'247','electronics-computer/desktop/memory-cards'),('1043',45,0,'248','Decor & Furniture'),('1044',52,0,'248','PRODUCTS'),('1045',117,0,'248','decor-furniture'),('1046',118,0,'248','decor-furniture'),('1047',45,0,'249','Bedroom'),('1048',52,0,'249','PRODUCTS'),('1049',117,0,'249','bedroom'),('1050',118,0,'249','decor-furniture/bedroom'),('1051',45,0,'250','Living Room'),('1052',52,0,'250','PRODUCTS'),('1053',117,0,'250','living-room'),('1054',118,0,'250','decor-furniture/living-room'),('1055',45,0,'251','Platform Beds'),('1056',52,0,'251','PRODUCTS'),('1057',117,0,'251','platform-beds'),('1058',118,0,'251','decor-furniture/bedroom/platform-beds'),('1059',45,0,'252','Storage Beds'),('1060',52,0,'252','PRODUCTS'),('1061',117,0,'252','storage-beds'),('1062',118,0,'252','decor-furniture/bedroom/storage-beds'),('1063',45,0,'253','Brown Finish'),('1064',52,0,'253','PRODUCTS'),('1065',117,0,'253','brown-finish'),('1066',118,0,'253','decor-furniture/bedroom/brown-finish'),('1067',45,0,'254','Distressed'),('1068',52,0,'254','PRODUCTS'),('1069',117,0,'254','distressed'),('1070',118,0,'254','decor-furniture/bedroom/distressed'),('1071',45,0,'255','armchairs'),('1072',52,0,'255','PRODUCTS'),('1073',117,0,'255','armchairs'),('1074',118,0,'255','decor-furniture/living-room/armchairs'),('1075',45,0,'256','bedspread'),('1076',52,0,'256','PRODUCTS'),('1077',117,0,'256','bedspread'),('1078',118,0,'256','decor-furniture/living-room/bedspread'),('1079',45,0,'257','wardrobe'),('1080',52,0,'257','PRODUCTS'),('1081',117,0,'257','wardrobe'),('1082',118,0,'257','decor-furniture/living-room/wardrobe'),('1083',45,0,'258','trunk'),('1084',52,0,'258','PRODUCTS'),('1085',117,0,'258','trunk'),('1086',118,0,'258','decor-furniture/living-room/trunk'),('1087',45,0,'259','Toy, Kids & Baby'),('1088',52,0,'259','PRODUCTS'),('1089',117,0,'259','toy-kids-baby'),('1090',118,0,'259','toy-kids-baby'),('1091',45,0,'260','Home, Garden & Tools'),('1092',52,0,'260','PRODUCTS'),('1093',117,0,'260','home-garden-tools'),('1094',118,0,'260','home-garden-tools'),('1095',45,0,'261','Sport & Outdoors'),('1096',52,0,'261','PRODUCTS'),('1097',117,0,'261','sport-outdoors'),('1098',118,0,'261','sport-outdoors'),('1099',45,0,'262','Gifts, Parties & Holiday'),('1100',52,0,'262','PRODUCTS'),('1101',117,0,'262','gifts-parties-holiday'),('1102',118,0,'262','gifts-parties-holiday'),('1103',45,0,'263','Accessories'),('1104',52,0,'263','PRODUCTS'),('1105',117,0,'263','accessories'),('1106',118,0,'263','accessories'),('1128',135,0,'214','fas.jpg'),('1129',136,0,'214','1.png'),('1143',135,0,'235','elec.jpg'),('1144',136,0,'235','2.png'),('1156',135,0,'248','fur.jpg'),('1157',136,0,'248','5.png'),('1159',135,0,'259','kid.jpg'),('1160',136,0,'259','3.png'),('1162',135,0,'260','tool.jpg'),('1163',136,0,'260','4.png'),('1165',135,0,'261','sport.jpg'),('1166',136,0,'261','6.png'),('1168',136,0,'262','7.png'),('1170',136,0,'263','4.png'),('1184',48,0,'235','electronic.jpg'),('1196',45,0,'264','Apple'),('1197',52,0,'264','PRODUCTS'),('1198',117,0,'264','apple'),('1199',118,0,'264','electronics-computer/camera/apple'),('1200',45,0,'265','Toshiba'),('1201',52,0,'265','PRODUCTS'),('1202',117,0,'265','toshiba'),('1203',118,0,'265','electronics-computer/camera/toshiba'),('1204',45,0,'266','Hp'),('1205',52,0,'266','PRODUCTS'),('1206',117,0,'266','hp'),('1207',118,0,'266','electronics-computer/camera/hp'),('1208',45,0,'267','Nokia'),('1209',52,0,'267','PRODUCTS'),('1210',117,0,'267','nokia'),('1211',118,0,'267','electronics-computer/camera/nokia'),('1212',45,0,'268','Sony'),('1213',52,0,'268','PRODUCTS'),('1214',117,0,'268','sony'),('1215',118,0,'268','electronics-computer/camera/sony'),('1223',45,0,'269','HTC'),('1224',52,0,'269','PRODUCTS'),('1225',117,0,'269','htc'),('1226',118,0,'269','electronics-computer/smart-phone/htc'),('1227',45,0,'270','Sony'),('1228',52,0,'270','PRODUCTS'),('1229',117,0,'270','sony'),('1230',118,0,'270','electronics-computer/smart-phone/sony'),('1231',45,0,'271','S-Phone'),('1232',52,0,'271','PRODUCTS'),('1233',117,0,'271','s-phone'),('1234',118,0,'271','electronics-computer/smart-phone/s-phone'),('1235',45,0,'272','Asus'),('1236',52,0,'272','PRODUCTS'),('1237',117,0,'272','asus'),('1238',118,0,'272','electronics-computer/smart-phone/asus'),('1239',45,0,'273','Nokia'),('1240',52,0,'273','PRODUCTS'),('1241',117,0,'273','nokia'),('1242',118,0,'273','electronics-computer/smart-phone/nokia'),('1243',45,0,'274','Toy Gift Sets'),('1244',52,0,'274','PRODUCTS'),('1245',117,0,'274','toy-gift-sets'),('1246',118,0,'274','toy-kids-baby/toy-gift-sets'),('1249',45,0,'275','Teethers'),('1250',52,0,'275','PRODUCTS'),('1251',117,0,'275','teethers'),('1252',118,0,'275','toy-kids-baby/teethers'),('1253',45,0,'276','Teaching Clocks'),('1254',52,0,'276','PRODUCTS'),('1255',117,0,'276','teaching-clocks'),('1256',118,0,'276','toy-kids-baby/teaching-clocks'),('1257',45,0,'277','Bath Toys '),('1258',52,0,'277','PRODUCTS'),('1259',117,0,'277','bath-toys'),('1260',118,0,'277','toy-kids-baby/toy-gift-sets/bath-toys'),('1261',45,0,'278','Balls'),('1262',52,0,'278','PRODUCTS'),('1263',117,0,'278','balls'),('1264',118,0,'278','toy-kids-baby/toy-gift-sets/balls'),('1265',45,0,'279','Mirrors'),('1266',52,0,'279','PRODUCTS'),('1267',117,0,'279','mirrors'),('1268',118,0,'279','toy-kids-baby/toy-gift-sets/mirrors'),('1269',45,0,'280','Rattles'),('1270',52,0,'280','PRODUCTS'),('1271',117,0,'280','rattles'),('1272',118,0,'280','toy-kids-baby/teethers/rattles'),('1273',45,0,'281','Shape Sorters'),('1274',52,0,'281','PRODUCTS'),('1275',117,0,'281','shape-sorters'),('1276',118,0,'281','toy-kids-baby/teethers/shape-sorters'),('1285',45,0,'284','Stick Horses'),('1286',52,0,'284','PRODUCTS'),('1287',117,0,'284','stick-horses'),('1288',118,0,'284','toy-kids-baby/teethers/stick-horses'),('1289',45,0,'285','Spinning Tops'),('1290',52,0,'285','PRODUCTS'),('1291',117,0,'285','spinning-tops'),('1292',118,0,'285','toy-kids-baby/teaching-clocks/spinning-tops'),('1293',45,0,'286','Crib Toys'),('1294',52,0,'286','PRODUCTS'),('1295',117,0,'286','crib-toys'),('1296',118,0,'286','toy-kids-baby/teaching-clocks/crib-toys'),('1297',45,0,'287','Car Seat'),('1298',52,0,'287','PRODUCTS'),('1299',117,0,'287','car-seat'),('1300',118,0,'287','toy-kids-baby/teaching-clocks/car-seat'),('1301',45,0,'288','Digging Tools'),('1302',52,0,'288','PRODUCTS'),('1303',117,0,'288','digging-tools'),('1304',118,0,'288','home-garden-tools/digging-tools'),('1305',45,0,'289','Rakes'),('1306',52,0,'289','PRODUCTS'),('1307',117,0,'289','rakes'),('1308',118,0,'289','home-garden-tools/rakes'),('1309',45,0,'290','Striking Tools'),('1310',52,0,'290','PRODUCTS'),('1311',117,0,'290','striking-tools'),('1312',118,0,'290','home-garden-tools/striking-tools'),('1313',45,0,'291','Round Shovels'),('1314',52,0,'291','PRODUCTS'),('1315',117,0,'291','round-shovels'),('1316',118,0,'291','home-garden-tools/digging-tools/round-shovels'),('1317',45,0,'292','Square Shovels'),('1318',52,0,'292','PRODUCTS'),('1319',117,0,'292','square-shovels'),('1320',118,0,'292','home-garden-tools/digging-tools/square-shovels'),('1321',45,0,'293','Spades'),('1322',52,0,'293','PRODUCTS'),('1323',117,0,'293','spades'),('1324',118,0,'293','home-garden-tools/digging-tools/spades'),('1326',45,0,'294','Leaf Rakes'),('1327',52,0,'294','PRODUCTS'),('1328',117,0,'294','leaf-rakes'),('1329',118,0,'294','home-garden-tools/rakes/leaf-rakes'),('1330',45,0,'295','Landscaping Rakes'),('1331',52,0,'295','PRODUCTS'),('1332',117,0,'295','landscaping-rakes'),('1333',118,0,'295','home-garden-tools/rakes/landscaping-rakes'),('1334',45,0,'296','Shrub Rakes'),('1335',52,0,'296','PRODUCTS'),('1336',117,0,'296','shrub-rakes'),('1337',118,0,'296','home-garden-tools/rakes/shrub-rakes'),('1338',45,0,'297','Sledge Hammers'),('1339',52,0,'297','PRODUCTS'),('1340',117,0,'297','sledge-hammers'),('1341',118,0,'297','home-garden-tools/striking-tools/sledge-hammers'),('1342',45,0,'298','Axes'),('1343',52,0,'298','PRODUCTS'),('1344',117,0,'298','axes'),('1345',118,0,'298','home-garden-tools/striking-tools/axes'),('1346',45,0,'299','Mallets'),('1347',52,0,'299','PRODUCTS'),('1348',117,0,'299','mallets'),('1349',118,0,'299','home-garden-tools/striking-tools/mallets'),('1350',45,0,'300','Outdoor Apparel'),('1351',52,0,'300','PRODUCTS'),('1352',117,0,'300','outdoor-apparel'),('1353',118,0,'300','sport-outdoors/outdoor-apparel'),('1354',45,0,'301','Skis & Snowboards'),('1355',52,0,'301','PRODUCTS'),('1356',117,0,'301','skis-snowboards'),('1357',118,0,'301','sport-outdoors/skis-snowboards'),('1358',45,0,'302','Bikes'),('1359',52,0,'302','PRODUCTS'),('1360',117,0,'302','bikes'),('1361',118,0,'302','sport-outdoors/bikes'),('1362',45,0,'303','Base Layer'),('1363',52,0,'303','PRODUCTS'),('1364',117,0,'303','base-layer'),('1365',118,0,'303','sport-outdoors/outdoor-apparel/base-layer'),('1368',45,0,'304','Mid-Layers'),('1369',52,0,'304','PRODUCTS'),('1370',117,0,'304','mid-layers'),('1371',118,0,'304','sport-outdoors/outdoor-apparel/mid-layers'),('1372',45,0,'305','Shells'),('1373',52,0,'305','PRODUCTS'),('1374',117,0,'305','shells'),('1375',118,0,'305','sport-outdoors/outdoor-apparel/shells'),('1376',45,0,'306','Nordica Enforcer 93'),('1377',52,0,'306','PRODUCTS'),('1378',117,0,'306','nordica-enforcer-93'),('1379',118,0,'306','sport-outdoors/skis-snowboards/nordica-enforcer-93'),('1380',45,0,'307','Stockli Laser AX'),('1381',52,0,'307','PRODUCTS'),('1382',117,0,'307','stockli-laser-ax'),('1383',118,0,'307','sport-outdoors/skis-snowboards/stockli-laser-ax'),('1384',45,0,'308','Salomon QST'),('1385',52,0,'308','PRODUCTS'),('1386',117,0,'308','salomon-qst'),('1387',118,0,'308','sport-outdoors/skis-snowboards/salomon-qst'),('1388',45,0,'309','Wheels'),('1389',52,0,'309','PRODUCTS'),('1390',117,0,'309','wheels'),('1391',118,0,'309','sport-outdoors/bikes/wheels'),('1392',45,0,'310','Winter'),('1393',52,0,'310','PRODUCTS'),('1394',117,0,'310','winter'),('1395',118,0,'310','sport-outdoors/bikes/winter'),('1396',45,0,'311','Grid'),('1397',52,0,'311','PRODUCTS'),('1398',117,0,'311','grid'),('1399',118,0,'311','sport-outdoors/bikes/grid'),('1423',48,0,'214','electronic.jpg'),('1435',48,0,'248','electronic.jpg'),('1449',48,0,'259','electronic.jpg'),('1463',48,0,'260','electronic.jpg'),('1477',48,0,'261','electronic.jpg'),('1479',48,0,'262','electronic.jpg');

--
-- Table structure for table `catalog_category_product`
--

CREATE TABLE `catalog_category_product` (
  `entity_id` int(11) NOT NULL AUTO_INCREMENT COMMENT 'Entity ID',
  `category_id` int(10) unsigned NOT NULL DEFAULT '0' COMMENT 'Category ID',
  `product_id` int(10) unsigned NOT NULL DEFAULT '0' COMMENT 'Product ID',
  `position` int(11) NOT NULL DEFAULT '0' COMMENT 'Position',
  PRIMARY KEY (`entity_id`,`category_id`,`product_id`),
  UNIQUE KEY `CATALOG_CATEGORY_PRODUCT_CATEGORY_ID_PRODUCT_ID` (`category_id`,`product_id`),
  KEY `CATALOG_CATEGORY_PRODUCT_PRODUCT_ID` (`product_id`)
) ENGINE=InnoDB AUTO_INCREMENT=235 DEFAULT CHARSET=utf8 COMMENT='Catalog Product To Category Linkage Table';

--
-- Dumping data for table `catalog_category_product`
--

INSERT INTO `catalog_category_product` VALUES ('1','215','1','0'),('2','215','2','0'),('3','215','7','0'),('4','215','9','0'),('5','215','10','0'),('6','215','17','0'),('7','215','18','0'),('8','215','19','0'),('9','216','10','0'),('10','216','17','0'),('11','216','18','0'),('12','216','19','0'),('13','216','20','0'),('14','216','21','0'),('15','216','22','0'),('16','217','1','0'),('17','217','2','0'),('18','217','7','0'),('19','217','9','0'),('20','217','10','0'),('21','217','17','0'),('22','217','18','0'),('23','217','19','0'),('24','217','20','0'),('25','218','10','0'),('26','218','17','0'),('27','218','18','0'),('28','218','19','0'),('29','218','20','0'),('30','218','21','0'),('31','218','22','0'),('32','236','36','0'),('33','236','37','0'),('34','236','38','0'),('35','236','39','0'),('36','236','40','0'),('37','236','41','0'),('38','236','42','0'),('39','237','38','0'),('40','237','39','0'),('41','237','40','0'),('42','237','41','0'),('43','237','42','0'),('44','237','43','0'),('45','237','44','0'),('46','237','45','0'),('47','238','36','0'),('48','238','37','0'),('49','238','38','0'),('50','238','39','0'),('51','238','40','0'),('52','238','41','0'),('53','238','42','0'),('54','238','43','0'),('55','249','23','0'),('56','249','24','0'),('57','249','25','0'),('58','249','26','0'),('59','249','27','0'),('60','249','28','0'),('61','249','29','0'),('62','250','26','0'),('63','250','27','0'),('64','250','28','0'),('65','250','29','0'),('66','250','33','0'),('67','250','34','0'),('68','250','35','0'),('69','259','1','0'),('70','259','2','0'),('71','259','7','0'),('72','259','9','0'),('73','259','10','0'),('74','259','17','0'),('75','259','18','0'),('76','259','19','0'),('77','259','20','0'),('78','259','21','0'),('79','259','22','0'),('80','259','23','0'),('81','259','24','0'),('82','259','25','0'),('83','259','26','0'),('84','259','27','0'),('85','259','28','0'),('86','259','29','0'),('87','259','33','0'),('88','259','34','0'),('89','259','35','0'),('90','259','36','0'),('91','259','37','0'),('92','259','38','0'),('93','259','39','0'),('94','259','40','0'),('95','259','41','0'),('96','259','42','0'),('97','259','43','0'),('98','259','44','0'),('99','259','45','0'),('100','260','1','0'),('101','260','2','0'),('102','260','7','0'),('103','260','9','0'),('104','260','10','0'),('105','260','17','0'),('106','260','18','0'),('107','260','19','0'),('108','260','20','0'),('109','260','21','0'),('110','260','22','0'),('111','260','23','0'),('112','260','24','0'),('113','260','25','0'),('114','260','26','0'),('115','260','27','0'),('116','260','28','0'),('117','260','29','0'),('118','260','33','0'),('119','260','34','0'),('120','260','35','0'),('121','260','36','0'),('122','260','37','0'),('123','260','38','0'),('124','260','39','0'),('125','260','40','0'),('126','260','41','0'),('127','260','42','0'),('128','260','43','0'),('129','260','44','0'),('130','260','45','0'),('131','261','1','0'),('132','261','2','0'),('133','261','7','0'),('134','261','9','0'),('135','261','10','0'),('136','261','17','0'),('137','261','18','0'),('138','261','19','0'),('139','261','20','0'),('140','261','21','0'),('141','261','22','0'),('142','261','23','0'),('143','261','24','0'),('144','261','25','0'),('145','261','26','0'),('146','261','27','0'),('147','261','28','0'),('148','261','29','0'),('149','261','33','0'),('150','261','34','0'),('151','261','35','0'),('152','261','36','0'),('153','261','37','0'),('154','261','38','0'),('155','261','39','0'),('156','261','40','0'),('157','261','41','0'),('158','261','42','0'),('159','261','43','0'),('160','261','44','0'),('161','261','45','0'),('162','262','1','0'),('163','262','2','0'),('164','262','7','0'),('165','262','9','0'),('166','262','10','0'),('167','262','17','0'),('168','262','18','0'),('169','262','19','0'),('170','262','20','0'),('171','262','21','0'),('172','262','22','0'),('173','262','23','0'),('174','262','24','0'),('175','262','25','0'),('176','262','26','0'),('177','262','27','0'),('178','262','28','0'),('179','262','29','0'),('180','262','33','0'),('181','262','34','0'),('182','262','35','0'),('183','262','36','0'),('184','262','37','0'),('185','262','38','0'),('186','262','39','0'),('187','262','40','0'),('188','262','41','0'),('189','262','42','0'),('190','262','43','0'),('191','262','44','0'),('192','262','45','0'),('193','263','1','0'),('194','263','2','0'),('195','263','7','0'),('196','263','9','0'),('197','263','10','0'),('198','263','17','0'),('199','263','18','0'),('200','263','19','0'),('201','263','20','0'),('202','263','21','0'),('203','263','22','0'),('204','263','23','0'),('205','263','24','0'),('206','263','25','0'),('207','263','26','0'),('208','263','27','0'),('209','263','28','0'),('210','263','29','0'),('211','263','33','0'),('212','263','34','0'),('213','263','35','0'),('214','263','36','0'),('215','263','37','0'),('216','263','38','0'),('217','263','39','0'),('218','263','40','0'),('219','263','41','0'),('220','263','42','0'),('221','263','43','0'),('222','263','44','0'),('223','263','45','0'),('224','223','22','0'),('225','223','23','0'),('226','223','24','0'),('227','223','25','0'),('228','239','26','0'),('229','239','33','0'),('230','239','34','0'),('231','239','38','0'),('232','239','39','0'),('233','239','40','0'),('234','239','45','0');

--
-- Table structure for table `catalog_category_product_index`
--

CREATE TABLE `catalog_category_product_index` (
  `category_id` int(10) unsigned NOT NULL DEFAULT '0' COMMENT 'Category ID',
  `product_id` int(10) unsigned NOT NULL DEFAULT '0' COMMENT 'Product ID',
  `position` int(11) DEFAULT NULL COMMENT 'Position',
  `is_parent` smallint(5) unsigned NOT NULL DEFAULT '0' COMMENT 'Is Parent',
  `store_id` smallint(5) unsigned NOT NULL DEFAULT '0' COMMENT 'Store ID',
  `visibility` smallint(5) unsigned NOT NULL COMMENT 'Visibility',
  PRIMARY KEY (`category_id`,`product_id`,`store_id`),
  KEY `CAT_CTGR_PRD_IDX_PRD_ID_STORE_ID_CTGR_ID_VISIBILITY` (`product_id`,`store_id`,`category_id`,`visibility`),
  KEY `CAT_CTGR_PRD_IDX_STORE_ID_CTGR_ID_VISIBILITY_IS_PARENT_POSITION` (`store_id`,`category_id`,`visibility`,`is_parent`,`position`)
) ENGINE=InnoDB DEFAULT CHARSET=utf8 COMMENT='Catalog Category Product Index';

--
-- Dumping data for table `catalog_category_product_index`
--

INSERT INTO `catalog_category_product_index` VALUES ('213','1','10000',0,1,4),('213','2','10000',0,1,4),('213','9','10000',0,1,4),('213','10','10000',0,1,4),('213','17','10000',0,1,4),('213','18','10000',0,1,4),('213','19','10000',0,1,4),('213','20','10000',0,1,4),('213','21','10000',0,1,4),('213','23','10000',0,1,4),('213','24','10000',0,1,4),('213','25','10000',0,1,4),('213','26','10000',0,1,4),('213','27','10000',0,1,4),('213','28','10000',0,1,4),('213','29','10000',0,1,4),('213','33','10000',0,1,4),('213','34','10000',0,1,4),('213','35','10000',0,1,4),('213','36','10000',0,1,4),('213','37','10000',0,1,4),('213','38','10000',0,1,4),('213','39','10000',0,1,4),('213','40','10000',0,1,4),('213','41','10000',0,1,4),('213','42','10000',0,1,4),('213','43','10000',0,1,4),('213','44','10000',0,1,4),('213','45','10000',0,1,4),('214','1','10000',0,1,4),('214','2','10000',0,1,4),('214','9','10000',0,1,4),('214','10','10000',0,1,4),('214','17','10000',0,1,4),('214','18','10000',0,1,4),('214','19','10000',0,1,4),('214','20','10000',0,1,4),('214','21','10000',0,1,4),('214','23','10000',0,1,4),('214','24','10000',0,1,4),('214','25','10000',0,1,4),('215','1','0',1,1,4),('215','2','0',1,1,4),('215','9','0',1,1,4),('215','10','0',1,1,4),('215','17','0',1,1,4),('215','18','0',1,1,4),('215','19','0',1,1,4),('216','23','10000',0,1,4),('216','24','10000',0,1,4),('216','25','10000',0,1,4),('216','10','0',1,1,4),('216','17','0',1,1,4),('216','18','0',1,1,4),('216','19','0',1,1,4),('216','20','0',1,1,4),('216','21','0',1,1,4),('217','1','0',1,1,4),('217','2','0',1,1,4),('217','9','0',1,1,4),('217','10','0',1,1,4),('217','17','0',1,1,4),('217','18','0',1,1,4),('217','19','0',1,1,4),('217','20','0',1,1,4),('218','10','0',1,1,4),('218','17','0',1,1,4),('218','18','0',1,1,4),('218','19','0',1,1,4),('218','20','0',1,1,4),('218','21','0',1,1,4),('223','23','0',1,1,4),('223','24','0',1,1,4),('223','25','0',1,1,4),('235','26','10000',0,1,4),('235','33','10000',0,1,4),('235','34','10000',0,1,4),('235','36','10000',0,1,4),('235','37','10000',0,1,4),('235','38','10000',0,1,4),('235','39','10000',0,1,4),('235','40','10000',0,1,4),('235','41','10000',0,1,4),('235','42','10000',0,1,4),('235','43','10000',0,1,4),('235','44','10000',0,1,4),('235','45','10000',0,1,4),('236','26','10000',0,1,4),('236','33','10000',0,1,4),('236','34','10000',0,1,4),('236','45','10000',0,1,4),('236','36','0',1,1,4),('236','37','0',1,1,4),('236','38','0',1,1,4),('236','39','0',1,1,4),('236','40','0',1,1,4),('236','41','0',1,1,4),('236','42','0',1,1,4),('237','38','0',1,1,4),('237','39','0',1,1,4),('237','40','0',1,1,4),('237','41','0',1,1,4),('237','42','0',1,1,4),('237','43','0',1,1,4),('237','44','0',1,1,4),('237','45','0',1,1,4),('238','36','0',1,1,4),('238','37','0',1,1,4),('238','38','0',1,1,4),('238','39','0',1,1,4),('238','40','0',1,1,4),('238','41','0',1,1,4),('238','42','0',1,1,4),('238','43','0',1,1,4),('239','26','0',1,1,4),('239','33','0',1,1,4),('239','34','0',1,1,4),('239','38','0',1,1,4),('239','39','0',1,1,4),('239','40','0',1,1,4),('239','45','0',1,1,4),('248','23','10000',0,1,4),('248','24','10000',0,1,4),('248','25','10000',0,1,4),('248','26','10000',0,1,4),('248','27','10000',0,1,4),('248','28','10000',0,1,4),('248','29','10000',0,1,4),('248','33','10000',0,1,4),('248','34','10000',0,1,4),('248','35','10000',0,1,4),('249','23','0',1,1,4),('249','24','0',1,1,4),('249','25','0',1,1,4),('249','26','0',1,1,4),('249','27','0',1,1,4),('249','28','0',1,1,4),('249','29','0',1,1,4),('250','26','0',1,1,4),('250','27','0',1,1,4),('250','28','0',1,1,4),('250','29','0',1,1,4),('250','33','0',1,1,4),('250','34','0',1,1,4),('250','35','0',1,1,4),('259','1','0',1,1,4),('259','2','0',1,1,4),('259','9','0',1,1,4),('259','10','0',1,1,4),('259','17','0',1,1,4),('259','18','0',1,1,4),('259','19','0',1,1,4),('259','20','0',1,1,4),('259','21','0',1,1,4),('259','23','0',1,1,4),('259','24','0',1,1,4),('259','25','0',1,1,4),('259','26','0',1,1,4),('259','27','0',1,1,4),('259','28','0',1,1,4),('259','29','0',1,1,4),('259','33','0',1,1,4),('259','34','0',1,1,4),('259','35','0',1,1,4),('259','36','0',1,1,4),('259','37','0',1,1,4),('259','38','0',1,1,4),('259','39','0',1,1,4),('259','40','0',1,1,4),('259','41','0',1,1,4),('259','42','0',1,1,4),('259','43','0',1,1,4),('259','44','0',1,1,4),('259','45','0',1,1,4),('260','1','0',1,1,4),('260','2','0',1,1,4),('260','9','0',1,1,4),('260','10','0',1,1,4),('260','17','0',1,1,4),('260','18','0',1,1,4),('260','19','0',1,1,4),('260','20','0',1,1,4),('260','21','0',1,1,4),('260','23','0',1,1,4),('260','24','0',1,1,4),('260','25','0',1,1,4),('260','26','0',1,1,4),('260','27','0',1,1,4),('260','28','0',1,1,4),('260','29','0',1,1,4),('260','33','0',1,1,4),('260','34','0',1,1,4),('260','35','0',1,1,4),('260','36','0',1,1,4),('260','37','0',1,1,4),('260','38','0',1,1,4),('260','39','0',1,1,4),('260','40','0',1,1,4),('260','41','0',1,1,4),('260','42','0',1,1,4),('260','43','0',1,1,4),('260','44','0',1,1,4),('260','45','0',1,1,4),('261','1','0',1,1,4),('261','2','0',1,1,4),('261','9','0',1,1,4),('261','10','0',1,1,4),('261','17','0',1,1,4),('261','18','0',1,1,4),('261','19','0',1,1,4),('261','20','0',1,1,4),('261','21','0',1,1,4),('261','23','0',1,1,4),('261','24','0',1,1,4),('261','25','0',1,1,4),('261','26','0',1,1,4),('261','27','0',1,1,4),('261','28','0',1,1,4),('261','29','0',1,1,4),('261','33','0',1,1,4),('261','34','0',1,1,4),('261','35','0',1,1,4),('261','36','0',1,1,4),('261','37','0',1,1,4),('261','38','0',1,1,4),('261','39','0',1,1,4),('261','40','0',1,1,4),('261','41','0',1,1,4),('261','42','0',1,1,4),('261','43','0',1,1,4),('261','44','0',1,1,4),('261','45','0',1,1,4),('262','1','0',1,1,4),('262','2','0',1,1,4),('262','9','0',1,1,4),('262','10','0',1,1,4),('262','17','0',1,1,4),('262','18','0',1,1,4),('262','19','0',1,1,4),('262','20','0',1,1,4),('262','21','0',1,1,4),('262','23','0',1,1,4),('262','24','0',1,1,4),('262','25','0',1,1,4),('262','26','0',1,1,4),('262','27','0',1,1,4),('262','28','0',1,1,4),('262','29','0',1,1,4),('262','33','0',1,1,4),('262','34','0',1,1,4),('262','35','0',1,1,4),('262','36','0',1,1,4),('262','37','0',1,1,4),('262','38','0',1,1,4),('262','39','0',1,1,4),('262','40','0',1,1,4),('262','41','0',1,1,4),('262','42','0',1,1,4),('262','43','0',1,1,4),('262','44','0',1,1,4),('262','45','0',1,1,4),('263','1','0',1,1,4),('263','2','0',1,1,4),('263','9','0',1,1,4),('263','10','0',1,1,4),('263','17','0',1,1,4),('263','18','0',1,1,4),('263','19','0',1,1,4),('263','20','0',1,1,4),('263','21','0',1,1,4),('263','23','0',1,1,4),('263','24','0',1,1,4),('263','25','0',1,1,4),('263','26','0',1,1,4),('263','27','0',1,1,4),('263','28','0',1,1,4),('263','29','0',1,1,4),('263','33','0',1,1,4),('263','34','0',1,1,4),('263','35','0',1,1,4),('263','36','0',1,1,4),('263','37','0',1,1,4),('263','38','0',1,1,4),('263','39','0',1,1,4),('263','40','0',1,1,4),('263','41','0',1,1,4),('263','42','0',1,1,4),('263','43','0',1,1,4),('263','44','0',1,1,4),('263','45','0',1,1,4),('213','1','10000',0,2,4),('213','2','10000',0,2,4),('213','9','10000',0,2,4),('213','10','10000',0,2,4),('213','17','10000',0,2,4),('213','18','10000',0,2,4),('213','19','10000',0,2,4),('213','20','10000',0,2,4),('213','21','10000',0,2,4),('213','23','10000',0,2,4),('213','24','10000',0,2,4),('213','25','10000',0,2,4),('213','26','10000',0,2,4),('213','27','10000',0,2,4),('213','28','10000',0,2,4),('213','29','10000',0,2,4),('213','33','10000',0,2,4),('213','34','10000',0,2,4),('213','35','10000',0,2,4),('213','36','10000',0,2,4),('213','37','10000',0,2,4),('213','38','10000',0,2,4),('213','39','10000',0,2,4),('213','40','10000',0,2,4),('213','41','10000',0,2,4),('213','42','10000',0,2,4),('213','43','10000',0,2,4),('213','44','10000',0,2,4),('213','45','10000',0,2,4),('214','1','10000',0,2,4),('214','2','10000',0,2,4),('214','9','10000',0,2,4),('214','10','10000',0,2,4),('214','17','10000',0,2,4),('214','18','10000',0,2,4),('214','19','10000',0,2,4),('214','20','10000',0,2,4),('214','21','10000',0,2,4),('214','23','10000',0,2,4),('214','24','10000',0,2,4),('214','25','10000',0,2,4),('215','1','0',1,2,4),('215','2','0',1,2,4),('215','9','0',1,2,4),('215','10','0',1,2,4),('215','17','0',1,2,4),('215','18','0',1,2,4),('215','19','0',1,2,4),('216','23','10000',0,2,4),('216','24','10000',0,2,4),('216','25','10000',0,2,4),('216','10','0',1,2,4),('216','17','0',1,2,4),('216','18','0',1,2,4),('216','19','0',1,2,4),('216','20','0',1,2,4),('216','21','0',1,2,4),('217','1','0',1,2,4),('217','2','0',1,2,4),('217','9','0',1,2,4),('217','10','0',1,2,4),('217','17','0',1,2,4),('217','18','0',1,2,4),('217','19','0',1,2,4),('217','20','0',1,2,4),('218','10','0',1,2,4),('218','17','0',1,2,4),('218','18','0',1,2,4),('218','19','0',1,2,4),('218','20','0',1,2,4),('218','21','0',1,2,4),('223','23','0',1,2,4),('223','24','0',1,2,4),('223','25','0',1,2,4),('235','26','10000',0,2,4),('235','33','10000',0,2,4),('235','34','10000',0,2,4),('235','36','10000',0,2,4),('235','37','10000',0,2,4),('235','38','10000',0,2,4),('235','39','10000',0,2,4),('235','40','10000',0,2,4),('235','41','10000',0,2,4),('235','42','10000',0,2,4),('235','43','10000',0,2,4),('235','44','10000',0,2,4),('235','45','10000',0,2,4),('236','26','10000',0,2,4),('236','33','10000',0,2,4),('236','34','10000',0,2,4),('236','45','10000',0,2,4),('236','36','0',1,2,4),('236','37','0',1,2,4),('236','38','0',1,2,4),('236','39','0',1,2,4),('236','40','0',1,2,4),('236','41','0',1,2,4),('236','42','0',1,2,4),('237','38','0',1,2,4),('237','39','0',1,2,4),('237','40','0',1,2,4),('237','41','0',1,2,4),('237','42','0',1,2,4),('237','43','0',1,2,4),('237','44','0',1,2,4),('237','45','0',1,2,4),('238','36','0',1,2,4),('238','37','0',1,2,4),('238','38','0',1,2,4),('238','39','0',1,2,4),('238','40','0',1,2,4),('238','41','0',1,2,4),('238','42','0',1,2,4),('238','43','0',1,2,4),('239','26','0',1,2,4),('239','33','0',1,2,4),('239','34','0',1,2,4),('239','38','0',1,2,4),('239','39','0',1,2,4),('239','40','0',1,2,4),('239','45','0',1,2,4),('248','23','10000',0,2,4),('248','24','10000',0,2,4),('248','25','10000',0,2,4),('248','26','10000',0,2,4),('248','27','10000',0,2,4),('248','28','10000',0,2,4),('248','29','10000',0,2,4),('248','33','10000',0,2,4),('248','34','10000',0,2,4),('248','35','10000',0,2,4),('249','23','0',1,2,4),('249','24','0',1,2,4),('249','25','0',1,2,4),('249','26','0',1,2,4),('249','27','0',1,2,4),('249','28','0',1,2,4),('249','29','0',1,2,4),('250','26','0',1,2,4),('250','27','0',1,2,4),('250','28','0',1,2,4),('250','29','0',1,2,4),('250','33','0',1,2,4),('250','34','0',1,2,4),('250','35','0',1,2,4),('259','1','0',1,2,4),('259','2','0',1,2,4),('259','9','0',1,2,4),('259','10','0',1,2,4),('259','17','0',1,2,4),('259','18','0',1,2,4),('259','19','0',1,2,4),('259','20','0',1,2,4),('259','21','0',1,2,4),('259','23','0',1,2,4),('259','24','0',1,2,4),('259','25','0',1,2,4),('259','26','0',1,2,4),('259','27','0',1,2,4),('259','28','0',1,2,4),('259','29','0',1,2,4),('259','33','0',1,2,4),('259','34','0',1,2,4),('259','35','0',1,2,4),('259','36','0',1,2,4),('259','37','0',1,2,4),('259','38','0',1,2,4),('259','39','0',1,2,4),('259','40','0',1,2,4),('259','41','0',1,2,4),('259','42','0',1,2,4),('259','43','0',1,2,4),('259','44','0',1,2,4),('259','45','0',1,2,4),('260','1','0',1,2,4),('260','2','0',1,2,4),('260','9','0',1,2,4),('260','10','0',1,2,4),('260','17','0',1,2,4),('260','18','0',1,2,4),('260','19','0',1,2,4),('260','20','0',1,2,4),('260','21','0',1,2,4),('260','23','0',1,2,4),('260','24','0',1,2,4),('260','25','0',1,2,4),('260','26','0',1,2,4),('260','27','0',1,2,4),('260','28','0',1,2,4),('260','29','0',1,2,4),('260','33','0',1,2,4),('260','34','0',1,2,4),('260','35','0',1,2,4),('260','36','0',1,2,4),('260','37','0',1,2,4),('260','38','0',1,2,4),('260','39','0',1,2,4),('260','40','0',1,2,4),('260','41','0',1,2,4),('260','42','0',1,2,4),('260','43','0',1,2,4),('260','44','0',1,2,4),('260','45','0',1,2,4),('261','1','0',1,2,4),('261','2','0',1,2,4),('261','9','0',1,2,4),('261','10','0',1,2,4),('261','17','0',1,2,4),('261','18','0',1,2,4),('261','19','0',1,2,4),('261','20','0',1,2,4),('261','21','0',1,2,4),('261','23','0',1,2,4),('261','24','0',1,2,4),('261','25','0',1,2,4),('261','26','0',1,2,4),('261','27','0',1,2,4),('261','28','0',1,2,4),('261','29','0',1,2,4),('261','33','0',1,2,4),('261','34','0',1,2,4),('261','35','0',1,2,4),('261','36','0',1,2,4),('261','37','0',1,2,4),('261','38','0',1,2,4),('261','39','0',1,2,4),('261','40','0',1,2,4),('261','41','0',1,2,4),('261','42','0',1,2,4),('261','43','0',1,2,4),('261','44','0',1,2,4),('261','45','0',1,2,4),('262','1','0',1,2,4),('262','2','0',1,2,4),('262','9','0',1,2,4),('262','10','0',1,2,4),('262','17','0',1,2,4),('262','18','0',1,2,4),('262','19','0',1,2,4),('262','20','0',1,2,4),('262','21','0',1,2,4),('262','23','0',1,2,4),('262','24','0',1,2,4),('262','25','0',1,2,4),('262','26','0',1,2,4),('262','27','0',1,2,4),('262','28','0',1,2,4),('262','29','0',1,2,4),('262','33','0',1,2,4),('262','34','0',1,2,4),('262','35','0',1,2,4),('262','36','0',1,2,4),('262','37','0',1,2,4),('262','38','0',1,2,4),('262','39','0',1,2,4),('262','40','0',1,2,4),('262','41','0',1,2,4),('262','42','0',1,2,4),('262','43','0',1,2,4),('262','44','0',1,2,4),('262','45','0',1,2,4),('263','1','0',1,2,4),('263','2','0',1,2,4),('263','9','0',1,2,4),('263','10','0',1,2,4),('263','17','0',1,2,4),('263','18','0',1,2,4),('263','19','0',1,2,4),('263','20','0',1,2,4),('263','21','0',1,2,4),('263','23','0',1,2,4),('263','24','0',1,2,4),('263','25','0',1,2,4),('263','26','0',1,2,4),('263','27','0',1,2,4),('263','28','0',1,2,4),('263','29','0',1,2,4),('263','33','0',1,2,4),('263','34','0',1,2,4),('263','35','0',1,2,4),('263','36','0',1,2,4),('263','37','0',1,2,4),('263','38','0',1,2,4),('263','39','0',1,2,4),('263','40','0',1,2,4),('263','41','0',1,2,4),('263','42','0',1,2,4),('263','43','0',1,2,4),('263','44','0',1,2,4),('263','45','0',1,2,4),('213','1','10000',0,3,4),('213','2','10000',0,3,4),('213','9','10000',0,3,4),('213','10','10000',0,3,4),('213','17','10000',0,3,4),('213','18','10000',0,3,4),('213','19','10000',0,3,4),('213','20','10000',0,3,4),('213','21','10000',0,3,4),('213','23','10000',0,3,4),('213','24','10000',0,3,4),('213','25','10000',0,3,4),('213','26','10000',0,3,4),('213','27','10000',0,3,4),('213','28','10000',0,3,4),('213','29','10000',0,3,4),('213','33','10000',0,3,4),('213','34','10000',0,3,4),('213','35','10000',0,3,4),('213','36','10000',0,3,4),('213','37','10000',0,3,4),('213','38','10000',0,3,4),('213','39','10000',0,3,4),('213','40','10000',0,3,4),('213','41','10000',0,3,4),('213','42','10000',0,3,4),('213','43','10000',0,3,4),('213','44','10000',0,3,4),('213','45','10000',0,3,4),('214','1','10000',0,3,4),('214','2','10000',0,3,4),('214','9','10000',0,3,4),('214','10','10000',0,3,4),('214','17','10000',0,3,4),('214','18','10000',0,3,4),('214','19','10000',0,3,4),('214','20','10000',0,3,4),('214','21','10000',0,3,4),('214','23','10000',0,3,4),('214','24','10000',0,3,4),('214','25','10000',0,3,4),('215','1','0',1,3,4),('215','2','0',1,3,4),('215','9','0',1,3,4),('215','10','0',1,3,4),('215','17','0',1,3,4),('215','18','0',1,3,4),('215','19','0',1,3,4),('216','23','10000',0,3,4),('216','24','10000',0,3,4),('216','25','10000',0,3,4),('216','10','0',1,3,4),('216','17','0',1,3,4),('216','18','0',1,3,4),('216','19','0',1,3,4),('216','20','0',1,3,4),('216','21','0',1,3,4),('217','1','0',1,3,4),('217','2','0',1,3,4),('217','9','0',1,3,4),('217','10','0',1,3,4),('217','17','0',1,3,4),('217','18','0',1,3,4),('217','19','0',1,3,4),('217','20','0',1,3,4),('218','10','0',1,3,4),('218','17','0',1,3,4),('218','18','0',1,3,4),('218','19','0',1,3,4),('218','20','0',1,3,4),('218','21','0',1,3,4),('223','23','0',1,3,4),('223','24','0',1,3,4),('223','25','0',1,3,4),('235','26','10000',0,3,4),('235','33','10000',0,3,4),('235','34','10000',0,3,4),('235','36','10000',0,3,4),('235','37','10000',0,3,4),('235','38','10000',0,3,4),('235','39','10000',0,3,4),('235','40','10000',0,3,4),('235','41','10000',0,3,4),('235','42','10000',0,3,4),('235','43','10000',0,3,4),('235','44','10000',0,3,4),('235','45','10000',0,3,4),('236','26','10000',0,3,4),('236','33','10000',0,3,4),('236','34','10000',0,3,4),('236','45','10000',0,3,4),('236','36','0',1,3,4),('236','37','0',1,3,4),('236','38','0',1,3,4),('236','39','0',1,3,4),('236','40','0',1,3,4),('236','41','0',1,3,4),('236','42','0',1,3,4),('237','38','0',1,3,4),('237','39','0',1,3,4),('237','40','0',1,3,4),('237','41','0',1,3,4),('237','42','0',1,3,4),('237','43','0',1,3,4),('237','44','0',1,3,4),('237','45','0',1,3,4),('238','36','0',1,3,4),('238','37','0',1,3,4),('238','38','0',1,3,4),('238','39','0',1,3,4),('238','40','0',1,3,4),('238','41','0',1,3,4),('238','42','0',1,3,4),('238','43','0',1,3,4),('239','26','0',1,3,4),('239','33','0',1,3,4),('239','34','0',1,3,4),('239','38','0',1,3,4),('239','39','0',1,3,4),('239','40','0',1,3,4),('239','45','0',1,3,4),('248','23','10000',0,3,4),('248','24','10000',0,3,4),('248','25','10000',0,3,4),('248','26','10000',0,3,4),('248','27','10000',0,3,4),('248','28','10000',0,3,4),('248','29','10000',0,3,4),('248','33','10000',0,3,4),('248','34','10000',0,3,4),('248','35','10000',0,3,4),('249','23','0',1,3,4),('249','24','0',1,3,4),('249','25','0',1,3,4),('249','26','0',1,3,4),('249','27','0',1,3,4),('249','28','0',1,3,4),('249','29','0',1,3,4),('250','26','0',1,3,4),('250','27','0',1,3,4),('250','28','0',1,3,4),('250','29','0',1,3,4),('250','33','0',1,3,4),('250','34','0',1,3,4),('250','35','0',1,3,4),('259','1','0',1,3,4),('259','2','0',1,3,4),('259','9','0',1,3,4),('259','10','0',1,3,4),('259','17','0',1,3,4),('259','18','0',1,3,4),('259','19','0',1,3,4),('259','20','0',1,3,4),('259','21','0',1,3,4),('259','23','0',1,3,4),('259','24','0',1,3,4),('259','25','0',1,3,4),('259','26','0',1,3,4),('259','27','0',1,3,4),('259','28','0',1,3,4),('259','29','0',1,3,4),('259','33','0',1,3,4),('259','34','0',1,3,4),('259','35','0',1,3,4),('259','36','0',1,3,4),('259','37','0',1,3,4),('259','38','0',1,3,4),('259','39','0',1,3,4),('259','40','0',1,3,4),('259','41','0',1,3,4),('259','42','0',1,3,4),('259','43','0',1,3,4),('259','44','0',1,3,4),('259','45','0',1,3,4),('260','1','0',1,3,4),('260','2','0',1,3,4),('260','9','0',1,3,4),('260','10','0',1,3,4),('260','17','0',1,3,4),('260','18','0',1,3,4),('260','19','0',1,3,4),('260','20','0',1,3,4),('260','21','0',1,3,4),('260','23','0',1,3,4),('260','24','0',1,3,4),('260','25','0',1,3,4),('260','26','0',1,3,4),('260','27','0',1,3,4),('260','28','0',1,3,4),('260','29','0',1,3,4),('260','33','0',1,3,4),('260','34','0',1,3,4),('260','35','0',1,3,4),('260','36','0',1,3,4),('260','37','0',1,3,4),('260','38','0',1,3,4),('260','39','0',1,3,4),('260','40','0',1,3,4),('260','41','0',1,3,4),('260','42','0',1,3,4),('260','43','0',1,3,4),('260','44','0',1,3,4),('260','45','0',1,3,4),('261','1','0',1,3,4),('261','2','0',1,3,4),('261','9','0',1,3,4),('261','10','0',1,3,4),('261','17','0',1,3,4),('261','18','0',1,3,4),('261','19','0',1,3,4),('261','20','0',1,3,4),('261','21','0',1,3,4),('261','23','0',1,3,4),('261','24','0',1,3,4),('261','25','0',1,3,4),('261','26','0',1,3,4),('261','27','0',1,3,4),('261','28','0',1,3,4),('261','29','0',1,3,4),('261','33','0',1,3,4),('261','34','0',1,3,4),('261','35','0',1,3,4),('261','36','0',1,3,4),('261','37','0',1,3,4),('261','38','0',1,3,4),('261','39','0',1,3,4),('261','40','0',1,3,4),('261','41','0',1,3,4),('261','42','0',1,3,4),('261','43','0',1,3,4),('261','44','0',1,3,4),('261','45','0',1,3,4),('262','1','0',1,3,4),('262','2','0',1,3,4),('262','9','0',1,3,4),('262','10','0',1,3,4),('262','17','0',1,3,4),('262','18','0',1,3,4),('262','19','0',1,3,4),('262','20','0',1,3,4),('262','21','0',1,3,4),('262','23','0',1,3,4),('262','24','0',1,3,4),('262','25','0',1,3,4),('262','26','0',1,3,4),('262','27','0',1,3,4),('262','28','0',1,3,4),('262','29','0',1,3,4),('262','33','0',1,3,4),('262','34','0',1,3,4),('262','35','0',1,3,4),('262','36','0',1,3,4),('262','37','0',1,3,4),('262','38','0',1,3,4),('262','39','0',1,3,4),('262','40','0',1,3,4),('262','41','0',1,3,4),('262','42','0',1,3,4),('262','43','0',1,3,4),('262','44','0',1,3,4),('262','45','0',1,3,4),('263','1','0',1,3,4),('263','2','0',1,3,4),('263','9','0',1,3,4),('263','10','0',1,3,4),('263','17','0',1,3,4),('263','18','0',1,3,4),('263','19','0',1,3,4),('263','20','0',1,3,4),('263','21','0',1,3,4),('263','23','0',1,3,4),('263','24','0',1,3,4),('263','25','0',1,3,4),('263','26','0',1,3,4),('263','27','0',1,3,4),('263','28','0',1,3,4),('263','29','0',1,3,4),('263','33','0',1,3,4),('263','34','0',1,3,4),('263','35','0',1,3,4),('263','36','0',1,3,4),('263','37','0',1,3,4),('263','38','0',1,3,4),('263','39','0',1,3,4),('263','40','0',1,3,4),('263','41','0',1,3,4),('263','42','0',1,3,4),('263','43','0',1,3,4),('263','44','0',1,3,4),('263','45','0',1,3,4),('213','1','10000',0,4,4),('213','2','10000',0,4,4),('213','9','10000',0,4,4),('213','10','10000',0,4,4),('213','17','10000',0,4,4),('213','18','10000',0,4,4),('213','19','10000',0,4,4),('213','20','10000',0,4,4),('213','21','10000',0,4,4),('213','23','10000',0,4,4),('213','24','10000',0,4,4),('213','25','10000',0,4,4),('213','26','10000',0,4,4),('213','27','10000',0,4,4),('213','28','10000',0,4,4),('213','29','10000',0,4,4),('213','33','10000',0,4,4),('213','34','10000',0,4,4),('213','35','10000',0,4,4),('213','36','10000',0,4,4),('213','37','10000',0,4,4),('213','38','10000',0,4,4),('213','39','10000',0,4,4),('213','40','10000',0,4,4),('213','41','10000',0,4,4),('213','42','10000',0,4,4),('213','43','10000',0,4,4),('213','44','10000',0,4,4),('213','45','10000',0,4,4),('214','1','10000',0,4,4),('214','2','10000',0,4,4),('214','9','10000',0,4,4),('214','10','10000',0,4,4),('214','17','10000',0,4,4),('214','18','10000',0,4,4),('214','19','10000',0,4,4),('214','20','10000',0,4,4),('214','21','10000',0,4,4),('214','23','10000',0,4,4),('214','24','10000',0,4,4),('214','25','10000',0,4,4),('215','1','0',1,4,4),('215','2','0',1,4,4),('215','9','0',1,4,4),('215','10','0',1,4,4),('215','17','0',1,4,4),('215','18','0',1,4,4),('215','19','0',1,4,4),('216','23','10000',0,4,4),('216','24','10000',0,4,4),('216','25','10000',0,4,4),('216','10','0',1,4,4),('216','17','0',1,4,4),('216','18','0',1,4,4),('216','19','0',1,4,4),('216','20','0',1,4,4),('216','21','0',1,4,4),('217','1','0',1,4,4),('217','2','0',1,4,4),('217','9','0',1,4,4),('217','10','0',1,4,4),('217','17','0',1,4,4),('217','18','0',1,4,4),('217','19','0',1,4,4),('217','20','0',1,4,4),('218','10','0',1,4,4),('218','17','0',1,4,4),('218','18','0',1,4,4),('218','19','0',1,4,4),('218','20','0',1,4,4),('218','21','0',1,4,4),('223','23','0',1,4,4),('223','24','0',1,4,4),('223','25','0',1,4,4),('235','26','10000',0,4,4),('235','33','10000',0,4,4),('235','34','10000',0,4,4),('235','36','10000',0,4,4),('235','37','10000',0,4,4),('235','38','10000',0,4,4),('235','39','10000',0,4,4),('235','40','10000',0,4,4),('235','41','10000',0,4,4),('235','42','10000',0,4,4),('235','43','10000',0,4,4),('235','44','10000',0,4,4),('235','45','10000',0,4,4),('236','26','10000',0,4,4),('236','33','10000',0,4,4),('236','34','10000',0,4,4),('236','45','10000',0,4,4),('236','36','0',1,4,4),('236','37','0',1,4,4),('236','38','0',1,4,4),('236','39','0',1,4,4),('236','40','0',1,4,4),('236','41','0',1,4,4),('236','42','0',1,4,4),('237','38','0',1,4,4),('237','39','0',1,4,4),('237','40','0',1,4,4),('237','41','0',1,4,4),('237','42','0',1,4,4),('237','43','0',1,4,4),('237','44','0',1,4,4),('237','45','0',1,4,4),('238','36','0',1,4,4),('238','37','0',1,4,4),('238','38','0',1,4,4),('238','39','0',1,4,4),('238','40','0',1,4,4),('238','41','0',1,4,4),('238','42','0',1,4,4),('238','43','0',1,4,4),('239','26','0',1,4,4),('239','33','0',1,4,4),('239','34','0',1,4,4),('239','38','0',1,4,4),('239','39','0',1,4,4),('239','40','0',1,4,4),('239','45','0',1,4,4),('248','23','10000',0,4,4),('248','24','10000',0,4,4),('248','25','10000',0,4,4),('248','26','10000',0,4,4),('248','27','10000',0,4,4),('248','28','10000',0,4,4),('248','29','10000',0,4,4),('248','33','10000',0,4,4),('248','34','10000',0,4,4),('248','35','10000',0,4,4),('249','23','0',1,4,4),('249','24','0',1,4,4),('249','25','0',1,4,4),('249','26','0',1,4,4),('249','27','0',1,4,4),('249','28','0',1,4,4),('249','29','0',1,4,4),('250','26','0',1,4,4),('250','27','0',1,4,4),('250','28','0',1,4,4),('250','29','0',1,4,4),('250','33','0',1,4,4),('250','34','0',1,4,4),('250','35','0',1,4,4),('259','1','0',1,4,4),('259','2','0',1,4,4),('259','9','0',1,4,4),('259','10','0',1,4,4),('259','17','0',1,4,4),('259','18','0',1,4,4),('259','19','0',1,4,4),('259','20','0',1,4,4),('259','21','0',1,4,4),('259','23','0',1,4,4),('259','24','0',1,4,4),('259','25','0',1,4,4),('259','26','0',1,4,4),('259','27','0',1,4,4),('259','28','0',1,4,4),('259','29','0',1,4,4),('259','33','0',1,4,4),('259','34','0',1,4,4),('259','35','0',1,4,4),('259','36','0',1,4,4),('259','37','0',1,4,4),('259','38','0',1,4,4),('259','39','0',1,4,4),('259','40','0',1,4,4),('259','41','0',1,4,4),('259','42','0',1,4,4),('259','43','0',1,4,4),('259','44','0',1,4,4),('259','45','0',1,4,4),('260','1','0',1,4,4),('260','2','0',1,4,4),('260','9','0',1,4,4),('260','10','0',1,4,4),('260','17','0',1,4,4),('260','18','0',1,4,4),('260','19','0',1,4,4),('260','20','0',1,4,4),('260','21','0',1,4,4),('260','23','0',1,4,4),('260','24','0',1,4,4),('260','25','0',1,4,4),('260','26','0',1,4,4),('260','27','0',1,4,4),('260','28','0',1,4,4),('260','29','0',1,4,4),('260','33','0',1,4,4),('260','34','0',1,4,4),('260','35','0',1,4,4),('260','36','0',1,4,4),('260','37','0',1,4,4),('260','38','0',1,4,4),('260','39','0',1,4,4),('260','40','0',1,4,4),('260','41','0',1,4,4),('260','42','0',1,4,4),('260','43','0',1,4,4),('260','44','0',1,4,4),('260','45','0',1,4,4),('261','1','0',1,4,4),('261','2','0',1,4,4),('261','9','0',1,4,4),('261','10','0',1,4,4),('261','17','0',1,4,4),('261','18','0',1,4,4),('261','19','0',1,4,4),('261','20','0',1,4,4),('261','21','0',1,4,4),('261','23','0',1,4,4),('261','24','0',1,4,4),('261','25','0',1,4,4),('261','26','0',1,4,4),('261','27','0',1,4,4),('261','28','0',1,4,4),('261','29','0',1,4,4),('261','33','0',1,4,4),('261','34','0',1,4,4),('261','35','0',1,4,4),('261','36','0',1,4,4),('261','37','0',1,4,4),('261','38','0',1,4,4),('261','39','0',1,4,4),('261','40','0',1,4,4),('261','41','0',1,4,4),('261','42','0',1,4,4),('261','43','0',1,4,4),('261','44','0',1,4,4),('261','45','0',1,4,4),('262','1','0',1,4,4),('262','2','0',1,4,4),('262','9','0',1,4,4),('262','10','0',1,4,4),('262','17','0',1,4,4),('262','18','0',1,4,4),('262','19','0',1,4,4),('262','20','0',1,4,4),('262','21','0',1,4,4),('262','23','0',1,4,4),('262','24','0',1,4,4),('262','25','0',1,4,4),('262','26','0',1,4,4),('262','27','0',1,4,4),('262','28','0',1,4,4),('262','29','0',1,4,4),('262','33','0',1,4,4),('262','34','0',1,4,4),('262','35','0',1,4,4),('262','36','0',1,4,4),('262','37','0',1,4,4),('262','38','0',1,4,4),('262','39','0',1,4,4),('262','40','0',1,4,4),('262','41','0',1,4,4),('262','42','0',1,4,4),('262','43','0',1,4,4),('262','44','0',1,4,4),('262','45','0',1,4,4),('263','1','0',1,4,4),('263','2','0',1,4,4),('263','9','0',1,4,4),('263','10','0',1,4,4),('263','17','0',1,4,4),('263','18','0',1,4,4),('263','19','0',1,4,4),('263','20','0',1,4,4),('263','21','0',1,4,4),('263','23','0',1,4,4),('263','24','0',1,4,4),('263','25','0',1,4,4),('263','26','0',1,4,4),('263','27','0',1,4,4),('263','28','0',1,4,4),('263','29','0',1,4,4),('263','33','0',1,4,4),('263','34','0',1,4,4),('263','35','0',1,4,4),('263','36','0',1,4,4),('263','37','0',1,4,4),('263','38','0',1,4,4),('263','39','0',1,4,4),('263','40','0',1,4,4),('263','41','0',1,4,4),('263','42','0',1,4,4),('263','43','0',1,4,4),('263','44','0',1,4,4),('263','45','0',1,4,4);

--
-- Table structure for table `catalog_category_product_index_tmp`
--

CREATE TABLE `catalog_category_product_index_tmp` (
  `category_id` int(10) unsigned NOT NULL DEFAULT '0' COMMENT 'Category ID',
  `product_id` int(10) unsigned NOT NULL DEFAULT '0' COMMENT 'Product ID',
  `position` int(11) NOT NULL DEFAULT '0' COMMENT 'Position',
  `is_parent` smallint(5) unsigned NOT NULL DEFAULT '0' COMMENT 'Is Parent',
  `store_id` smallint(5) unsigned NOT NULL DEFAULT '0' COMMENT 'Store ID',
  `visibility` smallint(5) unsigned NOT NULL COMMENT 'Visibility',
  KEY `CAT_CTGR_PRD_IDX_TMP_PRD_ID_CTGR_ID_STORE_ID` (`product_id`,`category_id`,`store_id`)
) ENGINE=MEMORY DEFAULT CHARSET=utf8 COMMENT='Catalog Category Product Indexer Temp Table';

--
-- Table structure for table `catalog_compare_item`
--

CREATE TABLE `catalog_compare_item` (
  `catalog_compare_item_id` int(10) unsigned NOT NULL AUTO_INCREMENT COMMENT 'Compare Item ID',
  `visitor_id` int(10) unsigned NOT NULL DEFAULT '0' COMMENT 'Visitor ID',
  `customer_id` int(10) unsigned DEFAULT NULL COMMENT 'Customer ID',
  `product_id` int(10) unsigned NOT NULL DEFAULT '0' COMMENT 'Product ID',
  `store_id` smallint(5) unsigned DEFAULT NULL COMMENT 'Store ID',
  PRIMARY KEY (`catalog_compare_item_id`),
  KEY `CATALOG_COMPARE_ITEM_PRODUCT_ID` (`product_id`),
  KEY `CATALOG_COMPARE_ITEM_VISITOR_ID_PRODUCT_ID` (`visitor_id`,`product_id`),
  KEY `CATALOG_COMPARE_ITEM_CUSTOMER_ID_PRODUCT_ID` (`customer_id`,`product_id`),
  KEY `CATALOG_COMPARE_ITEM_STORE_ID` (`store_id`)
) ENGINE=InnoDB DEFAULT CHARSET=utf8 COMMENT='Catalog Compare Table';

--
-- Table structure for table `catalog_eav_attribute`
--

CREATE TABLE `catalog_eav_attribute` (
  `attribute_id` smallint(5) unsigned NOT NULL COMMENT 'Attribute ID',
  `frontend_input_renderer` varchar(255) DEFAULT NULL COMMENT 'Frontend Input Renderer',
  `is_global` smallint(5) unsigned NOT NULL DEFAULT '1' COMMENT 'Is Global',
  `is_visible` smallint(5) unsigned NOT NULL DEFAULT '1' COMMENT 'Is Visible',
  `is_searchable` smallint(5) unsigned NOT NULL DEFAULT '0' COMMENT 'Is Searchable',
  `is_filterable` smallint(5) unsigned NOT NULL DEFAULT '0' COMMENT 'Is Filterable',
  `is_comparable` smallint(5) unsigned NOT NULL DEFAULT '0' COMMENT 'Is Comparable',
  `is_visible_on_front` smallint(5) unsigned NOT NULL DEFAULT '0' COMMENT 'Is Visible On Front',
  `is_html_allowed_on_front` smallint(5) unsigned NOT NULL DEFAULT '0' COMMENT 'Is HTML Allowed On Front',
  `is_used_for_price_rules` smallint(5) unsigned NOT NULL DEFAULT '0' COMMENT 'Is Used For Price Rules',
  `is_filterable_in_search` smallint(5) unsigned NOT NULL DEFAULT '0' COMMENT 'Is Filterable In Search',
  `used_in_product_listing` smallint(5) unsigned NOT NULL DEFAULT '0' COMMENT 'Is Used In Product Listing',
  `used_for_sort_by` smallint(5) unsigned NOT NULL DEFAULT '0' COMMENT 'Is Used For Sorting',
  `apply_to` varchar(255) DEFAULT NULL COMMENT 'Apply To',
  `is_visible_in_advanced_search` smallint(5) unsigned NOT NULL DEFAULT '0' COMMENT 'Is Visible In Advanced Search',
  `position` int(11) NOT NULL DEFAULT '0' COMMENT 'Position',
  `is_wysiwyg_enabled` smallint(5) unsigned NOT NULL DEFAULT '0' COMMENT 'Is WYSIWYG Enabled',
  `is_used_for_promo_rules` smallint(5) unsigned NOT NULL DEFAULT '0' COMMENT 'Is Used For Promo Rules',
  `is_required_in_admin_store` smallint(5) unsigned NOT NULL DEFAULT '0' COMMENT 'Is Required In Admin Store',
  `is_used_in_grid` smallint(5) unsigned NOT NULL DEFAULT '0' COMMENT 'Is Used in Grid',
  `is_visible_in_grid` smallint(5) unsigned NOT NULL DEFAULT '0' COMMENT 'Is Visible in Grid',
  `is_filterable_in_grid` smallint(5) unsigned NOT NULL DEFAULT '0' COMMENT 'Is Filterable in Grid',
  `search_weight` float NOT NULL DEFAULT '1' COMMENT 'Search Weight',
  `additional_data` text COMMENT 'Additional swatch attributes data',
  PRIMARY KEY (`attribute_id`),
  KEY `CATALOG_EAV_ATTRIBUTE_USED_FOR_SORT_BY` (`used_for_sort_by`),
  KEY `CATALOG_EAV_ATTRIBUTE_USED_IN_PRODUCT_LISTING` (`used_in_product_listing`)
) ENGINE=InnoDB DEFAULT CHARSET=utf8 COMMENT='Catalog EAV Attribute Table';

--
-- Dumping data for table `catalog_eav_attribute`
--

INSERT INTO `catalog_eav_attribute` VALUES (45,NULL,0,1,0,0,0,0,0,0,0,0,0,NULL,0,'0',0,0,0,0,0,0,'1',NULL),(46,NULL,0,1,0,0,0,0,0,0,0,0,0,NULL,0,'0',0,0,0,0,0,0,'1',NULL),(47,NULL,0,1,0,0,0,0,1,0,0,0,0,NULL,0,'0',1,0,0,0,0,0,'1',NULL),(48,NULL,0,1,0,0,0,0,0,0,0,0,0,NULL,0,'0',0,0,0,0,0,0,'1',NULL),(49,NULL,0,1,0,0,0,0,0,0,0,0,0,NULL,0,'0',0,0,0,0,0,0,'1',NULL),(50,NULL,0,1,0,0,0,0,0,0,0,0,0,NULL,0,'0',0,0,0,0,0,0,'1',NULL),(51,NULL,0,1,0,0,0,0,0,0,0,0,0,NULL,0,'0',0,0,0,0,0,0,'1',NULL),(52,NULL,0,1,0,0,0,0,0,0,0,0,0,NULL,0,'0',0,0,0,0,0,0,'1',NULL),(53,NULL,0,1,0,0,0,0,0,0,0,0,0,NULL,0,'0',0,0,0,0,0,0,'1',NULL),(54,NULL,1,1,0,0,0,0,0,0,0,0,0,NULL,0,'0',0,0,0,0,0,0,'1',NULL),(55,NULL,1,0,0,0,0,0,0,0,0,0,0,NULL,0,'0',0,0,0,0,0,0,'1',NULL),(56,NULL,1,0,0,0,0,0,0,0,0,0,0,NULL,0,'0',0,0,0,0,0,0,'1',NULL),(57,NULL,1,0,0,0,0,0,0,0,0,0,0,NULL,0,'0',0,0,0,0,0,0,'1',NULL),(58,NULL,1,0,0,0,0,0,0,0,0,0,0,NULL,0,'0',0,0,0,0,0,0,'1',NULL),(59,NULL,1,0,0,0,0,0,0,0,0,0,0,NULL,0,'0',0,0,0,0,0,0,'1',NULL),(60,NULL,0,1,0,0,0,0,0,0,0,0,0,NULL,0,'0',0,0,0,0,0,0,'1',NULL),(61,NULL,0,1,0,0,0,0,0,0,0,0,0,NULL,0,'0',0,0,0,0,0,0,'1',NULL),(62,NULL,0,1,0,0,0,0,0,0,0,0,0,NULL,0,'0',0,0,0,0,0,0,'1',NULL),(63,NULL,0,1,0,0,0,0,0,0,0,0,0,NULL,0,'0',0,0,0,0,0,0,'1',NULL),(64,NULL,0,1,0,0,0,0,0,0,0,0,0,NULL,0,'0',0,0,0,0,0,0,'1',NULL),(65,NULL,1,0,0,0,0,0,0,0,0,0,0,NULL,0,'0',0,0,0,0,0,0,'1',NULL),(66,NULL,1,0,0,0,0,0,0,0,0,0,0,NULL,0,'0',0,0,0,0,0,0,'1',NULL),(67,'Magento\\Catalog\\Block\\Adminhtml\\Category\\Helper\\Sortby\\Available',0,1,0,0,0,0,0,0,0,0,0,NULL,0,'0',0,0,0,0,0,0,'1',NULL),(68,'Magento\\Catalog\\Block\\Adminhtml\\Category\\Helper\\Sortby\\DefaultSortby',0,1,0,0,0,0,0,0,0,0,0,NULL,0,'0',0,0,0,0,0,0,'1',NULL),(69,NULL,0,1,0,0,0,0,0,0,0,0,0,NULL,0,'0',0,0,0,0,0,0,'1',NULL),(70,NULL,0,1,0,0,0,0,0,0,0,0,0,NULL,0,'0',0,0,0,0,0,0,'1',NULL),(71,NULL,0,1,0,0,0,0,0,0,0,0,0,NULL,0,'0',0,0,0,0,0,0,'1',NULL),(72,'Magento\\Catalog\\Block\\Adminhtml\\Category\\Helper\\Pricestep',0,1,0,0,0,0,0,0,0,0,0,NULL,0,'0',0,0,0,0,0,0,'1',NULL),(73,NULL,0,1,1,0,0,0,0,0,0,1,1,NULL,1,'0',0,0,0,0,0,0,'5',NULL),(74,NULL,1,1,1,0,1,0,0,0,0,0,0,NULL,1,'0',0,0,0,0,0,0,'6',NULL),(75,NULL,0,1,1,0,1,0,1,0,0,0,0,NULL,1,'0',1,0,0,0,0,0,'1',NULL),(76,NULL,0,1,1,0,1,0,1,0,0,1,0,NULL,1,'0',1,0,0,1,0,0,'1',NULL),(77,NULL,2,1,1,1,0,0,0,0,0,1,1,'simple,virtual,bundle,downloadable,configurable',1,'0',0,0,0,0,0,0,'1',NULL),(78,NULL,2,1,0,0,0,0,0,0,0,1,0,'simple,virtual,bundle,downloadable,configurable',0,'0',0,0,0,1,0,1,'1',NULL),(79,NULL,2,1,0,0,0,0,0,0,0,1,0,'simple,virtual,bundle,downloadable,configurable',0,'0',0,0,0,1,0,0,'1',NULL),(80,NULL,2,1,0,0,0,0,0,0,0,1,0,'simple,virtual,bundle,downloadable,configurable',0,'0',0,0,0,1,0,0,'1',NULL),(81,NULL,2,1,0,0,0,0,0,0,0,0,0,'simple,virtual,downloadable',0,'0',0,0,0,1,0,1,'1',NULL),(82,'Magento\\Catalog\\Block\\Adminhtml\\Product\\Helper\\Form\\Weight',1,1,0,0,0,0,0,0,0,0,0,'simple,virtual,bundle,downloadable,configurable',0,'0',0,0,0,1,0,1,'1',NULL),(83,NULL,1,1,1,1,1,0,0,0,0,0,0,NULL,1,'0',0,0,0,1,0,1,'1',NULL),(84,NULL,0,1,0,0,0,0,0,0,0,0,0,NULL,0,'0',0,0,0,1,0,1,'1',NULL),(85,NULL,0,1,0,0,0,0,0,0,0,0,0,NULL,0,'0',0,0,0,1,0,1,'1',NULL),(86,NULL,0,1,0,0,0,0,0,0,0,0,0,NULL,0,'0',0,0,0,1,0,1,'1',NULL),(87,NULL,0,1,0,0,0,0,0,0,0,1,0,NULL,0,'0',0,0,0,0,0,0,'1',NULL),(88,NULL,0,1,0,0,0,0,0,0,0,1,0,NULL,0,'0',0,0,0,0,0,0,'1',NULL),(89,NULL,0,1,0,0,0,0,0,0,0,1,0,NULL,0,'0',0,0,0,0,0,0,'1',NULL),(90,NULL,1,1,0,0,0,0,0,0,0,0,0,NULL,0,'0',0,0,0,0,0,0,'1',NULL),(91,NULL,1,0,0,0,0,0,0,0,0,0,0,NULL,0,'0',0,0,0,0,0,0,'1',NULL),(92,NULL,2,1,0,0,0,0,0,0,0,0,0,'simple,virtual,bundle,downloadable,configurable',0,'0',0,0,0,0,0,0,'1',NULL),(93,NULL,1,1,1,1,1,0,0,0,0,1,0,NULL,1,'0',0,0,0,1,0,1,'1','a:3:{s:17:\"swatch_input_type\";s:6:\"visual\";s:28:\"update_product_preview_image\";s:1:\"1\";s:28:\"use_product_image_for_swatch\";s:1:\"0\";}'),(94,NULL,2,1,0,0,0,0,0,0,0,1,0,NULL,0,'0',0,0,0,1,0,0,'1',NULL),(95,NULL,2,1,0,0,0,0,0,0,0,1,0,NULL,0,'0',0,0,0,1,0,0,'1',NULL),(96,NULL,1,1,0,0,0,0,0,0,0,0,0,NULL,0,'0',0,0,0,0,0,0,'1',NULL),(97,'Magento\\Framework\\Data\\Form\\Element\\Hidden',2,1,1,0,0,0,0,0,0,1,0,NULL,0,'0',0,0,1,0,0,0,'1',NULL),(98,NULL,0,0,0,0,0,0,0,0,0,0,0,'simple,virtual,bundle,downloadable,configurable',0,'0',0,0,0,0,0,0,'1',NULL),(99,NULL,0,1,0,0,0,0,0,0,0,0,0,NULL,0,'0',0,0,1,0,0,0,'1',NULL),(100,NULL,0,1,0,0,0,0,0,0,0,0,0,NULL,0,'0',0,0,0,1,0,1,'1',NULL),(101,NULL,0,1,0,0,0,0,0,0,0,0,0,NULL,0,'0',0,0,0,1,0,0,'1',NULL),(102,NULL,0,1,0,0,0,0,0,0,0,0,0,NULL,0,'0',0,0,0,1,0,0,'1',NULL),(103,NULL,0,1,0,0,0,0,0,0,0,0,0,NULL,0,'0',0,0,0,0,0,0,'1',NULL),(104,NULL,0,1,0,0,0,0,0,0,0,0,0,NULL,0,'0',0,0,0,1,0,0,'1',NULL),(105,'Magento\\Catalog\\Block\\Adminhtml\\Product\\Helper\\Form\\Category',1,1,0,0,0,0,0,0,0,0,0,NULL,0,'0',0,0,0,0,0,0,'1',NULL),(106,NULL,0,1,0,0,0,0,0,0,0,0,0,NULL,0,'0',0,0,0,0,0,0,'1',NULL),(107,NULL,1,0,0,0,0,0,0,0,0,1,0,NULL,0,'0',0,0,0,0,0,0,'1',NULL),(108,NULL,1,0,0,0,0,0,0,0,0,0,0,NULL,0,'0',0,0,0,0,0,0,'1',NULL),(109,NULL,0,0,0,0,0,0,0,0,0,1,0,NULL,0,'0',0,0,0,0,0,0,'1',NULL),(110,NULL,0,0,0,0,0,0,0,0,0,1,0,NULL,0,'0',0,0,0,0,0,0,'1',NULL),(111,NULL,0,0,0,0,0,0,0,0,0,1,0,NULL,0,'0',0,0,0,0,0,0,'1',NULL),(112,NULL,1,0,0,0,0,0,0,0,0,0,0,NULL,0,'0',0,0,0,0,0,0,'1',NULL),(113,NULL,1,0,0,0,0,0,0,0,0,0,0,NULL,0,'0',0,0,0,0,0,0,'1',NULL),(114,NULL,2,1,0,0,0,0,0,0,0,0,0,'simple,bundle,grouped,configurable',0,'0',0,0,0,1,0,1,'1',NULL),(115,'Magento\\CatalogInventory\\Block\\Adminhtml\\Form\\Field\\Stock',1,1,0,0,0,0,0,0,0,0,0,NULL,0,'0',0,0,0,0,0,0,'1',NULL),(116,NULL,0,1,0,0,0,0,0,0,0,0,0,NULL,0,'0',0,0,0,1,0,0,'1',NULL),(117,NULL,0,1,0,0,0,0,0,0,0,0,0,NULL,0,'0',0,0,0,0,0,0,'1',NULL),(118,NULL,0,0,0,0,0,0,0,0,0,0,0,NULL,0,'0',0,0,0,0,0,0,'1',NULL),(119,NULL,0,1,0,0,0,0,0,0,0,1,0,NULL,0,'0',0,0,0,1,0,1,'1',NULL),(120,NULL,0,0,0,0,0,0,0,0,0,0,0,NULL,0,'0',0,0,0,0,0,0,'1',NULL),(121,'Magento\\Msrp\\Block\\Adminhtml\\Product\\Helper\\Form\\Type',2,1,0,0,0,0,0,0,0,1,0,'simple,virtual,downloadable,bundle,configurable',0,'0',0,0,0,1,0,1,'1',NULL),(122,'Magento\\Msrp\\Block\\Adminhtml\\Product\\Helper\\Form\\Type\\Price',2,1,0,0,0,0,0,0,0,1,0,'simple,virtual,downloadable,bundle,configurable',0,'0',0,0,0,0,0,0,'1',NULL),(123,NULL,1,1,0,0,0,0,0,0,0,1,0,'bundle',0,'0',0,0,0,0,0,0,'1',NULL),(124,NULL,1,1,0,0,0,0,0,0,0,0,0,'bundle',0,'0',0,0,0,0,0,0,'1',NULL),(125,NULL,1,1,0,0,0,0,0,0,0,1,0,'bundle',0,'0',0,0,0,0,0,0,'1',NULL),(126,NULL,1,1,0,0,0,0,0,0,0,1,0,'bundle',0,'0',0,0,0,0,0,0,'1',NULL),(127,NULL,1,1,0,0,0,0,0,0,0,1,0,'bundle',0,'0',0,0,0,0,0,0,'1',NULL),(128,NULL,1,0,0,0,0,0,0,0,0,1,0,'downloadable',0,'0',0,0,0,0,0,0,'1',NULL),(129,NULL,0,0,0,0,0,0,0,0,0,0,0,'downloadable',0,'0',0,0,0,0,0,0,'1',NULL),(130,NULL,0,0,0,0,0,0,0,0,0,0,0,'downloadable',0,'0',0,0,0,0,0,0,'1',NULL),(131,NULL,1,0,0,0,0,0,0,0,0,1,0,'downloadable',0,'0',0,0,0,0,0,0,'1',NULL),(132,NULL,0,1,0,0,0,0,0,0,0,1,0,NULL,0,'0',0,0,0,0,0,0,'1',NULL),(133,NULL,2,1,1,0,0,0,0,0,0,1,0,'simple,virtual,bundle,downloadable,configurable',0,'0',0,0,0,1,0,1,'1',NULL),(134,'Magento\\GiftMessage\\Block\\Adminhtml\\Product\\Helper\\Form\\Config',1,1,0,0,0,0,0,0,0,0,0,NULL,0,'0',0,0,0,1,0,0,'1',NULL),(135,NULL,0,1,0,0,0,0,0,0,0,0,0,NULL,0,'0',0,0,0,0,0,0,'1',NULL),(136,NULL,0,1,0,0,0,0,0,0,0,0,0,NULL,0,'0',0,0,0,0,0,0,'1',NULL),(137,NULL,0,1,0,0,0,0,0,0,0,0,0,NULL,0,'0',0,0,0,0,0,0,'1',NULL),(138,NULL,0,1,0,0,0,0,0,0,0,0,0,NULL,0,'0',0,0,0,0,0,0,'1',NULL),(139,NULL,0,1,0,0,0,0,0,0,0,1,0,'simple,virtual,configurable',0,'0',0,0,0,1,0,1,'1',NULL),(140,NULL,0,1,0,0,0,0,0,0,0,1,0,NULL,0,'0',0,0,0,0,0,0,'1',NULL),(141,NULL,0,1,0,0,0,0,0,0,0,0,0,NULL,0,'0',0,0,0,0,0,0,'1',NULL),(142,NULL,1,1,0,0,0,0,0,0,0,0,0,'simple,configurable,bundle,virtual,downloadable',0,'0',0,0,0,0,0,1,'1',NULL);

--
-- Table structure for table `catalog_product_bundle_option`
--

CREATE TABLE `catalog_product_bundle_option` (
  `option_id` int(10) unsigned NOT NULL AUTO_INCREMENT COMMENT 'Option Id',
  `parent_id` int(10) unsigned NOT NULL COMMENT 'Parent Id',
  `required` smallint(5) unsigned NOT NULL DEFAULT '0' COMMENT 'Required',
  `position` int(10) unsigned NOT NULL DEFAULT '0' COMMENT 'Position',
  `type` varchar(255) DEFAULT NULL COMMENT 'Type',
  PRIMARY KEY (`option_id`),
  KEY `CATALOG_PRODUCT_BUNDLE_OPTION_PARENT_ID` (`parent_id`)
) ENGINE=InnoDB AUTO_INCREMENT=10 DEFAULT CHARSET=utf8 COMMENT='Catalog Product Bundle Option';

--
-- Dumping data for table `catalog_product_bundle_option`
--

INSERT INTO `catalog_product_bundle_option` VALUES ('9','10',1,'1','radio');

--
-- Table structure for table `catalog_product_bundle_option_value`
--

CREATE TABLE `catalog_product_bundle_option_value` (
  `value_id` int(10) unsigned NOT NULL AUTO_INCREMENT COMMENT 'Value Id',
  `option_id` int(10) unsigned NOT NULL COMMENT 'Option Id',
  `store_id` smallint(5) unsigned NOT NULL COMMENT 'Store Id',
  `title` varchar(255) DEFAULT NULL COMMENT 'Title',
  PRIMARY KEY (`value_id`),
  UNIQUE KEY `CATALOG_PRODUCT_BUNDLE_OPTION_VALUE_OPTION_ID_STORE_ID` (`option_id`,`store_id`)
) ENGINE=InnoDB AUTO_INCREMENT=10 DEFAULT CHARSET=utf8 COMMENT='Catalog Product Bundle Option Value';

--
-- Dumping data for table `catalog_product_bundle_option_value`
--

INSERT INTO `catalog_product_bundle_option_value` VALUES ('9','9',0,'Sprite Stasis Ball');

--
-- Table structure for table `catalog_product_bundle_price_index`
--

CREATE TABLE `catalog_product_bundle_price_index` (
  `entity_id` int(10) unsigned NOT NULL COMMENT 'Entity Id',
  `website_id` smallint(5) unsigned NOT NULL COMMENT 'Website Id',
  `customer_group_id` smallint(5) unsigned NOT NULL COMMENT 'Customer Group Id',
  `min_price` decimal(12,4) NOT NULL COMMENT 'Min Price',
  `max_price` decimal(12,4) NOT NULL COMMENT 'Max Price',
  PRIMARY KEY (`entity_id`,`website_id`,`customer_group_id`),
  KEY `CATALOG_PRODUCT_BUNDLE_PRICE_INDEX_WEBSITE_ID` (`website_id`),
  KEY `CATALOG_PRODUCT_BUNDLE_PRICE_INDEX_CUSTOMER_GROUP_ID` (`customer_group_id`)
) ENGINE=InnoDB DEFAULT CHARSET=utf8 COMMENT='Catalog Product Bundle Price Index';

--
-- Table structure for table `catalog_product_bundle_selection`
--

CREATE TABLE `catalog_product_bundle_selection` (
  `selection_id` int(10) unsigned NOT NULL AUTO_INCREMENT COMMENT 'Selection Id',
  `option_id` int(10) unsigned NOT NULL COMMENT 'Option Id',
  `parent_product_id` int(10) unsigned NOT NULL COMMENT 'Parent Product Id',
  `product_id` int(10) unsigned NOT NULL COMMENT 'Product Id',
  `position` int(10) unsigned NOT NULL DEFAULT '0' COMMENT 'Position',
  `is_default` smallint(5) unsigned NOT NULL DEFAULT '0' COMMENT 'Is Default',
  `selection_price_type` smallint(5) unsigned NOT NULL DEFAULT '0' COMMENT 'Selection Price Type',
  `selection_price_value` decimal(12,4) NOT NULL DEFAULT '0.0000' COMMENT 'Selection Price Value',
  `selection_qty` decimal(12,4) DEFAULT NULL COMMENT 'Selection Qty',
  `selection_can_change_qty` smallint(6) NOT NULL DEFAULT '0' COMMENT 'Selection Can Change Qty',
  PRIMARY KEY (`selection_id`),
  KEY `CATALOG_PRODUCT_BUNDLE_SELECTION_OPTION_ID` (`option_id`),
  KEY `CATALOG_PRODUCT_BUNDLE_SELECTION_PRODUCT_ID` (`product_id`)
) ENGINE=InnoDB AUTO_INCREMENT=23 DEFAULT CHARSET=utf8 COMMENT='Catalog Product Bundle Selection';

--
-- Dumping data for table `catalog_product_bundle_selection`
--

INSERT INTO `catalog_product_bundle_selection` VALUES ('21','9','10','1','1',1,0,'0.0000','1.0000',1),('22','9','10','7','2',0,0,'0.0000','1.0000',1);

--
-- Table structure for table `catalog_product_bundle_selection_price`
--

CREATE TABLE `catalog_product_bundle_selection_price` (
  `selection_id` int(10) unsigned NOT NULL COMMENT 'Selection Id',
  `website_id` smallint(5) unsigned NOT NULL COMMENT 'Website Id',
  `selection_price_type` smallint(5) unsigned NOT NULL DEFAULT '0' COMMENT 'Selection Price Type',
  `selection_price_value` decimal(12,4) NOT NULL DEFAULT '0.0000' COMMENT 'Selection Price Value',
  PRIMARY KEY (`selection_id`,`website_id`),
  KEY `CATALOG_PRODUCT_BUNDLE_SELECTION_PRICE_WEBSITE_ID` (`website_id`)
) ENGINE=InnoDB DEFAULT CHARSET=utf8 COMMENT='Catalog Product Bundle Selection Price';

--
-- Table structure for table `catalog_product_bundle_stock_index`
--

CREATE TABLE `catalog_product_bundle_stock_index` (
  `entity_id` int(10) unsigned NOT NULL COMMENT 'Entity Id',
  `website_id` smallint(5) unsigned NOT NULL COMMENT 'Website Id',
  `stock_id` smallint(5) unsigned NOT NULL COMMENT 'Stock Id',
  `option_id` int(10) unsigned NOT NULL DEFAULT '0' COMMENT 'Option Id',
  `stock_status` smallint(6) DEFAULT '0' COMMENT 'Stock Status',
  PRIMARY KEY (`entity_id`,`website_id`,`stock_id`,`option_id`)
) ENGINE=InnoDB DEFAULT CHARSET=utf8 COMMENT='Catalog Product Bundle Stock Index';

--
-- Table structure for table `catalog_product_entity`
--

CREATE TABLE `catalog_product_entity` (
  `entity_id` int(10) unsigned NOT NULL AUTO_INCREMENT COMMENT 'Entity ID',
  `attribute_set_id` smallint(5) unsigned NOT NULL DEFAULT '0' COMMENT 'Attribute Set ID',
  `type_id` varchar(32) NOT NULL DEFAULT 'simple' COMMENT 'Type ID',
  `sku` varchar(64) DEFAULT NULL COMMENT 'SKU',
  `has_options` smallint(6) NOT NULL DEFAULT '0' COMMENT 'Has Options',
  `required_options` smallint(5) unsigned NOT NULL DEFAULT '0' COMMENT 'Required Options',
  `created_at` timestamp NOT NULL DEFAULT CURRENT_TIMESTAMP COMMENT 'Creation Time',
  `updated_at` timestamp NOT NULL DEFAULT CURRENT_TIMESTAMP ON UPDATE CURRENT_TIMESTAMP COMMENT 'Update Time',
  PRIMARY KEY (`entity_id`),
  KEY `CATALOG_PRODUCT_ENTITY_ATTRIBUTE_SET_ID` (`attribute_set_id`),
  KEY `CATALOG_PRODUCT_ENTITY_SKU` (`sku`)
) ENGINE=InnoDB AUTO_INCREMENT=46 DEFAULT CHARSET=utf8 COMMENT='Catalog Product Table';

--
-- Dumping data for table `catalog_product_entity`
--

INSERT INTO `catalog_product_entity` VALUES ('1',4,'simple','24-MB01',0,0,'2016-07-17 18:24:54','2016-07-17 18:24:54'),('2',4,'configurable','MH01',1,1,'2016-07-17 18:29:20','2016-07-17 18:30:42'),('7',4,'virtual','MH01-Black',0,0,'2016-07-17 19:03:24','2016-07-17 19:03:24'),('9',4,'grouped','24-WG085_Group',0,0,'2016-07-17 19:15:48','2016-07-17 19:15:48'),('10',4,'bundle','24-WG080',1,1,'2016-07-17 19:24:36','2016-07-17 19:24:36'),('17',4,'downloadable','240-LV04',0,0,'2016-07-17 20:02:29','2016-07-17 20:02:29'),('18',4,'simple','24-MB04',0,0,'2016-07-17 20:05:47','2016-07-17 20:05:47'),('19',4,'simple','24-MB03',0,0,'2016-07-18 12:06:20','2016-07-18 12:06:20'),('20',4,'simple','24-MB05',0,0,'2016-07-18 12:09:40','2016-07-18 12:09:40'),('21',4,'simple','24-MB06',0,0,'2016-07-18 12:11:54','2016-07-18 12:11:54'),('22',4,'virtual','MH01-Orange',0,0,'2016-07-20 13:27:36','2016-10-11 16:14:17'),('23',4,'simple','Fusio24-MB02',0,0,'2016-07-20 13:36:26','2016-07-20 13:36:26'),('24',4,'simple','24-UB02',0,0,'2016-07-20 13:43:31','2016-07-20 13:43:31'),('25',4,'simple','24-WB01',0,0,'2016-07-20 13:46:12','2016-07-20 13:46:12'),('26',4,'simple','24-WB02',0,0,'2016-07-20 13:48:36','2016-07-20 13:48:36'),('27',4,'simple','24-WB05',0,0,'2016-07-20 13:50:43','2016-07-20 13:50:43'),('28',4,'simple','24-WB06',0,0,'2016-07-20 13:53:10','2016-07-20 13:53:10'),('29',4,'simple','24-WB03',0,0,'2016-07-20 13:55:02','2016-07-20 13:55:02'),('33',4,'simple','25-WB07',0,0,'2016-07-20 16:47:33','2016-07-20 16:47:33'),('34',4,'simple','25-WB04',0,0,'2016-07-20 16:49:28','2016-07-20 16:49:28'),('35',4,'simple','25-UG06',0,0,'2016-07-20 16:51:26','2016-07-20 16:51:26'),('36',4,'simple','25-UG07',0,0,'2016-07-20 16:53:25','2016-07-20 16:53:25'),('37',4,'simple','25-UG04',0,0,'2016-07-20 17:13:14','2016-07-20 17:13:14'),('38',4,'simple','25-UG05',0,0,'2016-07-20 17:15:20','2016-07-20 17:15:20'),('39',4,'simple','25-WG084',0,0,'2016-07-20 17:18:10','2016-07-20 17:18:10'),('40',4,'simple','25-MG04',0,0,'2016-07-20 17:21:53','2016-07-20 17:21:53'),('41',4,'simple','25-MG01',0,0,'2016-07-20 17:24:03','2016-07-20 17:24:03'),('42',4,'simple','25-MG03',0,0,'2016-07-20 17:31:58','2016-07-20 17:31:58'),('43',4,'simple','25-MG05',0,0,'2016-07-20 17:33:49','2016-07-21 14:28:24'),('44',4,'simple','25-MG02',0,0,'2016-07-20 17:36:09','2016-07-20 17:36:09'),('45',4,'simple','25-WG09',0,0,'2016-07-20 17:37:51','2016-07-20 17:37:51');

--
-- Table structure for table `catalog_product_entity_datetime`
--

CREATE TABLE `catalog_product_entity_datetime` (
  `value_id` int(11) NOT NULL AUTO_INCREMENT COMMENT 'Value ID',
  `attribute_id` smallint(5) unsigned NOT NULL DEFAULT '0' COMMENT 'Attribute ID',
  `store_id` smallint(5) unsigned NOT NULL DEFAULT '0' COMMENT 'Store ID',
  `entity_id` int(10) unsigned NOT NULL DEFAULT '0' COMMENT 'Entity ID',
  `value` datetime DEFAULT NULL COMMENT 'Value',
  PRIMARY KEY (`value_id`),
  UNIQUE KEY `CATALOG_PRODUCT_ENTITY_DATETIME_ENTITY_ID_ATTRIBUTE_ID_STORE_ID` (`entity_id`,`attribute_id`,`store_id`),
  KEY `CATALOG_PRODUCT_ENTITY_DATETIME_ATTRIBUTE_ID` (`attribute_id`),
  KEY `CATALOG_PRODUCT_ENTITY_DATETIME_STORE_ID` (`store_id`)
) ENGINE=InnoDB AUTO_INCREMENT=52 DEFAULT CHARSET=utf8 COMMENT='Catalog Product Datetime Attribute Backend Table';

--
-- Dumping data for table `catalog_product_entity_datetime`
--

INSERT INTO `catalog_product_entity_datetime` VALUES ('1',79,0,'18','2016-07-18 00:00:00'),('2',80,0,'18','2025-07-18 00:00:00'),('3',94,0,'18','2016-07-18 00:00:00'),('4',101,0,'18','2016-07-18 00:00:00'),('5',79,0,'19','2016-07-19 00:00:00'),('6',80,0,'19','2024-07-15 00:00:00'),('7',94,0,'19','2016-07-19 00:00:00'),('8',101,0,'19','2016-07-19 00:00:00'),('9',79,0,'20','2016-07-19 00:00:00'),('10',80,0,'20','2024-07-11 00:00:00'),('11',94,0,'20','2016-07-19 00:00:00'),('12',101,0,'20','2016-07-19 00:00:00'),('13',95,0,'21','2025-07-08 00:00:00'),('14',95,0,'23','2024-07-10 00:00:00'),('15',79,0,'24','2016-07-21 00:00:00'),('16',80,0,'24','2025-07-23 00:00:00'),('17',94,0,'24','2016-07-21 00:00:00'),('18',101,0,'24','2016-07-21 00:00:00'),('19',79,0,'25','2016-07-21 00:00:00'),('20',94,0,'25','2016-07-21 00:00:00'),('21',101,0,'25','2016-07-21 00:00:00'),('22',79,0,'28','2016-07-21 00:00:00'),('23',80,0,'28','2025-07-23 00:00:00'),('24',94,0,'28','2016-07-21 00:00:00'),('25',101,0,'28','2016-07-21 00:00:00'),('26',79,0,'35','2016-07-21 00:00:00'),('27',80,0,'35','2025-07-23 00:00:00'),('28',94,0,'35','2016-07-21 00:00:00'),('29',101,0,'35','2016-07-21 00:00:00'),('30',79,0,'36','2016-07-21 00:00:00'),('31',80,0,'36','2025-07-24 00:00:00'),('32',94,0,'36','2016-07-21 00:00:00'),('33',101,0,'36','2016-07-21 00:00:00'),('34',95,0,'38','2024-07-16 00:00:00'),('38',94,0,'41','2016-07-21 00:00:00'),('39',101,0,'41','2016-07-21 00:00:00'),('40',79,0,'44','2016-07-21 00:00:00'),('41',80,0,'44','2025-07-16 00:00:00'),('42',94,0,'44','2016-07-21 00:00:00'),('43',101,0,'44','2016-07-21 00:00:00'),('44',94,0,'23','2016-11-17 00:00:00'),('45',95,0,'24','2024-11-20 00:00:00'),('46',95,0,'25','2024-11-14 00:00:00'),('47',94,0,'38','2016-11-17 00:00:00'),('48',79,0,'39','2016-11-28 00:00:00'),('49',80,0,'39','2024-11-05 00:00:00'),('50',94,0,'39','2016-11-28 02:30:18'),('51',101,0,'39','2016-11-28 02:30:18');

--
-- Table structure for table `catalog_product_entity_decimal`
--

CREATE TABLE `catalog_product_entity_decimal` (
  `value_id` int(11) NOT NULL AUTO_INCREMENT COMMENT 'Value ID',
  `attribute_id` smallint(5) unsigned NOT NULL DEFAULT '0' COMMENT 'Attribute ID',
  `store_id` smallint(5) unsigned NOT NULL DEFAULT '0' COMMENT 'Store ID',
  `entity_id` int(10) unsigned NOT NULL DEFAULT '0' COMMENT 'Entity ID',
  `value` decimal(12,4) DEFAULT NULL COMMENT 'Value',
  PRIMARY KEY (`value_id`),
  UNIQUE KEY `CATALOG_PRODUCT_ENTITY_DECIMAL_ENTITY_ID_ATTRIBUTE_ID_STORE_ID` (`entity_id`,`attribute_id`,`store_id`),
  KEY `CATALOG_PRODUCT_ENTITY_DECIMAL_STORE_ID` (`store_id`),
  KEY `CATALOG_PRODUCT_ENTITY_DECIMAL_ATTRIBUTE_ID` (`attribute_id`)
) ENGINE=InnoDB AUTO_INCREMENT=52 DEFAULT CHARSET=utf8 COMMENT='Catalog Product Decimal Attribute Backend Table';

--
-- Dumping data for table `catalog_product_entity_decimal`
--

INSERT INTO `catalog_product_entity_decimal` VALUES ('1',77,0,'1','34.0000'),('2',77,0,'2','52.0000'),('7',77,0,'7','52.0000'),('9',77,0,'17','6.0000'),('10',77,0,'18','32.0000'),('11',78,0,'18','30.0000'),('13',77,0,'19','38.0000'),('14',78,0,'19','36.0000'),('16',77,0,'20','40.0000'),('17',78,0,'20','35.0000'),('19',77,0,'21','45.0000'),('20',77,0,'22','52.0000'),('21',77,0,'23','59.0000'),('22',77,0,'24','74.0000'),('23',78,0,'24','70.0000'),('24',77,0,'25','32.0000'),('25',78,0,'25','30.0000'),('26',77,0,'26','32.0000'),('27',77,0,'27','35.0000'),('28',77,0,'28','33.0000'),('29',78,0,'28','30.0000'),('30',77,0,'29','36.0000'),('34',77,0,'33','45.0000'),('35',77,0,'34','50.0000'),('36',77,0,'35','10.0000'),('37',78,0,'35','8.0000'),('38',77,0,'36','12.0000'),('39',78,0,'36','8.0000'),('40',77,0,'37','12.0000'),('41',77,0,'38','19.0000'),('42',77,0,'39','5.0000'),('43',77,0,'40','45.0000'),('44',77,0,'41','49.0000'),('46',77,0,'42','54.0000'),('47',77,0,'43','55.0000'),('48',77,0,'44','92.0000'),('49',78,0,'44','80.0000'),('50',77,0,'45','43.0000'),('51',78,0,'39','4.0000');

--
-- Table structure for table `catalog_product_entity_gallery`
--

CREATE TABLE `catalog_product_entity_gallery` (
  `value_id` int(11) NOT NULL AUTO_INCREMENT COMMENT 'Value ID',
  `attribute_id` smallint(5) unsigned NOT NULL DEFAULT '0' COMMENT 'Attribute ID',
  `store_id` smallint(5) unsigned NOT NULL DEFAULT '0' COMMENT 'Store ID',
  `entity_id` int(10) unsigned NOT NULL DEFAULT '0' COMMENT 'Entity ID',
  `position` int(11) NOT NULL DEFAULT '0' COMMENT 'Position',
  `value` varchar(255) DEFAULT NULL COMMENT 'Value',
  PRIMARY KEY (`value_id`),
  UNIQUE KEY `CATALOG_PRODUCT_ENTITY_GALLERY_ENTITY_ID_ATTRIBUTE_ID_STORE_ID` (`entity_id`,`attribute_id`,`store_id`),
  KEY `CATALOG_PRODUCT_ENTITY_GALLERY_ENTITY_ID` (`entity_id`),
  KEY `CATALOG_PRODUCT_ENTITY_GALLERY_ATTRIBUTE_ID` (`attribute_id`),
  KEY `CATALOG_PRODUCT_ENTITY_GALLERY_STORE_ID` (`store_id`)
) ENGINE=InnoDB DEFAULT CHARSET=utf8 COMMENT='Catalog Product Gallery Attribute Backend Table';

--
-- Table structure for table `catalog_product_entity_int`
--

CREATE TABLE `catalog_product_entity_int` (
  `value_id` int(11) NOT NULL AUTO_INCREMENT COMMENT 'Value ID',
  `attribute_id` smallint(5) unsigned NOT NULL DEFAULT '0' COMMENT 'Attribute ID',
  `store_id` smallint(5) unsigned NOT NULL DEFAULT '0' COMMENT 'Store ID',
  `entity_id` int(10) unsigned NOT NULL DEFAULT '0' COMMENT 'Entity ID',
  `value` int(11) DEFAULT NULL COMMENT 'Value',
  PRIMARY KEY (`value_id`),
  UNIQUE KEY `CATALOG_PRODUCT_ENTITY_INT_ENTITY_ID_ATTRIBUTE_ID_STORE_ID` (`entity_id`,`attribute_id`,`store_id`),
  KEY `CATALOG_PRODUCT_ENTITY_INT_ATTRIBUTE_ID` (`attribute_id`),
  KEY `CATALOG_PRODUCT_ENTITY_INT_STORE_ID` (`store_id`)
) ENGINE=InnoDB AUTO_INCREMENT=460 DEFAULT CHARSET=utf8 COMMENT='Catalog Product Integer Attribute Backend Table';

--
-- Dumping data for table `catalog_product_entity_int`
--

INSERT INTO `catalog_product_entity_int` VALUES ('1',83,0,'1','16'),('2',93,0,'1','4'),('3',97,0,'1','1'),('4',99,0,'1','4'),('5',115,0,'1','1'),('6',133,0,'1','2'),('9',97,0,'2','1'),('10',99,0,'2','4'),('11',115,0,'2','1'),('12',133,0,'2','2'),('37',83,0,'7','17'),('38',93,0,'7','4'),('39',97,0,'7','1'),('40',99,0,'7','1'),('41',115,0,'7','1'),('42',133,0,'7','2'),('49',83,0,'9','19'),('50',93,0,'9','7'),('51',97,0,'9','1'),('52',99,0,'9','4'),('53',115,0,'9','1'),('54',83,0,'2','22'),('55',83,0,'10','20'),('56',93,0,'10','9'),('57',97,0,'10','1'),('58',99,0,'10','4'),('59',115,0,'10','1'),('60',123,0,'10','0'),('61',124,0,'10','0'),('62',125,0,'10','0'),('63',126,0,'10','0'),('64',127,0,'10','0'),('65',133,0,'10','2'),('132',83,0,'17','21'),('133',93,0,'17','12'),('134',97,0,'17','1'),('135',99,0,'17','4'),('136',115,0,'17','1'),('137',128,0,'17','0'),('138',133,0,'17','2'),('139',83,0,'18','19'),('140',93,0,'18','15'),('141',97,0,'18','1'),('142',99,0,'18','4'),('143',115,0,'18','1'),('144',133,0,'18','2'),('145',83,0,'19','18'),('146',93,0,'19','13'),('147',97,0,'19','1'),('148',99,0,'19','4'),('149',115,0,'19','1'),('150',133,0,'19','2'),('151',83,0,'20','21'),('152',93,0,'20','11'),('153',97,0,'20','1'),('154',99,0,'20','4'),('155',115,0,'20','1'),('156',133,0,'20','2'),('157',83,0,'21','17'),('158',93,0,'21','8'),('159',97,0,'21','1'),('160',99,0,'21','4'),('161',115,0,'21','1'),('162',133,0,'21','2'),('163',83,0,'22','22'),('164',93,0,'22','11'),('165',97,0,'22','1'),('166',99,0,'22','1'),('167',115,0,'22','1'),('168',133,0,'22','2'),('169',83,0,'23','17'),('170',93,0,'23','9'),('171',97,0,'23','1'),('172',99,0,'23','4'),('173',115,0,'23','1'),('174',133,0,'23','2'),('175',83,0,'24','16'),('176',93,0,'24','13'),('177',97,0,'24','1'),('178',99,0,'24','4'),('179',115,0,'24','1'),('180',133,0,'24','2'),('181',83,0,'25','18'),('182',93,0,'25','12'),('183',97,0,'25','1'),('184',99,0,'25','4'),('185',115,0,'25','1'),('186',133,0,'25','2'),('187',83,0,'26','21'),('188',93,0,'26','8'),('189',97,0,'26','1'),('190',99,0,'26','4'),('191',115,0,'26','1'),('192',133,0,'26','2'),('193',83,0,'27','19'),('194',93,0,'27','11'),('195',97,0,'27','1'),('196',99,0,'27','4'),('197',115,0,'27','1'),('198',133,0,'27','2'),('199',83,0,'28','20'),('200',93,0,'28','5'),('201',97,0,'28','1'),('202',99,0,'28','4'),('203',115,0,'28','1'),('204',133,0,'28','2'),('205',83,0,'29','17'),('206',93,0,'29','11'),('207',97,0,'29','1'),('208',99,0,'29','4'),('209',115,0,'29','1'),('210',133,0,'29','2'),('229',83,0,'33','18'),('230',93,0,'33','12'),('231',97,0,'33','1'),('232',99,0,'33','4'),('233',115,0,'33','1'),('234',133,0,'33','2'),('235',83,0,'34','20'),('236',93,0,'34','5'),('237',97,0,'34','1'),('238',99,0,'34','4'),('239',115,0,'34','1'),('240',133,0,'34','2'),('241',83,0,'35','19'),('242',93,0,'35','8'),('243',97,0,'35','1'),('244',99,0,'35','4'),('245',115,0,'35','1'),('246',133,0,'35','2'),('247',83,0,'36','17'),('248',93,0,'36','14'),('249',97,0,'36','1'),('250',99,0,'36','4'),('251',115,0,'36','1'),('252',133,0,'36','2'),('253',83,0,'37','19'),('254',93,0,'37','8'),('255',97,0,'37','1'),('256',99,0,'37','4'),('257',115,0,'37','1'),('258',133,0,'37','2'),('259',83,0,'38','16'),('260',93,0,'38','12'),('261',97,0,'38','1'),('262',99,0,'38','4'),('263',115,0,'38','1'),('264',133,0,'38','2'),('265',83,0,'39','19'),('266',93,0,'39','13'),('267',97,0,'39','1'),('268',99,0,'39','4'),('269',115,0,'39','1'),('270',133,0,'39','2'),('271',83,0,'40','18'),('272',93,0,'40','12'),('273',97,0,'40','1'),('274',99,0,'40','4'),('275',115,0,'40','1'),('276',133,0,'40','2'),('277',83,0,'41','21'),('279',97,0,'41','1'),('280',99,0,'41','4'),('281',115,0,'41','1'),('282',133,0,'41','2'),('283',83,0,'42','17'),('284',93,0,'42','11'),('285',97,0,'42','1'),('286',99,0,'42','4'),('287',115,0,'42','1'),('288',133,0,'42','2'),('289',83,0,'43','16'),('290',93,0,'43','13'),('291',97,0,'43','1'),('292',99,0,'43','4'),('293',115,0,'43','1'),('294',133,0,'43','2'),('295',83,0,'44','20'),('296',93,0,'44','5'),('297',97,0,'44','1'),('298',99,0,'44','4'),('299',115,0,'44','1'),('300',133,0,'44','2'),('301',83,0,'45','22'),('302',97,0,'45','1'),('303',99,0,'45','4'),('304',115,0,'45','1'),('305',133,0,'45','2'),('432',139,0,'1','0'),('433',139,0,'2','0'),('434',139,0,'7','0'),('435',139,0,'22','0'),('436',139,0,'18','0'),('437',139,0,'19','0'),('438',139,0,'20','0'),('439',139,0,'21','0'),('440',139,0,'23','0'),('441',139,0,'24','0'),('442',139,0,'25','0'),('443',139,0,'26','1'),('444',139,0,'27','0'),('445',139,0,'28','1'),('446',139,0,'29','1'),('447',139,0,'33','0'),('448',139,0,'34','1'),('449',139,0,'35','0'),('450',139,0,'36','0'),('451',139,0,'37','0'),('452',139,0,'38','1'),('453',139,0,'39','0'),('454',139,0,'40','0'),('455',139,0,'41','0'),('456',139,0,'42','0'),('457',139,0,'43','0'),('458',139,0,'44','1'),('459',139,0,'45','0');

--
-- Table structure for table `catalog_product_entity_media_gallery`
--

CREATE TABLE `catalog_product_entity_media_gallery` (
  `value_id` int(10) unsigned NOT NULL AUTO_INCREMENT COMMENT 'Value ID',
  `attribute_id` smallint(5) unsigned NOT NULL DEFAULT '0' COMMENT 'Attribute ID',
  `value` varchar(255) DEFAULT NULL COMMENT 'Value',
  `media_type` varchar(32) NOT NULL DEFAULT 'image' COMMENT 'Media entry type',
  `disabled` smallint(5) unsigned NOT NULL DEFAULT '0' COMMENT 'Visibility status',
  PRIMARY KEY (`value_id`),
  KEY `CATALOG_PRODUCT_ENTITY_MEDIA_GALLERY_ATTRIBUTE_ID` (`attribute_id`)
) ENGINE=InnoDB AUTO_INCREMENT=177 DEFAULT CHARSET=utf8 COMMENT='Catalog Product Media Gallery Attribute Backend Table';

--
-- Dumping data for table `catalog_product_entity_media_gallery`
--

INSERT INTO `catalog_product_entity_media_gallery` VALUES ('1',90,'/1/_/1.jpg','image',0),('2',90,'/2/_/2.jpg','image',0),('3',90,'/3/_/3.jpg','image',0),('4',90,'/4/_/4.jpg','image',0),('5',90,'/5/_/5.jpg','image',0),('6',90,'/6/_/6.jpg','image',0),('7',90,'/6/_/6_1.jpg','image',0),('8',90,'/4/_/4_1.jpg','image',0),('9',90,'/5/_/5_1.jpg','image',0),('10',90,'/7/_/7.jpg','image',0),('11',90,'/8/_/8.jpg','image',0),('12',90,'/9/_/9.jpg','image',0),('13',90,'/8/_/8_1.jpg','image',0),('14',90,'/9/_/9_1.jpg','image',0),('15',90,'/4/_/4_2.jpg','image',0),('16',90,'/5/_/5_2.jpg','image',0),('17',90,'/6/_/6_2.jpg','image',0),('18',90,'/7/_/7_1.jpg','image',0),('19',90,'/8/_/8_2.jpg','image',0),('20',90,'/9/_/9_2.jpg','image',0),('21',90,'/2/_/2_1.jpg','image',0),('22',90,'/3/_/3_1.jpg','image',0),('23',90,'/4/_/4_3.jpg','image',0),('24',90,'/5/_/5_3.jpg','image',0),('25',90,'/6/_/6_3.jpg','image',0),('26',90,'/7/_/7_2.jpg','image',0),('27',90,'/1/_/1_1.jpg','image',0),('28',90,'/2/_/2_2.jpg','image',0),('29',90,'/3/_/3_2.jpg','image',0),('30',90,'/4/_/4_4.jpg','image',0),('31',90,'/5/_/5_4.jpg','image',0),('32',90,'/6/_/6_4.jpg','image',0),('33',90,'/5/_/5_5.jpg','image',0),('34',90,'/6/_/6_5.jpg','image',0),('35',90,'/7/_/7_3.jpg','image',0),('36',90,'/8/_/8_3.jpg','image',0),('37',90,'/9/_/9_3.jpg','image',0),('38',90,'/1/0/10.jpg','image',0),('39',90,'/4/_/4_5.jpg','image',0),('40',90,'/7/_/7_4.jpg','image',0),('41',90,'/8/_/8_4.jpg','image',0),('42',90,'/9/_/9_4.jpg','image',0),('43',90,'/1/0/10_1.jpg','image',0),('44',90,'/5/_/5_6.jpg','image',0),('45',90,'/5/_/5_7.jpg','image',0),('46',90,'/6/_/6_6.jpg','image',0),('47',90,'/7/_/7_5.jpg','image',0),('48',90,'/8/_/8_5.jpg','image',0),('49',90,'/9/_/9_5.jpg','image',0),('50',90,'/1/0/10_2.jpg','image',0),('51',90,'/5/_/5_8.jpg','image',0),('52',90,'/6/_/6_7.jpg','image',0),('53',90,'/7/_/7_6.jpg','image',0),('54',90,'/8/_/8_6.jpg','image',0),('55',90,'/9/_/9_6.jpg','image',0),('56',90,'/1/0/10_3.jpg','image',0),('57',90,'/1/_/1_2.jpg','image',0),('58',90,'/2/_/2_3.jpg','image',0),('59',90,'/3/_/3_3.jpg','image',0),('60',90,'/4/_/4_6.jpg','image',0),('61',90,'/5/_/5_9.jpg','image',0),('62',90,'/6/_/6_8.jpg','image',0),('63',90,'/2/_/2_4.jpg','image',0),('64',90,'/3/_/3_4.jpg','image',0),('65',90,'/4/_/4_7.jpg','image',0),('66',90,'/5/_/5_10.jpg','image',0),('67',90,'/6/_/6_9.jpg','image',0),('68',90,'/1/1/11.jpg','image',0),('69',90,'/3/_/3_5.jpg','image',0),('70',90,'/4/_/4_8.jpg','image',0),('71',90,'/5/_/5_11.jpg','image',0),('72',90,'/6/_/6_10.jpg','image',0),('73',90,'/7/_/7_7.jpg','image',0),('74',90,'/8/_/8_7.jpg','image',0),('75',90,'/5/_/5_12.jpg','image',0),('76',90,'/6/_/6_11.jpg','image',0),('77',90,'/7/_/7_8.jpg','image',0),('78',90,'/8/_/8_8.jpg','image',0),('79',90,'/9/_/9_7.jpg','image',0),('80',90,'/1/0/10_4.jpg','image',0),('81',90,'/4/_/4_9.jpg','image',0),('82',90,'/7/_/7_9.jpg','image',0),('83',90,'/8/_/8_9.jpg','image',0),('84',90,'/9/_/9_8.jpg','image',0),('85',90,'/1/1/11_1.jpg','image',0),('86',90,'/1/2/12.jpg','image',0),('87',90,'/8/_/8_10.jpg','image',0),('88',90,'/9/_/9_9.jpg','image',0),('89',90,'/1/0/10_5.jpg','image',0),('90',90,'/1/1/11_2.jpg','image',0),('91',90,'/1/2/12_1.jpg','image',0),('92',90,'/1/3/13.jpg','image',0),('93',90,'/9/_/9_10.jpg','image',0),('94',90,'/1/0/10_6.jpg','image',0),('95',90,'/1/1/11_3.jpg','image',0),('96',90,'/1/2/12_2.jpg','image',0),('97',90,'/1/3/13_1.jpg','image',0),('98',90,'/1/4/14.jpg','image',0),('99',90,'/7/_/7_10.jpg','image',0),('100',90,'/1/0/10_7.jpg','image',0),('101',90,'/1/1/11_4.jpg','image',0),('102',90,'/1/2/12_3.jpg','image',0),('103',90,'/1/3/13_2.jpg','image',0),('104',90,'/1/4/14_1.jpg','image',0),('105',90,'/9/_/9_11.jpg','image',0),('106',90,'/1/0/10_8.jpg','image',0),('107',90,'/1/1/11_5.jpg','image',0),('108',90,'/1/2/12_4.jpg','image',0),('109',90,'/1/3/13_3.jpg','image',0),('110',90,'/1/4/14_2.jpg','image',0),('111',90,'/9/_/9_12.jpg','image',0),('112',90,'/1/0/10_9.jpg','image',0),('113',90,'/1/1/11_6.jpg','image',0),('114',90,'/1/2/12_5.jpg','image',0),('115',90,'/1/3/13_4.jpg','image',0),('116',90,'/1/4/14_3.jpg','image',0),('117',90,'/1/_/1_3.jpg','image',0),('118',90,'/2/_/2_5.jpg','image',0),('119',90,'/3/_/3_6.jpg','image',0),('120',90,'/4/_/4_10.jpg','image',0),('121',90,'/5/_/5_13.jpg','image',0),('122',90,'/6/_/6_12.jpg','image',0),('123',90,'/3/_/3_7.jpg','image',0),('124',90,'/4/_/4_11.jpg','image',0),('125',90,'/5/_/5_14.jpg','image',0),('126',90,'/6/_/6_13.jpg','image',0),('127',90,'/7/_/7_11.jpg','image',0),('128',90,'/8/_/8_11.jpg','image',0),('129',90,'/4/_/4_12.jpg','image',0),('130',90,'/5/_/5_15.jpg','image',0),('131',90,'/6/_/6_14.jpg','image',0),('132',90,'/7/_/7_12.jpg','image',0),('133',90,'/8/_/8_12.jpg','image',0),('134',90,'/9/_/9_13.jpg','image',0),('135',90,'/5/_/5_16.jpg','image',0),('136',90,'/6/_/6_15.jpg','image',0),('137',90,'/7/_/7_13.jpg','image',0),('138',90,'/8/_/8_13.jpg','image',0),('139',90,'/9/_/9_14.jpg','image',0),('140',90,'/1/0/10_10.jpg','image',0),('141',90,'/7/_/7_14.jpg','image',0),('142',90,'/8/_/8_14.jpg','image',0),('143',90,'/9/_/9_15.jpg','image',0),('144',90,'/1/0/10_11.jpg','image',0),('145',90,'/1/1/11_7.jpg','image',0),('146',90,'/1/2/12_6.jpg','image',0),('147',90,'/8/_/8_15.jpg','image',0),('148',90,'/9/_/9_16.jpg','image',0),('149',90,'/1/0/10_12.jpg','image',0),('150',90,'/1/1/11_8.jpg','image',0),('151',90,'/1/2/12_7.jpg','image',0),('152',90,'/1/6/16.jpg','image',0),('153',90,'/9/_/9_17.jpg','image',0),('154',90,'/1/0/10_13.jpg','image',0),('155',90,'/1/1/11_9.jpg','image',0),('156',90,'/1/2/12_8.jpg','image',0),('157',90,'/1/3/13_5.jpg','image',0),('158',90,'/1/4/14_4.jpg','image',0),('159',90,'/1/0/10_14.jpg','image',0),('160',90,'/1/1/11_10.jpg','image',0),('161',90,'/1/2/12_9.jpg','image',0),('162',90,'/1/3/13_6.jpg','image',0),('163',90,'/1/4/14_5.jpg','image',0),('164',90,'/7/_/7_15.jpg','image',0),('165',90,'/1/1/11_11.jpg','image',0),('166',90,'/1/2/12_10.jpg','image',0),('167',90,'/1/3/13_7.jpg','image',0),('168',90,'/1/4/14_6.jpg','image',0),('169',90,'/1/5/15.jpg','image',0),('170',90,'/1/6/16_1.jpg','image',0),('171',90,'/1/2/12_11.jpg','image',0),('172',90,'/1/3/13_8.jpg','image',0),('173',90,'/1/4/14_7.jpg','image',0),('174',90,'/1/5/15_1.jpg','image',0),('175',90,'/1/6/16_2.jpg','image',0),('176',90,'/1/7/17.jpg','image',0);

--
-- Table structure for table `catalog_product_entity_media_gallery_value`
--

CREATE TABLE `catalog_product_entity_media_gallery_value` (
  `value_id` int(10) unsigned NOT NULL DEFAULT '0' COMMENT 'Value ID',
  `store_id` smallint(5) unsigned NOT NULL DEFAULT '0' COMMENT 'Store ID',
  `entity_id` int(10) unsigned NOT NULL DEFAULT '0' COMMENT 'Entity ID',
  `label` varchar(255) DEFAULT NULL COMMENT 'Label',
  `position` int(10) unsigned DEFAULT NULL COMMENT 'Position',
  `disabled` smallint(5) unsigned NOT NULL DEFAULT '0' COMMENT 'Is Disabled',
  `record_id` int(10) unsigned NOT NULL AUTO_INCREMENT COMMENT 'Record Id',
  PRIMARY KEY (`record_id`),
  KEY `CATALOG_PRODUCT_ENTITY_MEDIA_GALLERY_VALUE_STORE_ID` (`store_id`),
  KEY `CATALOG_PRODUCT_ENTITY_MEDIA_GALLERY_VALUE_ENTITY_ID` (`entity_id`),
  KEY `CATALOG_PRODUCT_ENTITY_MEDIA_GALLERY_VALUE_VALUE_ID` (`value_id`)
) ENGINE=InnoDB AUTO_INCREMENT=280 DEFAULT CHARSET=utf8 COMMENT='Catalog Product Media Gallery Attribute Value Table';

--
-- Dumping data for table `catalog_product_entity_media_gallery_value`
--

INSERT INTO `catalog_product_entity_media_gallery_value` VALUES ('1',0,'1',NULL,'1',0,'7'),('2',0,'1',NULL,'2',0,'8'),('3',0,'1',NULL,'3',0,'9'),('4',0,'1',NULL,'4',0,'10'),('5',0,'1',NULL,'5',0,'11'),('6',0,'1',NULL,'6',0,'12'),('7',0,'2',NULL,'1',0,'19'),('8',0,'2',NULL,'2',0,'20'),('9',0,'2',NULL,'3',0,'21'),('10',0,'2',NULL,'4',0,'22'),('11',0,'2',NULL,'5',0,'23'),('12',0,'2',NULL,'6',0,'24'),('13',0,'7',NULL,'1',0,'25'),('15',0,'9',NULL,'1',0,'27'),('16',0,'9',NULL,'2',0,'28'),('17',0,'9',NULL,'3',0,'29'),('18',0,'9',NULL,'4',0,'30'),('19',0,'9',NULL,'5',0,'31'),('20',0,'9',NULL,'6',0,'32'),('21',0,'10',NULL,'1',0,'33'),('22',0,'10',NULL,'2',0,'34'),('23',0,'10',NULL,'3',0,'35'),('24',0,'10',NULL,'4',0,'36'),('25',0,'10',NULL,'5',0,'37'),('26',0,'10',NULL,'6',0,'38'),('27',0,'17',NULL,'1',0,'39'),('28',0,'17',NULL,'2',0,'40'),('29',0,'17',NULL,'3',0,'41'),('30',0,'17',NULL,'4',0,'42'),('31',0,'17',NULL,'5',0,'43'),('32',0,'17',NULL,'6',0,'44'),('51',0,'21',NULL,'1',0,'63'),('52',0,'21',NULL,'2',0,'64'),('53',0,'21',NULL,'3',0,'65'),('54',0,'21',NULL,'4',0,'66'),('55',0,'21',NULL,'5',0,'67'),('56',0,'21',NULL,'6',0,'68'),('81',0,'27',NULL,'1',0,'93'),('82',0,'27',NULL,'2',0,'94'),('83',0,'27',NULL,'3',0,'95'),('84',0,'27',NULL,'4',0,'96'),('85',0,'27',NULL,'5',0,'97'),('86',0,'27',NULL,'6',0,'98'),('99',0,'33',NULL,'1',0,'111'),('100',0,'33',NULL,'2',0,'112'),('101',0,'33',NULL,'3',0,'113'),('102',0,'33',NULL,'4',0,'114'),('103',0,'33',NULL,'5',0,'115'),('104',0,'33',NULL,'6',0,'116'),('111',0,'35',NULL,'1',0,'123'),('112',0,'35',NULL,'2',0,'124'),('113',0,'35',NULL,'3',0,'125'),('114',0,'35',NULL,'4',0,'126'),('115',0,'35',NULL,'5',0,'127'),('116',0,'35',NULL,'6',0,'128'),('117',0,'36',NULL,'1',0,'129'),('118',0,'36',NULL,'2',0,'130'),('119',0,'36',NULL,'3',0,'131'),('120',0,'36',NULL,'4',0,'132'),('121',0,'36',NULL,'5',0,'133'),('122',0,'36',NULL,'6',0,'134'),('123',0,'37',NULL,'1',0,'135'),('124',0,'37',NULL,'2',0,'136'),('125',0,'37',NULL,'3',0,'137'),('126',0,'37',NULL,'4',0,'138'),('127',0,'37',NULL,'5',0,'139'),('128',0,'37',NULL,'6',0,'140'),('141',0,'40',NULL,'1',0,'153'),('142',0,'40',NULL,'2',0,'154'),('143',0,'40',NULL,'3',0,'155'),('144',0,'40',NULL,'4',0,'156'),('145',0,'40',NULL,'5',0,'157'),('146',0,'40',NULL,'6',0,'158'),('153',0,'42',NULL,'1',0,'165'),('154',0,'42',NULL,'2',0,'166'),('155',0,'42',NULL,'3',0,'167'),('156',0,'42',NULL,'4',0,'168'),('157',0,'42',NULL,'5',0,'169'),('158',0,'42',NULL,'6',0,'170'),('159',0,'43',NULL,'1',0,'171'),('160',0,'43',NULL,'2',0,'172'),('161',0,'43',NULL,'3',0,'173'),('162',0,'43',NULL,'4',0,'174'),('163',0,'43',NULL,'5',0,'175'),('164',0,'43',NULL,'6',0,'176'),('171',0,'45',NULL,'1',0,'183'),('172',0,'45',NULL,'2',0,'184'),('173',0,'45',NULL,'3',0,'185'),('174',0,'45',NULL,'4',0,'186'),('175',0,'45',NULL,'5',0,'187'),('176',0,'45',NULL,'6',0,'188'),('14',0,'22',NULL,'1',0,'189'),('33',0,'18',NULL,'1',0,'190'),('34',0,'18',NULL,'2',0,'191'),('35',0,'18',NULL,'3',0,'192'),('36',0,'18',NULL,'4',0,'193'),('37',0,'18',NULL,'5',0,'194'),('38',0,'18',NULL,'6',0,'195'),('57',0,'23',NULL,'1',0,'196'),('58',0,'23',NULL,'2',0,'197'),('59',0,'23',NULL,'3',0,'198'),('60',0,'23',NULL,'4',0,'199'),('61',0,'23',NULL,'5',0,'200'),('62',0,'23',NULL,'6',0,'201'),('63',0,'24',NULL,'1',0,'202'),('64',0,'24',NULL,'2',0,'203'),('65',0,'24',NULL,'3',0,'204'),('66',0,'24',NULL,'4',0,'205'),('67',0,'24',NULL,'5',0,'206'),('68',0,'24',NULL,'6',0,'207'),('69',0,'25',NULL,'1',0,'208'),('70',0,'25',NULL,'2',0,'209'),('71',0,'25',NULL,'3',0,'210'),('72',0,'25',NULL,'4',0,'211'),('73',0,'25',NULL,'5',0,'212'),('74',0,'25',NULL,'6',0,'213'),('147',0,'41',NULL,'1',0,'220'),('148',0,'41',NULL,'2',0,'221'),('149',0,'41',NULL,'3',0,'222'),('150',0,'41',NULL,'4',0,'223'),('151',0,'41',NULL,'5',0,'224'),('152',0,'41',NULL,'6',0,'225'),('39',0,'19',NULL,'1',0,'226'),('40',0,'19',NULL,'2',0,'227'),('41',0,'19',NULL,'3',0,'228'),('42',0,'19',NULL,'4',0,'229'),('43',0,'19',NULL,'5',0,'230'),('44',0,'19',NULL,'6',0,'231'),('45',0,'20',NULL,'1',0,'232'),('46',0,'20',NULL,'2',0,'233'),('47',0,'20',NULL,'3',0,'234'),('48',0,'20',NULL,'4',0,'235'),('49',0,'20',NULL,'5',0,'236'),('50',0,'20',NULL,'6',0,'237'),('75',0,'26',NULL,'1',0,'238'),('76',0,'26',NULL,'2',0,'239'),('77',0,'26',NULL,'3',0,'240'),('78',0,'26',NULL,'4',0,'241'),('79',0,'26',NULL,'5',0,'242'),('80',0,'26',NULL,'6',0,'243'),('135',0,'39',NULL,'1',0,'244'),('136',0,'39',NULL,'2',0,'245'),('137',0,'39',NULL,'3',0,'246'),('138',0,'39',NULL,'4',0,'247'),('139',0,'39',NULL,'5',0,'248'),('140',0,'39',NULL,'6',0,'249'),('87',0,'28',NULL,'1',0,'250'),('88',0,'28',NULL,'2',0,'251'),('89',0,'28',NULL,'3',0,'252'),('90',0,'28',NULL,'4',0,'253'),('91',0,'28',NULL,'5',0,'254'),('92',0,'28',NULL,'6',0,'255'),('93',0,'29',NULL,'1',0,'256'),('94',0,'29',NULL,'2',0,'257'),('95',0,'29',NULL,'3',0,'258'),('96',0,'29',NULL,'4',0,'259'),('97',0,'29',NULL,'5',0,'260'),('98',0,'29',NULL,'6',0,'261'),('105',0,'34',NULL,'1',0,'262'),('106',0,'34',NULL,'2',0,'263'),('107',0,'34',NULL,'3',0,'264'),('108',0,'34',NULL,'4',0,'265'),('109',0,'34',NULL,'5',0,'266'),('110',0,'34',NULL,'6',0,'267'),('129',0,'38',NULL,'1',0,'268'),('130',0,'38',NULL,'2',0,'269'),('131',0,'38',NULL,'3',0,'270'),('132',0,'38',NULL,'4',0,'271'),('133',0,'38',NULL,'5',0,'272'),('134',0,'38',NULL,'6',0,'273'),('165',0,'44',NULL,'1',0,'274'),('166',0,'44',NULL,'2',0,'275'),('167',0,'44',NULL,'3',0,'276'),('168',0,'44',NULL,'4',0,'277'),('169',0,'44',NULL,'5',0,'278'),('170',0,'44',NULL,'6',0,'279');

--
-- Table structure for table `catalog_product_entity_media_gallery_value_to_entity`
--

CREATE TABLE `catalog_product_entity_media_gallery_value_to_entity` (
  `value_id` int(10) unsigned NOT NULL COMMENT 'Value media Entry ID',
  `entity_id` int(10) unsigned NOT NULL COMMENT 'Product entity ID',
  UNIQUE KEY `CAT_PRD_ENTT_MDA_GLR_VAL_TO_ENTT_VAL_ID_ENTT_ID` (`value_id`,`entity_id`),
  KEY `CAT_PRD_ENTT_MDA_GLR_VAL_TO_ENTT_ENTT_ID_CAT_PRD_ENTT_ENTT_ID` (`entity_id`)
) ENGINE=InnoDB DEFAULT CHARSET=utf8 COMMENT='Link Media value to Product entity table';

--
-- Dumping data for table `catalog_product_entity_media_gallery_value_to_entity`
--

INSERT INTO `catalog_product_entity_media_gallery_value_to_entity` VALUES ('1','1'),('2','1'),('3','1'),('4','1'),('5','1'),('6','1'),('7','2'),('8','2'),('9','2'),('10','2'),('11','2'),('12','2'),('13','7'),('14','22'),('15','9'),('16','9'),('17','9'),('18','9'),('19','9'),('20','9'),('21','10'),('22','10'),('23','10'),('24','10'),('25','10'),('26','10'),('27','17'),('28','17'),('29','17'),('30','17'),('31','17'),('32','17'),('33','18'),('34','18'),('35','18'),('36','18'),('37','18'),('38','18'),('39','19'),('40','19'),('41','19'),('42','19'),('43','19'),('44','19'),('45','20'),('46','20'),('47','20'),('48','20'),('49','20'),('50','20'),('51','21'),('52','21'),('53','21'),('54','21'),('55','21'),('56','21'),('57','23'),('58','23'),('59','23'),('60','23'),('61','23'),('62','23'),('63','24'),('64','24'),('65','24'),('66','24'),('67','24'),('68','24'),('69','25'),('70','25'),('71','25'),('72','25'),('73','25'),('74','25'),('75','26'),('76','26'),('77','26'),('78','26'),('79','26'),('80','26'),('81','27'),('82','27'),('83','27'),('84','27'),('85','27'),('86','27'),('87','28'),('88','28'),('89','28'),('90','28'),('91','28'),('92','28'),('93','29'),('94','29'),('95','29'),('96','29'),('97','29'),('98','29'),('99','33'),('100','33'),('101','33'),('102','33'),('103','33'),('104','33'),('105','34'),('106','34'),('107','34'),('108','34'),('109','34'),('110','34'),('111','35'),('112','35'),('113','35'),('114','35'),('115','35'),('116','35'),('117','36'),('118','36'),('119','36'),('120','36'),('121','36'),('122','36'),('123','37'),('124','37'),('125','37'),('126','37'),('127','37'),('128','37'),('129','38'),('130','38'),('131','38'),('132','38'),('133','38'),('134','38'),('135','39'),('136','39'),('137','39'),('138','39'),('139','39'),('140','39'),('141','40'),('142','40'),('143','40'),('144','40'),('145','40'),('146','40'),('147','41'),('148','41'),('149','41'),('150','41'),('151','41'),('152','41'),('153','42'),('154','42'),('155','42'),('156','42'),('157','42'),('158','42'),('159','43'),('160','43'),('161','43'),('162','43'),('163','43'),('164','43'),('165','44'),('166','44'),('167','44'),('168','44'),('169','44'),('170','44'),('171','45'),('172','45'),('173','45'),('174','45'),('175','45'),('176','45');

--
-- Table structure for table `catalog_product_entity_media_gallery_value_video`
--

CREATE TABLE `catalog_product_entity_media_gallery_value_video` (
  `value_id` int(10) unsigned NOT NULL COMMENT 'Media Entity ID',
  `store_id` smallint(5) unsigned NOT NULL DEFAULT '0' COMMENT 'Store ID',
  `provider` varchar(32) DEFAULT NULL COMMENT 'Video provider ID',
  `url` text COMMENT 'Video URL',
  `title` varchar(255) DEFAULT NULL COMMENT 'Title',
  `description` text COMMENT 'Page Meta Description',
  `metadata` text COMMENT 'Video meta data',
  UNIQUE KEY `CAT_PRD_ENTT_MDA_GLR_VAL_VIDEO_VAL_ID_STORE_ID` (`value_id`,`store_id`),
  KEY `CAT_PRD_ENTT_MDA_GLR_VAL_VIDEO_STORE_ID_STORE_STORE_ID` (`store_id`)
) ENGINE=InnoDB DEFAULT CHARSET=utf8 COMMENT='Catalog Product Video Table';

--
-- Table structure for table `catalog_product_entity_text`
--

CREATE TABLE `catalog_product_entity_text` (
  `value_id` int(11) NOT NULL AUTO_INCREMENT COMMENT 'Value ID',
  `attribute_id` smallint(5) unsigned NOT NULL DEFAULT '0' COMMENT 'Attribute ID',
  `store_id` smallint(5) unsigned NOT NULL DEFAULT '0' COMMENT 'Store ID',
  `entity_id` int(10) unsigned NOT NULL DEFAULT '0' COMMENT 'Entity ID',
  `value` text COMMENT 'Value',
  PRIMARY KEY (`value_id`),
  UNIQUE KEY `CATALOG_PRODUCT_ENTITY_TEXT_ENTITY_ID_ATTRIBUTE_ID_STORE_ID` (`entity_id`,`attribute_id`,`store_id`),
  KEY `CATALOG_PRODUCT_ENTITY_TEXT_ATTRIBUTE_ID` (`attribute_id`),
  KEY `CATALOG_PRODUCT_ENTITY_TEXT_STORE_ID` (`store_id`)
) ENGINE=InnoDB AUTO_INCREMENT=136 DEFAULT CHARSET=utf8 COMMENT='Catalog Product Text Attribute Backend Table';

--
-- Dumping data for table `catalog_product_entity_text`
--

INSERT INTO `catalog_product_entity_text` VALUES ('1',75,0,'1','<p>The sporty Joust Duffle Bag can\'t be beat - not in the gym, not on the luggage carousel, not anywhere. Big enough to haul a basketball or soccer ball and some sneakers with plenty of room to spare, it\'s ideal for athletes with places to go.</p>\r\n<ul>\r\n<li>Dual top handles.</li>\r\n<li>Adjustable shoulder strap.</li>\r\n<li>Full-length zipper.</li>\r\n<li>L 29\" x W 13\" x H 11\".</li>\r\n</ul>'),('2',76,0,'1','<p>The sporty Joust Duffle Bag can\'t be beat - not in the gym, not on the luggage carousel, not anywhere. Big enough to haul a basketball or soccer ball and some sneakers with plenty of room to spare, it\'s ideal for athletes with places to go.</p>'),('3',85,0,'1','Joust Duffle Bag'),('4',75,0,'2','<p>Ideal for cold-weather training or work outdoors, the Chaz Hoodie promises superior warmth with every wear. Thick material blocks out the wind as ribbed cuffs and bottom band seal in body heat.</p>\r\n<p>&bull; Two-tone gray heather hoodie.<br />&bull; Drawstring-adjustable hood. <br />&bull; Machine wash/dry.</p>'),('5',76,0,'2','<p>Ideal for cold-weather training or work outdoors, the Chaz Hoodie promises superior warmth with every wear. Thick material blocks out the wind as ribbed cuffs and bottom band seal in body heat.</p>\r\n<p>&bull; Two-tone gray heather hoodie.<br />&bull; Drawstring-adjustable hood. <br />&bull; Machine wash/dry.</p>'),('6',85,0,'2','Chaz Kangeroo Hoodie'),('19',75,0,'7','<p>Ideal for cold-weather training or work outdoors, the Chaz Hoodie promises superior warmth with every wear. Thick material blocks out the wind as ribbed cuffs and bottom band seal in body heat.</p>\r\n<p>&bull; Two-tone gray heather hoodie.<br />&bull; Drawstring-adjustable hood. <br />&bull; Machine wash/dry.</p>'),('20',76,0,'7','<p>Ideal for cold-weather training or work outdoors, the Chaz Hoodie promises superior warmth with every wear. Thick material blocks out the wind as ribbed cuffs and bottom band seal in body heat.</p>\r\n<p>&bull; Two-tone gray heather hoodie.<br />&bull; Drawstring-adjustable hood. <br />&bull; Machine wash/dry.</p>'),('21',85,0,'7','Chaz Kangeroo Hoodie'),('25',75,0,'9','<p>Great set of Sprite Yoga Straps for every stretch and hold you need. There are three straps in this set: 6\', 8\' and 10\'.</p>\r\n<ul>\r\n<li>100% soft and durable cotton.</li>\r\n<li>Plastic cinch buckle is easy to use.</li>\r\n<li>Choice of three natural colors made from phthalate and heavy metal free dyes.</li>\r\n</ul>'),('26',76,0,'9','<p>Great set of Sprite Yoga Straps for every stretch and hold you need. There are three straps in this set: 6\', 8\' and 10\'.</p>'),('27',85,0,'9','Set of Sprite Yoga Straps'),('28',75,0,'10','<p>&lt;p&gt;A well-rounded yoga workout takes more than a mat. The Sprite Yoga Companion Kit helps stock your studio with the basics you need for a full-range workout. The kit is composed of four best-selling Luma Sprite accessories in one easy bundle: statis ball, foam block, yoga strap, and foam roller. Choose sizes and colors and leave the rest to us. The kit includes:&lt;/p&gt;<br />&lt;ul&gt;<br />&lt;li&gt;Sprite Statis Ball&lt;/li&gt;<br />&lt;li&gt;Sprite Foam Yoga Brick&lt;/li&gt;<br />&lt;li&gt;Sprite Yoga Strap&lt;/li&gt;<br />&lt;li&gt;Sprite Foam Roller&lt;/li&gt;<br />&lt;/ul&gt;</p>'),('29',76,0,'10','<p>A well-rounded yoga workout takes more than a mat. The Sprite Yoga Companion Kit helps stock your studio with the basics you need for a full-range workout. The kit is composed of four best-selling Luma Sprite accessories in one easy bundle: statis ball, foam block, yoga strap, and foam roller. Choose sizes and colors and leave the rest to us. The kit includes:</p>'),('30',85,0,'10','Sprite Yoga Companion Kit'),('49',85,0,'17','Beginner\'s Yoga'),('50',75,0,'18','<p>Convenience is next to nothing when your day is crammed with action. So whether you\'re heading to class, gym, or the unbeaten path, make sure you\'ve got your Strive Shoulder Pack stuffed with all your essentials, and extras as well.</p>\r\n<ul>\r\n<li>Zippered main compartment.</li>\r\n<li>Front zippered pocket.</li>\r\n<li>Side mesh pocket.</li>\r\n<li>Cell phone pocket on strap.</li>\r\n<li>Adjustable shoulder strap and top carry handle.</li>\r\n</ul>'),('51',76,0,'18','<p>Convenience is next to nothing when your day is crammed with action. So whether you\'re heading to class, gym, or the unbeaten path, make sure you\'ve got your Strive Shoulder Pack stuffed with all your essentials, and extras as well.</p>'),('52',85,0,'18','Strive Shoulder Pack'),('53',75,0,'19','<p>The Crown Summit Backpack is equally at home in a gym locker, study cube or a pup tent, so be sure yours is packed with books, a bag lunch, water bottles, yoga block, laptop, or whatever else you want in hand. Rugged enough for day hikes and camping trips, it has two large zippered compartments and padded, adjustable shoulder straps.<br /><br />Top handle.<br />Grommet holes.<br />Two-way zippers.<br />&lt;li&gt;H 20\" x W 14\" x D 12\".<br />Weight: 2 lbs, 8 oz. Volume: 29 L.<br /><br /></p>'),('54',76,0,'19','<p>The Crown Summit Backpack is equally at home in a gym locker, study cube or a pup tent, so be sure yours is packed with books, a bag lunch, water bottles, yoga block, laptop, or whatever else you want in hand. Rugged enough for day hikes and camping trips, it has two large zippered compartments and padded, adjustable shoulder straps.</p>'),('55',85,0,'19','Crown Summit Backpack'),('56',75,0,'20','<p>Perfect for class, work or the gym, the Wayfarer Messenger Bag is packed with pockets. The dual-buckle flap closure reveals an organizational panel, and the roomy main compartment has spaces for your laptop and a change of clothes. An adjustable shoulder strap and easy-grip handle promise easy carrying.</p>\r\n<ul>\r\n<li>Multiple internal zip pockets.</li>\r\n<li>Made of durable nylon.</li>\r\n</ul>'),('57',76,0,'20','<p>Perfect for class, work or the gym, the Wayfarer Messenger Bag is packed with pockets. The dual-buckle flap closure reveals an organizational panel, and the roomy main compartment has spaces for your laptop and a change of clothes. An adjustable shoulder strap and easy-grip handle promise easy carrying.</p>'),('58',85,0,'20','Wayfarer Messenger Bag'),('59',75,0,'21','<p>The Rival Field Messenger packs all your campus, studio or trail essentials inside a unique design of soft, textured leather - with loads of character to spare. Two exterior pockets keep all your smaller items handy, and the roomy interior offers even more space.</p>\r\n<ul>\r\n<li>Leather construction.</li>\r\n<li>Adjustable fabric carry strap.</li>\r\n<li>Dimensions: 18\" x 10\" x 4\".</li>\r\n</ul>'),('60',76,0,'21','<p>The Rival Field Messenger packs all your campus, studio or trail essentials inside a unique design of soft, textured leather - with loads of character to spare. Two exterior pockets keep all your smaller items handy, and the roomy interior offers even more space.</p>'),('61',85,0,'21','Rival Field Messenger'),('62',75,0,'22','<p>Ideal for cold-weather training or work outdoors, the Chaz Hoodie promises superior warmth with every wear. Thick material blocks out the wind as ribbed cuffs and bottom band seal in body heat.</p>\r\n<p>&bull; Two-tone gray heather hoodie.<br />&bull; Drawstring-adjustable hood. <br />&bull; Machine wash/dry.</p>'),('63',76,0,'22','<p>Ideal for cold-weather training or work outdoors, the Chaz Hoodie promises superior warmth with every wear. Thick material blocks out the wind as ribbed cuffs and bottom band seal in body heat.</p>\r\n<p>&bull; Two-tone gray heather hoodie.<br />&bull; Drawstring-adjustable hood. <br />&bull; Machine wash/dry.</p>'),('64',85,0,'22','Chaz Kangeroo Hoodie'),('65',75,0,'23','<p>With the Fusion Backpack strapped on, every trek is an adventure - even a bus ride to work. That\'s partly because two large zippered compartments store everything you need, while a front zippered pocket and side mesh pouches are perfect for stashing those little extras, in case you change your mind and take the day off.</p>\r\n<ul>\r\n<li>Durable nylon construction.</li>\r\n<li>2 main zippered compartments.</li>\r\n<li>1 exterior zippered pocket.</li>\r\n<li>Mesh side pouches.</li>\r\n<li>Padded, adjustable straps.</li>\r\n<li>Top carry handle.</li>\r\n<li>Dimensions: 18\" x 10\" x 6\".</li>\r\n</ul>'),('66',76,0,'23','<p>With the Fusion Backpack strapped on, every trek is an adventure - even a bus ride to work. That\'s partly because two large zippered compartments store everything you need, while a front zippered pocket and side mesh pouches are perfect for stashing those little extras, in case you change your mind and take the day off.</p>'),('67',85,0,'23','Fusion Backpack'),('68',75,0,'24','<p>Good for beach trips, track meets, yoga retreats and more, the Impulse Duffle is the companion you\'ll want at your side. A large U-shaped opening makes packing a hassle-free affair, while a zippered interior pocket keeps jewelry and other small valuables safely tucked out of sight.</p>\r\n<ul>\r\n<li>Wheeled.</li>\r\n<li>Dual carry handles.</li>\r\n<li>Retractable top handle.</li>\r\n<li>W 14\" x H 26\" x D 11\".</li>\r\n</ul>'),('69',76,0,'24','<p>Good for beach trips, track meets, yoga retreats and more, the Impulse Duffle is the companion you\'ll want at your side. A large U-shaped opening makes packing a hassle-free affair, while a zippered interior pocket keeps jewelry and other small valuables safely tucked out of sight.</p>'),('70',85,0,'24','Impulse Duffle'),('71',75,0,'25','<p>Everything you need for a trip to the gym will fit inside this surprisingly spacious Voyage Yoga Bag. Stock it with a water bottle, change of clothes, pair of shoes, and even a few beauty products. Fits inside a locker and zips shut for security.</p>\r\n<ul>\r\n<li>Slip pocket on front.</li>\r\n<li>Contrast piping.</li>\r\n<li>Durable nylon construction.</li>\r\n</ul>'),('72',76,0,'25','<p>Everything you need for a trip to the gym will fit inside this surprisingly spacious Voyage Yoga Bag. Stock it with a water bottle, change of clothes, pair of shoes, and even a few beauty products. Fits inside a locker and zips shut for security.</p>'),('73',85,0,'25','Voyage Yoga Bag'),('74',75,0,'26','<p>The Compete Track Tote holds a host of exercise supplies with ease. Stash your towel, jacket and street shoes inside. Tuck water bottles in easy-access external spaces. Perfect for trips to gym or yoga studio, with dual top handles for convenience to and from.</p>\r\n<ul>\r\n<li>Two-way zippers.</li>\r\n<li>Contrast detailing.</li>\r\n<li>W 22.0\" x H 17\" x D 10\".</li>\r\n</ul>'),('75',76,0,'26','<p>The Compete Track Tote holds a host of exercise supplies with ease. Stash your towel, jacket and street shoes inside. Tuck water bottles in easy-access external spaces. Perfect for trips to gym or yoga studio, with dual top handles for convenience to and from.</p>\r\n<p></p>'),('76',85,0,'26','Compete Track Tote'),('77',75,0,'27','<p>Powerwalking to the gym or strolling to the local coffeehouse, the Savvy Shoulder Tote lets you stash your essentials in sporty style! A top-loading compartment provides quick and easy access to larger items, while zippered pockets on the front and side hold cash, credit cards and phone.</p>\r\n<ul>\r\n<li>Water-resistant shell.</li>\r\n<li>Water bottle pocket.</li>\r\n<li>Padded, articulating shoulder strap.</li>\r\n<li>Dimensions: W 21\" x H 15\" x D 10\".</li>\r\n</ul>'),('78',76,0,'27','<p>Powerwalking to the gym or strolling to the local coffeehouse, the Savvy Shoulder Tote lets you stash your essentials in sporty style! A top-loading compartment provides quick and easy access to larger items, while zippered pockets on the front and side hold cash, credit cards and phone.</p>'),('79',85,0,'27','Savvy Shoulder Tote'),('80',75,0,'28','<p>With more room than it appears, the Endeavor Daytrip Backpack will hold a whole day\'s worth of books, binders and gym clothes. The spacious main compartment includes a dedicated laptop sleeve. Two other compartments offer extra storage space.</p>\r\n<ul>\r\n<li>Foam-padded adjustable shoulder straps.</li>\r\n<li>900D polyester.</li>\r\n<li>Oversized zippers.</li>\r\n<li>Locker loop.</li>\r\n</ul>'),('81',76,0,'28','<p>With more room than it appears, the Endeavor Daytrip Backpack will hold a whole day\'s worth of books, binders and gym clothes. The spacious main compartment includes a dedicated laptop sleeve. Two other compartments offer extra storage space.</p>'),('82',85,0,'28','Endeavor Daytrip Backpack'),('83',75,0,'29','<p>School books, camp gear and yoga clothes get along just fine in the all-purpose Driven Backpack. Crafted with tough polyester ripstop fabric, it\'s outfitted with rubberized end panels and padded, adjustable shoulder straps. The roomy main compartment features molded foam pockets that host everything you need.</p>\r\n<ul>\r\n<li>Large main and small zip compartments.</li>\r\n<li>Adjustable, padded straps.</li>\r\n<li>Interior foam pockets.</li>\r\n<li>Exterior zip compartment.</li>\r\n<li>Left sport bottle pocket.</li>\r\n<li>Survival gear sold separately.</li>\r\n</ul>'),('84',76,0,'29','<p>School books, camp gear and yoga clothes get along just fine in the all-purpose Driven Backpack. Crafted with tough polyester ripstop fabric, it\'s outfitted with rubberized end panels and padded, adjustable shoulder straps. The roomy main compartment features molded foam pockets that host everything you need.</p>'),('85',85,0,'29','Driven Backpack'),('95',75,0,'33','<p>For long weekends away, camping outings and business trips, the Overnight Duffle can\'t be beat. The dual handles make it a cinch to carry, while the durable waterproof exterior helps you worry less about the weather. With multiple organizational pockets inside and out, it\'s the perfect travel companion.</p>\r\n<ul>\r\n<li>Dual top handles.</li>\r\n<li>W 15\" x H 15\" x D 9\".</li>\r\n</ul>'),('96',76,0,'33','<p>For long weekends away, camping outings and business trips, the Overnight Duffle can\'t be beat. The dual handles make it a cinch to carry, while the durable waterproof exterior helps you worry less about the weather. With multiple organizational pockets inside and out, it\'s the perfect travel companion.</p>'),('97',85,0,'33','Overnight Duffle'),('98',75,0,'34','<p>The name says so, but the Push It Messenger Bag is much more than a busy commuter\'s tote. It\'s a closet away from home when you\'re pedaling from class or work to gym and back or home again. It\'s the perfect size and shape for laptop, folded clothes, even extra shoes.</p>\r\n<ul>\r\n<li>Adjustable crossbody strap.</li>\r\n<li>Top handle.</li>\r\n<li>Zippered interior pocket.</li>\r\n<li>Secure clip closures.</li>\r\n<li>Durable fabric construction.</li>\r\n</ul>'),('99',76,0,'34','<p>The name says so, but the Push It Messenger Bag is much more than a busy commuter\'s tote. It\'s a closet away from home when you\'re pedaling from class or work to gym and back or home again. It\'s the perfect size and shape for laptop, folded clothes, even extra shoes.</p>'),('100',85,0,'34','Push It Messenger Bag'),('101',75,0,'35','<p>You\'ll stay hydrated with ease with the Affirm Water Bottle by your side or in hand. Measurements on the outside help you keep track of how much you\'re drinking, while the screw-top lid prevents spills. A metal carabiner clip allows you to attach it to the outside of a backpack or bag for easy access.</p>\r\n<ul>\r\n<li>Made of plastic.</li>\r\n<li>Grooved sides for an easy grip.</li>\r\n</ul>'),('102',76,0,'35','<p>You\'ll stay hydrated with ease with the Affirm Water Bottle by your side or in hand. Measurements on the outside help you keep track of how much you\'re drinking, while the screw-top lid prevents spills. A metal carabiner clip allows you to attach it to the outside of a backpack or bag for easy access.</p>'),('103',85,0,'35','Affirm Water Bottle '),('104',75,0,'36','<p>Make the most of your limited workout window with our Dual-Handle Cardio Ball. The 15-lb ball maximizes the effort-impact to your abdominal, upper arm and lower-body muscles. It features a handle on each side for a firm, secure grip.</p>\r\n<ul>\r\n<li>Durable plastic shell with sand fill.</li>\r\n<li>Two handles.</li>\r\n<li>15 lbs.</li>\r\n</ul>'),('105',76,0,'36','<p>Make the most of your limited workout window with our Dual-Handle Cardio Ball. The 15-lb ball maximizes the effort-impact to your abdominal, upper arm and lower-body muscles. It features a handle on each side for a firm, secure grip.</p>'),('106',85,0,'36','Dual Handle Cardio Ball'),('107',75,0,'17','<p>Beginner\'s Yoga starts you down the path toward strength, balance and mental focus. With this video download, you don\'t have to be a great athlete or gym guru to learn the best and most basic techniques for lifelong yoga foundation.</p>\r\n<ul>\r\n<li>Video download</li>\r\n<li>Five workouts.</li>\r\n<li>Balance, strength and endurance.</li>\r\n<li>Flexibility and core strength.</li>\r\n<li>Includes modification for novices.</li>\r\n</ul>'),('108',76,0,'17','<p>Beginner\'s Yoga starts you down the path toward strength, balance and mental focus. With this video download, you don\'t have to be a great athlete or gym guru to learn the best and most basic techniques for lifelong yoga foundation.</p>'),('109',75,0,'37','<p>One of the world\'s simplest and most portable exercise devices, a jump rope enables endless variations and fitness output. The Zing Jump Rope goes anywhere and can be used any time. It is adjustable in length and has contoured foam handles for a great grip.</p>\r\n<ul>\r\n<li>Contoured foam handles.</li>\r\n<li>Adjustable length.</li>\r\n</ul>'),('110',76,0,'37','<p>One of the world\'s simplest and most portable exercise devices, a jump rope enables endless variations and fitness output. The Zing Jump Rope goes anywhere and can be used any time. It is adjustable in length and has contoured foam handles for a great grip.</p>'),('111',85,0,'37','Zing Jump Rope'),('112',75,0,'38','<p>The Go-Get\'r Pushup Grips safely provide the extra range of motion you need for a deep-dip routine targeting core, shoulder, chest and arm strength. Do fewer pushups using more energy, getting better results faster than the standard floor-level technique yield.</p>\r\n<ul>\r\n<li>Durable foam grips.</li>\r\n<li>Supportive base.</li>\r\n</ul>'),('113',76,0,'38','<p>The Go-Get\'r Pushup Grips safely provide the extra range of motion you need for a deep-dip routine targeting core, shoulder, chest and arm strength. Do fewer pushups using more energy, getting better results faster than the standard floor-level technique yield.</p>'),('114',85,0,'38','Go-Get\'r Pushup Grips'),('115',75,0,'39','<p>Our top-selling yoga prop, the 4-inch, high-quality Sprite Foam Yoga Brick is popular among yoga novices and studio professionals alike. An essential yoga accessory, the yoga brick is a critical tool for finding balance and alignment in many common yoga poses. Choose from 5 color options.</p>\r\n<ul>\r\n<li>Standard Large Size: 4\" x 6\" x 9\".</li>\r\n<li>Beveled edges for ideal contour grip.</li>\r\n<li>Durable and soft, scratch-proof foam.</li>\r\n<li>Individually wrapped.</li>\r\n<li>Ten color choices.</li>\r\n</ul>'),('116',76,0,'39','<p>Our top-selling yoga prop, the 4-inch, high-quality Sprite Foam Yoga Brick is popular among yoga novices and studio professionals alike. An essential yoga accessory, the yoga brick is a critical tool for finding balance and alignment in many common yoga poses. Choose from 5 color options.</p>'),('117',85,0,'39','Sprite Foam Yoga Brick'),('118',75,0,'40','<p>Stay light-years ahead of the competition with our Aim Analog Watch. The flexible, rubberized strap is contoured to conform to the shape of your wrist for a comfortable all-day fit. The face features three illuminated hands, a digital read-out of the current time, and stopwatch functions.</p>\r\n<ul>\r\n<li>Japanese quartz movement.</li>\r\n<li>Strap fits 7\" to 8.0\".</li>\r\n</ul>'),('119',76,0,'40','<p>Stay light-years ahead of the competition with our Aim Analog Watch. The flexible, rubberized strap is contoured to conform to the shape of your wrist for a comfortable all-day fit. The face features three illuminated hands, a digital read-out of the current time, and stopwatch functions.</p>'),('120',85,0,'40','Aim Analog'),('121',75,0,'41','<p>It\'s easy to track and monitor your training progress with the Endurance Watch. You\'ll see standard info like time, date and day of the week, but it also functions for the serious high-mileage athete: lap counter, stopwatch, distance, heart rate, speed/pace, cadence and altitude.</p>\r\n<ul>\r\n<li>Digital display.</li>\r\n<li>LED backlight.</li>\r\n<li>Strap fits 7\" to 10\".</li>\r\n<li>1-year limited warranty.</li>\r\n<li>Comes with polished metal case.</li>\r\n</ul>'),('122',76,0,'41','<p>It\'s easy to track and monitor your training progress with the Endurance Watch. You\'ll see standard info like time, date and day of the week, but it also functions for the serious high-mileage athete: lap counter, stopwatch, distance, heart rate, speed/pace, cadence and altitude.</p>'),('123',85,0,'41','Endurance'),('124',75,0,'42','<p>Trek high and low in the attractive Summit Watch, which features a digital LED display with time and date, stopwatch, lap counter, and 3-second backlight. It can also calculate the number of steps taken and calories burned.</p>\r\n<ul>\r\n<li>Brushed metal case.</li>\r\n<li>Water resistant (100 meters).</li>\r\n<li>Buckle clasp.</li>\r\n<li>Strap fits 7\" - 10\".</li>\r\n<li>1-year limited warranty.</li>\r\n</ul>'),('125',76,0,'42','<p>Trek high and low in the attractive Summit Watch, which features a digital LED display with time and date, stopwatch, lap counter, and 3-second backlight. It can also calculate the number of steps taken and calories burned.</p>'),('126',85,0,'42','Summit'),('127',75,0,'43','<p>Whether you\'re traveling or wish you were, you\'ll never let time zones perplex you again with the Cruise Dual Analog Watch. The thick, adjustable band promises a comfortable, personalized fit to this classy, modern time piece.</p>\r\n<ul>\r\n<li>Two dials.</li>\r\n<li>Stainless steel case.</li>\r\n<li>Adjustable leather band.</li>\r\n</ul>'),('128',76,0,'43','<p>Whether you\'re traveling or wish you were, you\'ll never let time zones perplex you again with the Cruise Dual Analog Watch. The thick, adjustable band promises a comfortable, personalized fit to this classy, modern time piece.</p>'),('129',85,0,'43','Cruise Dual Analog'),('130',75,0,'44','<p>The Dash Digital Watch will challenge you to push harder and longer. Log workouts by date, average, and segment times, and recharge by setting hydration and nutrition alarms. This watch is styled with a sleek, square face and durable rubber strap for a long life.</p>\r\n<ul>\r\n<li>Digital display.</li>\r\n<li>LED backlight.</li>\r\n<li>Rubber strap with buckle clasp.</li>\r\n<li>1-year limited warranty.</li>\r\n</ul>'),('131',76,0,'44','<p>The Dash Digital Watch will challenge you to push harder and longer. Log workouts by date, average, and segment times, and recharge by setting hydration and nutrition alarms. This watch is styled with a sleek, square face and durable rubber strap for a long life.</p>'),('132',85,0,'44','Dash Digital'),('133',75,0,'45','<p>Designed to stand up to your active lifestyle, this women\'s Luma Analog Watch features a tasteful brushed chrome finish and a stainless steel, water-resistant construction for lasting durability.</p>\r\n<ul>\r\n<li>Precision Miyota&reg; three-hand movement.</li>\r\n</ul>'),('134',76,0,'45','<p>Designed to stand up to your active lifestyle, this women\'s Luma Analog Watch features a tasteful brushed chrome finish and a stainless steel, water-resistant construction for lasting durability.</p>'),('135',85,0,'45','Luma Analog');

--
-- Table structure for table `catalog_product_entity_tier_price`
--

CREATE TABLE `catalog_product_entity_tier_price` (
  `value_id` int(11) NOT NULL AUTO_INCREMENT COMMENT 'Value ID',
  `entity_id` int(10) unsigned NOT NULL DEFAULT '0' COMMENT 'Entity ID',
  `all_groups` smallint(5) unsigned NOT NULL DEFAULT '1' COMMENT 'Is Applicable To All Customer Groups',
  `customer_group_id` smallint(5) unsigned NOT NULL DEFAULT '0' COMMENT 'Customer Group ID',
  `qty` decimal(12,4) NOT NULL DEFAULT '1.0000' COMMENT 'QTY',
  `value` decimal(12,4) NOT NULL DEFAULT '0.0000' COMMENT 'Value',
  `website_id` smallint(5) unsigned NOT NULL COMMENT 'Website ID',
  PRIMARY KEY (`value_id`),
  UNIQUE KEY `UNQ_E8AB433B9ACB00343ABB312AD2FAB087` (`entity_id`,`all_groups`,`customer_group_id`,`qty`,`website_id`),
  KEY `CATALOG_PRODUCT_ENTITY_TIER_PRICE_CUSTOMER_GROUP_ID` (`customer_group_id`),
  KEY `CATALOG_PRODUCT_ENTITY_TIER_PRICE_WEBSITE_ID` (`website_id`)
) ENGINE=InnoDB DEFAULT CHARSET=utf8 COMMENT='Catalog Product Tier Price Attribute Backend Table';

--
-- Table structure for table `catalog_product_entity_varchar`
--

CREATE TABLE `catalog_product_entity_varchar` (
  `value_id` int(11) NOT NULL AUTO_INCREMENT COMMENT 'Value ID',
  `attribute_id` smallint(5) unsigned NOT NULL DEFAULT '0' COMMENT 'Attribute ID',
  `store_id` smallint(5) unsigned NOT NULL DEFAULT '0' COMMENT 'Store ID',
  `entity_id` int(10) unsigned NOT NULL DEFAULT '0' COMMENT 'Entity ID',
  `value` varchar(255) DEFAULT NULL COMMENT 'Value',
  PRIMARY KEY (`value_id`),
  UNIQUE KEY `CATALOG_PRODUCT_ENTITY_VARCHAR_ENTITY_ID_ATTRIBUTE_ID_STORE_ID` (`entity_id`,`attribute_id`,`store_id`),
  KEY `CATALOG_PRODUCT_ENTITY_VARCHAR_ATTRIBUTE_ID` (`attribute_id`),
  KEY `CATALOG_PRODUCT_ENTITY_VARCHAR_STORE_ID` (`store_id`)
) ENGINE=InnoDB AUTO_INCREMENT=763 DEFAULT CHARSET=utf8 COMMENT='Catalog Product Varchar Attribute Backend Table';

--
-- Dumping data for table `catalog_product_entity_varchar`
--

INSERT INTO `catalog_product_entity_varchar` VALUES ('1',73,0,'1','Joust Duffle Bag'),('2',84,0,'1','Joust Duffle Bag'),('3',86,0,'1','Joust Duffle Bag The sporty Joust Duffle Bag can\'t be beat - not in the gym, not on the luggage carousel, not anywhere. Big enough to haul a basketball or soccer ball and some sneakers with plenty of room to spare, it\'s ideal for athletes with places to g'),('4',106,0,'1','container2'),('5',119,0,'1','joust-duffle-bag'),('6',134,0,'1','2'),('7',73,0,'2','Chaz Kangeroo Hoodie'),('8',84,0,'2','Chaz Kangeroo Hoodie'),('9',86,0,'2','Chaz Kangeroo Hoodie Ideal for cold-weather training or work outdoors, the Chaz Hoodie promises superior warmth with every wear. Thick material blocks out the wind as ribbed cuffs and bottom band seal in body heat.\r\n• Two-tone gray heather hoodie.• Drawst'),('10',106,0,'2','container2'),('11',119,0,'2','chaz-kangeroo-hoodie'),('12',134,0,'2','2'),('37',73,0,'7','MH01-Black'),('38',84,0,'7','Chaz Kangeroo Hoodie'),('39',86,0,'7','Chaz Kangeroo Hoodie Ideal for cold-weather training or work outdoors, the Chaz Hoodie promises superior warmth with every wear. Thick material blocks out the wind as ribbed cuffs and bottom band seal in body heat.\r\n• Two-tone gray heather hoodie.• Drawst'),('40',106,0,'7','container2'),('41',119,0,'7','mh01-black'),('42',134,0,'7','2'),('49',73,0,'9','Set of Sprite Yoga Straps'),('50',84,0,'9','Set of Sprite Yoga Straps'),('51',86,0,'9','Set of Sprite Yoga Straps Great set of Sprite Yoga Straps for every stretch and hold you need. There are three straps in this set: 6\', 8\' and 10\'.\r\n\r\n100% soft and durable cotton.\r\nPlastic cinch buckle is easy to use.\r\nChoice of three natural colors made '),('52',106,0,'9','container2'),('53',119,0,'9','set-of-sprite-yoga-straps'),('54',134,0,'9','2'),('55',73,0,'10','Sprite Yoga Companion Kit'),('56',84,0,'10','Sprite Yoga Companion Kit'),('57',86,0,'10','Sprite Yoga Companion Kit <p>A well-rounded yoga workout takes more than a mat. The Sprite Yoga Companion Kit helps stock your studio with the basics you need for a full-range workout. The kit is composed of four best-selling Luma Sprite accessories in on'),('58',106,0,'10','container2'),('59',119,0,'10','sprite-yoga-companion-kit'),('60',134,0,'10','2'),('97',73,0,'17','Beginner\'s Yoga'),('98',84,0,'17','Beginner\'s Yoga'),('99',86,0,'17','Beginner\'s Yoga '),('100',106,0,'17','container2'),('101',119,0,'17','beginner-s-yoga'),('102',129,0,'17','Trailers'),('103',130,0,'17','Links'),('104',134,0,'17','2'),('105',73,0,'18','Strive Shoulder Pack'),('106',84,0,'18','Strive Shoulder Pack'),('107',86,0,'18','Strive Shoulder Pack Convenience is next to nothing when your day is crammed with action. So whether you\'re heading to class, gym, or the unbeaten path, make sure you\'ve got your Strive Shoulder Pack stuffed with all your essentials, and extras as well.\r\n'),('108',106,0,'18','container2'),('109',119,0,'18','strive-shoulder-pack'),('110',134,0,'18','2'),('111',73,0,'19','Crown Summit Backpack'),('112',84,0,'19','Crown Summit Backpack'),('113',86,0,'19','Crown Summit Backpack <p>The Crown Summit Backpack is equally at home in a gym locker, study cube or a pup tent, so be sure yours is packed with books, a bag lunch, water bottles, yoga block, laptop, or whatever else you want in hand. Rugged enough for da'),('114',106,0,'19','container2'),('115',119,0,'19','crown-summit-backpack'),('116',134,0,'19','2'),('117',73,0,'20','Wayfarer Messenger Bag'),('118',84,0,'20','Wayfarer Messenger Bag'),('119',86,0,'20','Wayfarer Messenger Bag Perfect for class, work or the gym, the Wayfarer Messenger Bag is packed with pockets. The dual-buckle flap closure reveals an organizational panel, and the roomy main compartment has spaces for your laptop and a change of clothes. '),('120',106,0,'20','container2'),('121',119,0,'20','wayfarer-messenger-bag'),('122',134,0,'20','2'),('123',73,0,'21','Rival Field Messenger'),('124',84,0,'21','Rival Field Messenger'),('125',86,0,'21','Rival Field Messenger The Rival Field Messenger packs all your campus, studio or trail essentials inside a unique design of soft, textured leather - with loads of character to spare. Two exterior pockets keep all your smaller items handy, and the roomy in'),('126',106,0,'21','container2'),('127',119,0,'21','rival-field-messenger'),('128',134,0,'21','2'),('129',87,0,'1','/1/_/1.jpg'),('130',88,0,'1','/1/_/1.jpg'),('131',89,0,'1','/1/_/1.jpg'),('132',132,0,'1','/1/_/1.jpg'),('133',73,0,'22','MH01-Orange'),('134',84,0,'22','Chaz Kangeroo Hoodie'),('135',86,0,'22','Chaz Kangeroo Hoodie Ideal for cold-weather training or work outdoors, the Chaz Hoodie promises superior warmth with every wear. Thick material blocks out the wind as ribbed cuffs and bottom band seal in body heat.\r\n• Two-tone gray heather hoodie.• Drawst'),('136',106,0,'22','container2'),('137',119,0,'22','mh01-gray'),('138',134,0,'22','2'),('139',87,0,'2','/7/_/7.jpg'),('140',88,0,'2','/7/_/7.jpg'),('141',89,0,'2','/7/_/7.jpg'),('145',87,0,'7','/8/_/8_1.jpg'),('146',88,0,'7','/8/_/8_1.jpg'),('147',89,0,'7','/8/_/8_1.jpg'),('148',132,0,'7','/8/_/8_1.jpg'),('153',87,0,'22','/9/_/9_1.jpg'),('154',88,0,'22','/9/_/9_1.jpg'),('155',89,0,'22','/9/_/9_1.jpg'),('156',132,0,'22','/9/_/9_1.jpg'),('161',73,0,'23','Fusion Backpack'),('162',84,0,'23','Fusion Backpack'),('163',86,0,'23','Fusion Backpack With the Fusion Backpack strapped on, every trek is an adventure - even a bus ride to work. That\'s partly because two large zippered compartments store everything you need, while a front zippered pocket and side mesh pouches are perfect fo'),('164',106,0,'23','container2'),('165',119,0,'23','fusion-backpack'),('166',134,0,'23','2'),('167',73,0,'24','Impulse Duffle'),('168',84,0,'24','Impulse Duffle'),('169',86,0,'24','Impulse Duffle Good for beach trips, track meets, yoga retreats and more, the Impulse Duffle is the companion you\'ll want at your side. A large U-shaped opening makes packing a hassle-free affair, while a zippered interior pocket keeps jewelry and other s'),('170',106,0,'24','container2'),('171',119,0,'24','impulse-duffle'),('172',134,0,'24','2'),('173',73,0,'25','Voyage Yoga Bag'),('174',84,0,'25','Voyage Yoga Bag'),('175',86,0,'25','Voyage Yoga Bag Everything you need for a trip to the gym will fit inside this surprisingly spacious Voyage Yoga Bag. Stock it with a water bottle, change of clothes, pair of shoes, and even a few beauty products. Fits inside a locker and zips shut for se'),('176',106,0,'25','container2'),('177',119,0,'25','voyage-yoga-bag'),('178',134,0,'25','2'),('179',73,0,'26','Compete Track Tote'),('180',84,0,'26','Compete Track Tote'),('181',86,0,'26','Compete Track Tote The Compete Track Tote holds a host of exercise supplies with ease. Stash your towel, jacket and street shoes inside. Tuck water bottles in easy-access external spaces. Perfect for trips to gym or yoga studio, with dual top handles for '),('182',106,0,'26','container2'),('183',119,0,'26','compete-track-tote'),('184',134,0,'26','2'),('185',73,0,'27','Savvy Shoulder Tote'),('186',84,0,'27','Savvy Shoulder Tote'),('187',86,0,'27','Savvy Shoulder Tote Powerwalking to the gym or strolling to the local coffeehouse, the Savvy Shoulder Tote lets you stash your essentials in sporty style! A top-loading compartment provides quick and easy access to larger items, while zippered pockets on '),('188',106,0,'27','container2'),('189',119,0,'27','savvy-shoulder-tote'),('190',134,0,'27','2'),('191',73,0,'28','Endeavor Daytrip Backpack'),('192',84,0,'28','Endeavor Daytrip Backpack'),('193',86,0,'28','Endeavor Daytrip Backpack With more room than it appears, the Endeavor Daytrip Backpack will hold a whole day\'s worth of books, binders and gym clothes. The spacious main compartment includes a dedicated laptop sleeve. Two other compartments offer extra s'),('194',106,0,'28','container2'),('195',119,0,'28','endeavor-daytrip-backpack'),('196',134,0,'28','2'),('197',73,0,'29','Driven Backpack'),('198',84,0,'29','Driven Backpack'),('199',86,0,'29','Driven Backpack School books, camp gear and yoga clothes get along just fine in the all-purpose Driven Backpack. Crafted with tough polyester ripstop fabric, it\'s outfitted with rubberized end panels and padded, adjustable shoulder straps. The roomy main '),('200',106,0,'29','container2'),('201',119,0,'29','driven-backpack'),('202',134,0,'29','2'),('221',73,0,'33','Overnight Duffle'),('222',84,0,'33','Overnight Duffle'),('223',86,0,'33','Overnight Duffle For long weekends away, camping outings and business trips, the Overnight Duffle can\'t be beat. The dual handles make it a cinch to carry, while the durable waterproof exterior helps you worry less about the weather. With multiple organiz'),('224',106,0,'33','container2'),('225',119,0,'33','overnight-duffle'),('226',134,0,'33','2'),('227',73,0,'34','Push It Messenger Bag'),('228',84,0,'34','Push It Messenger Bag'),('229',86,0,'34','Push It Messenger Bag The name says so, but the Push It Messenger Bag is much more than a busy commuter\'s tote. It\'s a closet away from home when you\'re pedaling from class or work to gym and back or home again. It\'s the perfect size and shape for laptop,'),('230',106,0,'34','container2'),('231',119,0,'34','push-it-messenger-bag'),('232',134,0,'34','2'),('233',73,0,'35','Affirm Water Bottle '),('234',84,0,'35','Affirm Water Bottle '),('235',86,0,'35','Affirm Water Bottle  You\'ll stay hydrated with ease with the Affirm Water Bottle by your side or in hand. Measurements on the outside help you keep track of how much you\'re drinking, while the screw-top lid prevents spills. A metal carabiner clip allows y'),('236',106,0,'35','container2'),('237',119,0,'35','affirm-water-bottle'),('238',134,0,'35','2'),('239',73,0,'36','Dual Handle Cardio Ball'),('240',84,0,'36','Dual Handle Cardio Ball'),('241',86,0,'36','Dual Handle Cardio Ball Make the most of your limited workout window with our Dual-Handle Cardio Ball. The 15-lb ball maximizes the effort-impact to your abdominal, upper arm and lower-body muscles. It features a handle on each side for a firm, secure gri'),('242',106,0,'36','container2'),('243',119,0,'36','dual-handle-cardio-ball'),('244',134,0,'36','2'),('249',73,0,'37','Zing Jump Rope'),('250',84,0,'37','Zing Jump Rope'),('251',86,0,'37','Zing Jump Rope One of the world\'s simplest and most portable exercise devices, a jump rope enables endless variations and fitness output. The Zing Jump Rope goes anywhere and can be used any time. It is adjustable in length and has contoured foam handles '),('252',106,0,'37','container2'),('253',119,0,'37','zing-jump-rope'),('254',134,0,'37','2'),('255',73,0,'38','Go-Get\'r Pushup Grips'),('256',84,0,'38','Go-Get\'r Pushup Grips'),('257',86,0,'38','Go-Get\'r Pushup Grips The Go-Get\'r Pushup Grips safely provide the extra range of motion you need for a deep-dip routine targeting core, shoulder, chest and arm strength. Do fewer pushups using more energy, getting better results faster than the standard '),('258',106,0,'38','container2'),('259',119,0,'38','go-get-r-pushup-grips'),('260',134,0,'38','2'),('261',73,0,'39','Sprite Foam Yoga Brick'),('262',84,0,'39','Sprite Foam Yoga Brick'),('263',86,0,'39','Sprite Foam Yoga Brick Our top-selling yoga prop, the 4-inch, high-quality Sprite Foam Yoga Brick is popular among yoga novices and studio professionals alike. An essential yoga accessory, the yoga brick is a critical tool for finding balance and alignmen'),('264',106,0,'39','container2'),('265',119,0,'39','sprite-foam-yoga-brick'),('266',134,0,'39','2'),('267',73,0,'40','Aim Analog'),('268',84,0,'40','Aim Analog'),('269',86,0,'40','Aim Analog Stay light-years ahead of the competition with our Aim Analog Watch. The flexible, rubberized strap is contoured to conform to the shape of your wrist for a comfortable all-day fit. The face features three illuminated hands, a digital read-out '),('270',106,0,'40','container2'),('271',119,0,'40','aim-analog'),('272',134,0,'40','2'),('273',73,0,'41','Endurance'),('274',84,0,'41','Endurance'),('275',86,0,'41','Endurance It\'s easy to track and monitor your training progress with the Endurance Watch. You\'ll see standard info like time, date and day of the week, but it also functions for the serious high-mileage athete: lap counter, stopwatch, distance, heart rate'),('276',106,0,'41','container2'),('277',119,0,'41','endurance'),('278',134,0,'41','2'),('279',73,0,'42','Summit'),('280',84,0,'42','Summit'),('281',86,0,'42','Summit Trek high and low in the attractive Summit Watch, which features a digital LED display with time and date, stopwatch, lap counter, and 3-second backlight. It can also calculate the number of steps taken and calories burned.\r\n\r\nBrushed metal case.\r\n'),('282',106,0,'42','container2'),('283',119,0,'42','summit'),('284',134,0,'42','2'),('285',73,0,'43','Cruise Dual Analog'),('286',84,0,'43','Cruise Dual Analog'),('287',86,0,'43','Cruise Dual Analog Whether you\'re traveling or wish you were, you\'ll never let time zones perplex you again with the Cruise Dual Analog Watch. The thick, adjustable band promises a comfortable, personalized fit to this classy, modern time piece.\r\n\r\nTwo di'),('288',106,0,'43','container2'),('289',119,0,'43','cruise-dual-analog'),('290',134,0,'43','2'),('291',73,0,'44','Dash Digital'),('292',84,0,'44','Dash Digital'),('293',86,0,'44','Dash Digital The Dash Digital Watch will challenge you to push harder and longer. Log workouts by date, average, and segment times, and recharge by setting hydration and nutrition alarms. This watch is styled with a sleek, square face and durable rubber s'),('294',106,0,'44','container2'),('295',119,0,'44','dash-digital'),('296',134,0,'44','2'),('297',73,0,'45','Luma Analog'),('298',84,0,'45','Luma Analog'),('299',86,0,'45','Luma Analog Designed to stand up to your active lifestyle, this women\'s Luma Analog Watch features a tasteful brushed chrome finish and a stainless steel, water-resistant construction for lasting durability.\r\n\r\nPrecision Miyota® three-hand movement.\r\n'),('300',106,0,'45','container2'),('301',119,0,'45','luma-analog'),('302',134,0,'45','2'),('433',140,0,'1','/2/_/2.jpg'),('458',140,0,'2','/8/_/8.jpg'),('459',87,0,'9','/4/_/4_2.jpg'),('460',88,0,'9','/4/_/4_2.jpg'),('461',89,0,'9','/4/_/4_2.jpg'),('462',140,0,'9','/5/_/5_2.jpg'),('467',87,0,'10','/2/_/2_1.jpg'),('468',88,0,'10','/2/_/2_1.jpg'),('469',89,0,'10','/2/_/2_1.jpg'),('470',140,0,'10','/3/_/3_1.jpg'),('475',87,0,'17','/3/_/3_2.jpg'),('476',88,0,'17','/3/_/3_2.jpg'),('477',89,0,'17','/3/_/3_2.jpg'),('478',140,0,'17','/1/_/1_1.jpg'),('483',87,0,'18','/5/_/5_5.jpg'),('484',88,0,'18','/5/_/5_5.jpg'),('485',89,0,'18','/5/_/5_5.jpg'),('486',132,0,'18','/5/_/5_5.jpg'),('487',140,0,'18','/6/_/6_5.jpg'),('493',87,0,'19','/8/_/8_4.jpg'),('494',88,0,'19','/8/_/8_4.jpg'),('495',89,0,'19','/8/_/8_4.jpg'),('496',132,0,'19','/8/_/8_4.jpg'),('497',140,0,'19','/1/0/10_1.jpg'),('503',87,0,'20','/9/_/9_5.jpg'),('504',88,0,'20','/9/_/9_5.jpg'),('505',89,0,'20','/9/_/9_5.jpg'),('506',132,0,'20','/9/_/9_5.jpg'),('507',140,0,'20','/7/_/7_5.jpg'),('513',87,0,'21','/1/0/10_3.jpg'),('514',88,0,'21','/1/0/10_3.jpg'),('515',89,0,'21','/1/0/10_3.jpg'),('516',132,0,'21','/1/0/10_3.jpg'),('517',140,0,'21','/7/_/7_6.jpg'),('523',87,0,'23','/1/_/1_2.jpg'),('524',88,0,'23','/1/_/1_2.jpg'),('525',89,0,'23','/1/_/1_2.jpg'),('526',132,0,'23','/1/_/1_2.jpg'),('527',140,0,'23','/3/_/3_3.jpg'),('533',87,0,'24','/2/_/2_4.jpg'),('534',88,0,'24','/2/_/2_4.jpg'),('535',89,0,'24','/2/_/2_4.jpg'),('536',132,0,'24','/2/_/2_4.jpg'),('537',140,0,'24','/1/1/11.jpg'),('543',87,0,'25','/3/_/3_5.jpg'),('544',88,0,'25','/3/_/3_5.jpg'),('545',89,0,'25','/3/_/3_5.jpg'),('546',132,0,'25','/3/_/3_5.jpg'),('547',140,0,'25','/4/_/4_8.jpg'),('553',87,0,'26','/5/_/5_12.jpg'),('554',88,0,'26','/5/_/5_12.jpg'),('555',89,0,'26','/5/_/5_12.jpg'),('556',132,0,'26','/5/_/5_12.jpg'),('557',140,0,'26','/6/_/6_11.jpg'),('563',87,0,'27','/7/_/7_9.jpg'),('564',88,0,'27','/7/_/7_9.jpg'),('565',89,0,'27','/7/_/7_9.jpg'),('566',132,0,'27','/7/_/7_9.jpg'),('567',140,0,'27','/4/_/4_9.jpg'),('568',87,0,'28','/8/_/8_10.jpg'),('569',88,0,'28','/8/_/8_10.jpg'),('570',89,0,'28','/8/_/8_10.jpg'),('571',132,0,'28','/8/_/8_10.jpg'),('572',140,0,'28','/9/_/9_9.jpg'),('578',87,0,'29','/9/_/9_10.jpg'),('579',88,0,'29','/9/_/9_10.jpg'),('580',89,0,'29','/9/_/9_10.jpg'),('581',132,0,'29','/9/_/9_10.jpg'),('582',140,0,'29','/1/2/12_2.jpg'),('588',87,0,'33','/1/0/10_7.jpg'),('589',88,0,'33','/1/0/10_7.jpg'),('590',89,0,'33','/1/0/10_7.jpg'),('591',132,0,'33','/1/0/10_7.jpg'),('592',140,0,'33','/7/_/7_10.jpg'),('593',87,0,'34','/1/1/11_5.jpg'),('594',88,0,'34','/1/1/11_5.jpg'),('595',89,0,'34','/1/1/11_5.jpg'),('596',132,0,'34','/1/1/11_5.jpg'),('597',140,0,'34','/9/_/9_11.jpg'),('603',87,0,'35','/1/3/13_4.jpg'),('604',88,0,'35','/1/3/13_4.jpg'),('605',89,0,'35','/1/3/13_4.jpg'),('606',132,0,'35','/1/3/13_4.jpg'),('607',140,0,'35','/1/2/12_5.jpg'),('613',87,0,'36','/1/_/1_3.jpg'),('614',88,0,'36','/1/_/1_3.jpg'),('615',89,0,'36','/1/_/1_3.jpg'),('616',132,0,'36','/1/_/1_3.jpg'),('617',140,0,'36','/2/_/2_5.jpg'),('623',87,0,'37','/3/_/3_7.jpg'),('624',88,0,'37','/3/_/3_7.jpg'),('625',89,0,'37','/3/_/3_7.jpg'),('626',132,0,'37','/3/_/3_7.jpg'),('627',140,0,'37','/8/_/8_11.jpg'),('633',87,0,'38','/4/_/4_12.jpg'),('634',88,0,'38','/4/_/4_12.jpg'),('635',89,0,'38','/4/_/4_12.jpg'),('636',132,0,'38','/4/_/4_12.jpg'),('637',140,0,'38','/7/_/7_12.jpg'),('643',87,0,'39','/5/_/5_16.jpg'),('644',88,0,'39','/5/_/5_16.jpg'),('645',89,0,'39','/5/_/5_16.jpg'),('646',132,0,'39','/5/_/5_16.jpg'),('647',140,0,'39','/6/_/6_15.jpg'),('653',87,0,'40','/7/_/7_14.jpg'),('654',88,0,'40','/7/_/7_14.jpg'),('655',89,0,'40','/7/_/7_14.jpg'),('656',132,0,'40','/7/_/7_14.jpg'),('657',140,0,'40','/1/0/10_11.jpg'),('663',87,0,'41','/8/_/8_15.jpg'),('664',88,0,'41','/8/_/8_15.jpg'),('665',89,0,'41','/8/_/8_15.jpg'),('666',132,0,'41','/8/_/8_15.jpg'),('667',140,0,'41','/1/6/16.jpg'),('668',87,0,'42','/9/_/9_17.jpg'),('669',88,0,'42','/9/_/9_17.jpg'),('670',89,0,'42','/9/_/9_17.jpg'),('671',132,0,'42','/9/_/9_17.jpg'),('672',140,0,'42','/1/4/14_4.jpg'),('678',87,0,'43','/1/0/10_14.jpg'),('679',88,0,'43','/1/0/10_14.jpg'),('680',89,0,'43','/1/0/10_14.jpg'),('681',132,0,'43','/1/0/10_14.jpg'),('682',140,0,'43','/7/_/7_15.jpg'),('688',87,0,'44','/1/1/11_11.jpg'),('689',88,0,'44','/1/1/11_11.jpg'),('690',89,0,'44','/1/1/11_11.jpg'),('691',132,0,'44','/1/1/11_11.jpg'),('692',140,0,'44','/1/2/12_10.jpg'),('698',87,0,'45','/1/2/12_11.jpg'),('699',88,0,'45','/1/2/12_11.jpg'),('700',89,0,'45','/1/2/12_11.jpg'),('701',132,0,'45','/1/2/12_11.jpg'),('702',140,0,'45','/1/4/14_7.jpg'),('703',142,0,'22','1'),('704',142,0,'18','1'),('705',142,0,'23','1'),('711',142,0,'24','1'),('717',142,0,'25','1'),('723',142,0,'38','1'),('724',142,0,'41','1'),('725',142,0,'19','1'),('731',142,0,'20','1'),('737',142,0,'26','1'),('738',142,0,'39','1'),('739',142,0,'28','1'),('745',142,0,'29','1'),('751',142,0,'34','1'),('762',142,0,'44','1');

--
-- Table structure for table `catalog_product_index_eav`
--

CREATE TABLE `catalog_product_index_eav` (
  `entity_id` int(10) unsigned NOT NULL COMMENT 'Entity ID',
  `attribute_id` smallint(5) unsigned NOT NULL COMMENT 'Attribute ID',
  `store_id` smallint(5) unsigned NOT NULL COMMENT 'Store ID',
  `value` int(10) unsigned NOT NULL COMMENT 'Value',
  PRIMARY KEY (`entity_id`,`attribute_id`,`store_id`,`value`),
  KEY `CATALOG_PRODUCT_INDEX_EAV_ATTRIBUTE_ID` (`attribute_id`),
  KEY `CATALOG_PRODUCT_INDEX_EAV_STORE_ID` (`store_id`),
  KEY `CATALOG_PRODUCT_INDEX_EAV_VALUE` (`value`)
) ENGINE=InnoDB DEFAULT CHARSET=utf8 COMMENT='Catalog Product EAV Index Table';

--
-- Dumping data for table `catalog_product_index_eav`
--

INSERT INTO `catalog_product_index_eav` VALUES ('1',83,1,'16'),('1',83,2,'16'),('1',83,3,'16'),('1',83,4,'16'),('1',93,1,'4'),('1',93,2,'4'),('1',93,3,'4'),('1',93,4,'4'),('2',83,1,'17'),('2',83,1,'22'),('2',83,2,'17'),('2',83,2,'22'),('2',83,3,'17'),('2',83,3,'22'),('2',83,4,'17'),('2',83,4,'22'),('2',93,1,'4'),('2',93,1,'11'),('2',93,2,'4'),('2',93,2,'11'),('2',93,3,'4'),('2',93,3,'11'),('2',93,4,'4'),('2',93,4,'11'),('9',83,1,'16'),('9',83,1,'17'),('9',83,1,'19'),('9',83,2,'16'),('9',83,2,'17'),('9',83,2,'19'),('9',83,3,'16'),('9',83,3,'17'),('9',83,3,'19'),('9',83,4,'16'),('9',83,4,'17'),('9',83,4,'19'),('9',93,1,'4'),('9',93,1,'7'),('9',93,2,'4'),('9',93,2,'7'),('9',93,3,'4'),('9',93,3,'7'),('9',93,4,'4'),('9',93,4,'7'),('10',83,1,'16'),('10',83,1,'17'),('10',83,1,'20'),('10',83,2,'16'),('10',83,2,'17'),('10',83,2,'20'),('10',83,3,'16'),('10',83,3,'17'),('10',83,3,'20'),('10',83,4,'16'),('10',83,4,'17'),('10',83,4,'20'),('10',93,1,'4'),('10',93,1,'9'),('10',93,2,'4'),('10',93,2,'9'),('10',93,3,'4'),('10',93,3,'9'),('10',93,4,'4'),('10',93,4,'9'),('17',83,1,'21'),('17',83,2,'21'),('17',83,3,'21'),('17',83,4,'21'),('17',93,1,'12'),('17',93,2,'12'),('17',93,3,'12'),('17',93,4,'12'),('18',83,1,'19'),('18',83,2,'19'),('18',83,3,'19'),('18',83,4,'19'),('18',93,1,'15'),('18',93,2,'15'),('18',93,3,'15'),('18',93,4,'15'),('19',83,1,'18'),('19',83,2,'18'),('19',83,3,'18'),('19',83,4,'18'),('19',93,1,'13'),('19',93,2,'13'),('19',93,3,'13'),('19',93,4,'13'),('20',83,1,'21'),('20',83,2,'21'),('20',83,3,'21'),('20',83,4,'21'),('20',93,1,'11'),('20',93,2,'11'),('20',93,3,'11'),('20',93,4,'11'),('21',83,1,'17'),('21',83,2,'17'),('21',83,3,'17'),('21',83,4,'17'),('21',93,1,'8'),('21',93,2,'8'),('21',93,3,'8'),('21',93,4,'8'),('23',83,1,'17'),('23',83,2,'17'),('23',83,3,'17'),('23',83,4,'17'),('23',93,1,'9'),('23',93,2,'9'),('23',93,3,'9'),('23',93,4,'9'),('24',83,1,'16'),('24',83,2,'16'),('24',83,3,'16'),('24',83,4,'16'),('24',93,1,'13'),('24',93,2,'13'),('24',93,3,'13'),('24',93,4,'13'),('25',83,1,'18'),('25',83,2,'18'),('25',83,3,'18'),('25',83,4,'18'),('25',93,1,'12'),('25',93,2,'12'),('25',93,3,'12'),('25',93,4,'12'),('26',83,1,'21'),('26',83,2,'21'),('26',83,3,'21'),('26',83,4,'21'),('26',93,1,'8'),('26',93,2,'8'),('26',93,3,'8'),('26',93,4,'8'),('27',83,1,'19'),('27',83,2,'19'),('27',83,3,'19'),('27',83,4,'19'),('27',93,1,'11'),('27',93,2,'11'),('27',93,3,'11'),('27',93,4,'11'),('28',83,1,'20'),('28',83,2,'20'),('28',83,3,'20'),('28',83,4,'20'),('28',93,1,'5'),('28',93,2,'5'),('28',93,3,'5'),('28',93,4,'5'),('29',83,1,'17'),('29',83,2,'17'),('29',83,3,'17'),('29',83,4,'17'),('29',93,1,'11'),('29',93,2,'11'),('29',93,3,'11'),('29',93,4,'11'),('33',83,1,'18'),('33',83,2,'18'),('33',83,3,'18'),('33',83,4,'18'),('33',93,1,'12'),('33',93,2,'12'),('33',93,3,'12'),('33',93,4,'12'),('34',83,1,'20'),('34',83,2,'20'),('34',83,3,'20'),('34',83,4,'20'),('34',93,1,'5'),('34',93,2,'5'),('34',93,3,'5'),('34',93,4,'5'),('35',83,1,'19'),('35',83,2,'19'),('35',83,3,'19'),('35',83,4,'19'),('35',93,1,'8'),('35',93,2,'8'),('35',93,3,'8'),('35',93,4,'8'),('36',83,1,'17'),('36',83,2,'17'),('36',83,3,'17'),('36',83,4,'17'),('36',93,1,'14'),('36',93,2,'14'),('36',93,3,'14'),('36',93,4,'14'),('37',83,1,'19'),('37',83,2,'19'),('37',83,3,'19'),('37',83,4,'19'),('37',93,1,'8'),('37',93,2,'8'),('37',93,3,'8'),('37',93,4,'8'),('38',83,1,'16'),('38',83,2,'16'),('38',83,3,'16'),('38',83,4,'16'),('38',93,1,'12'),('38',93,2,'12'),('38',93,3,'12'),('38',93,4,'12'),('39',83,1,'19'),('39',83,2,'19'),('39',83,3,'19'),('39',83,4,'19'),('39',93,1,'13'),('39',93,2,'13'),('39',93,3,'13'),('39',93,4,'13'),('40',83,1,'18'),('40',83,2,'18'),('40',83,3,'18'),('40',83,4,'18'),('40',93,1,'12'),('40',93,2,'12'),('40',93,3,'12'),('40',93,4,'12'),('41',83,1,'21'),('41',83,2,'21'),('41',83,3,'21'),('41',83,4,'21'),('42',83,1,'17'),('42',83,2,'17'),('42',83,3,'17'),('42',83,4,'17'),('42',93,1,'11'),('42',93,2,'11'),('42',93,3,'11'),('42',93,4,'11'),('43',83,1,'16'),('43',83,2,'16'),('43',83,3,'16'),('43',83,4,'16'),('43',93,1,'13'),('43',93,2,'13'),('43',93,3,'13'),('43',93,4,'13'),('44',83,1,'20'),('44',83,2,'20'),('44',83,3,'20'),('44',83,4,'20'),('44',93,1,'5'),('44',93,2,'5'),('44',93,3,'5'),('44',93,4,'5'),('45',83,1,'22'),('45',83,2,'22'),('45',83,3,'22'),('45',83,4,'22');

--
-- Table structure for table `catalog_product_index_eav_decimal`
--

CREATE TABLE `catalog_product_index_eav_decimal` (
  `entity_id` int(10) unsigned NOT NULL COMMENT 'Entity ID',
  `attribute_id` smallint(5) unsigned NOT NULL COMMENT 'Attribute ID',
  `store_id` smallint(5) unsigned NOT NULL COMMENT 'Store ID',
  `value` decimal(12,4) NOT NULL COMMENT 'Value',
  PRIMARY KEY (`entity_id`,`attribute_id`,`store_id`),
  KEY `CATALOG_PRODUCT_INDEX_EAV_DECIMAL_ATTRIBUTE_ID` (`attribute_id`),
  KEY `CATALOG_PRODUCT_INDEX_EAV_DECIMAL_STORE_ID` (`store_id`),
  KEY `CATALOG_PRODUCT_INDEX_EAV_DECIMAL_VALUE` (`value`)
) ENGINE=InnoDB DEFAULT CHARSET=utf8 COMMENT='Catalog Product EAV Decimal Index Table';

--
-- Table structure for table `catalog_product_index_eav_decimal_idx`
--

CREATE TABLE `catalog_product_index_eav_decimal_idx` (
  `entity_id` int(10) unsigned NOT NULL COMMENT 'Entity ID',
  `attribute_id` smallint(5) unsigned NOT NULL COMMENT 'Attribute ID',
  `store_id` smallint(5) unsigned NOT NULL COMMENT 'Store ID',
  `value` decimal(12,4) NOT NULL COMMENT 'Value',
  PRIMARY KEY (`entity_id`,`attribute_id`,`store_id`,`value`),
  KEY `CATALOG_PRODUCT_INDEX_EAV_DECIMAL_IDX_ATTRIBUTE_ID` (`attribute_id`),
  KEY `CATALOG_PRODUCT_INDEX_EAV_DECIMAL_IDX_STORE_ID` (`store_id`),
  KEY `CATALOG_PRODUCT_INDEX_EAV_DECIMAL_IDX_VALUE` (`value`)
) ENGINE=InnoDB DEFAULT CHARSET=utf8 COMMENT='Catalog Product EAV Decimal Indexer Index Table';

--
-- Table structure for table `catalog_product_index_eav_decimal_tmp`
--

CREATE TABLE `catalog_product_index_eav_decimal_tmp` (
  `entity_id` int(10) unsigned NOT NULL COMMENT 'Entity ID',
  `attribute_id` smallint(5) unsigned NOT NULL COMMENT 'Attribute ID',
  `store_id` smallint(5) unsigned NOT NULL COMMENT 'Store ID',
  `value` decimal(12,4) NOT NULL COMMENT 'Value',
  PRIMARY KEY (`entity_id`,`attribute_id`,`store_id`),
  KEY `CATALOG_PRODUCT_INDEX_EAV_DECIMAL_TMP_ATTRIBUTE_ID` (`attribute_id`),
  KEY `CATALOG_PRODUCT_INDEX_EAV_DECIMAL_TMP_STORE_ID` (`store_id`),
  KEY `CATALOG_PRODUCT_INDEX_EAV_DECIMAL_TMP_VALUE` (`value`)
) ENGINE=MEMORY DEFAULT CHARSET=utf8 COMMENT='Catalog Product EAV Decimal Indexer Temp Table';

--
-- Table structure for table `catalog_product_index_eav_idx`
--

CREATE TABLE `catalog_product_index_eav_idx` (
  `entity_id` int(10) unsigned NOT NULL COMMENT 'Entity ID',
  `attribute_id` smallint(5) unsigned NOT NULL COMMENT 'Attribute ID',
  `store_id` smallint(5) unsigned NOT NULL COMMENT 'Store ID',
  `value` int(10) unsigned NOT NULL COMMENT 'Value',
  PRIMARY KEY (`entity_id`,`attribute_id`,`store_id`,`value`),
  KEY `CATALOG_PRODUCT_INDEX_EAV_IDX_ATTRIBUTE_ID` (`attribute_id`),
  KEY `CATALOG_PRODUCT_INDEX_EAV_IDX_STORE_ID` (`store_id`),
  KEY `CATALOG_PRODUCT_INDEX_EAV_IDX_VALUE` (`value`)
) ENGINE=InnoDB DEFAULT CHARSET=utf8 COMMENT='Catalog Product EAV Indexer Index Table';

--
-- Dumping data for table `catalog_product_index_eav_idx`
--

INSERT INTO `catalog_product_index_eav_idx` VALUES ('1',83,1,'16'),('1',83,2,'16'),('1',83,3,'16'),('1',83,4,'16'),('1',93,1,'4'),('1',93,2,'4'),('1',93,3,'4'),('1',93,4,'4'),('2',83,1,'17'),('2',83,1,'22'),('2',83,2,'17'),('2',83,2,'22'),('2',83,3,'17'),('2',83,3,'22'),('2',83,4,'17'),('2',83,4,'22'),('2',93,1,'4'),('2',93,1,'11'),('2',93,2,'4'),('2',93,2,'11'),('2',93,3,'4'),('2',93,3,'11'),('2',93,4,'4'),('2',93,4,'11'),('9',83,1,'16'),('9',83,1,'17'),('9',83,1,'19'),('9',83,2,'16'),('9',83,2,'17'),('9',83,2,'19'),('9',83,3,'16'),('9',83,3,'17'),('9',83,3,'19'),('9',83,4,'16'),('9',83,4,'17'),('9',83,4,'19'),('9',93,1,'4'),('9',93,1,'7'),('9',93,2,'4'),('9',93,2,'7'),('9',93,3,'4'),('9',93,3,'7'),('9',93,4,'4'),('9',93,4,'7'),('10',83,1,'16'),('10',83,1,'17'),('10',83,1,'20'),('10',83,2,'16'),('10',83,2,'17'),('10',83,2,'20'),('10',83,3,'16'),('10',83,3,'17'),('10',83,3,'20'),('10',83,4,'16'),('10',83,4,'17'),('10',83,4,'20'),('10',93,1,'4'),('10',93,1,'9'),('10',93,2,'4'),('10',93,2,'9'),('10',93,3,'4'),('10',93,3,'9'),('10',93,4,'4'),('10',93,4,'9'),('17',83,1,'21'),('17',83,2,'21'),('17',83,3,'21'),('17',83,4,'21'),('17',93,1,'12'),('17',93,2,'12'),('17',93,3,'12'),('17',93,4,'12'),('18',83,1,'19'),('18',83,2,'19'),('18',83,3,'19'),('18',83,4,'19'),('18',93,1,'15'),('18',93,2,'15'),('18',93,3,'15'),('18',93,4,'15'),('19',83,1,'18'),('19',83,2,'18'),('19',83,3,'18'),('19',83,4,'18'),('19',93,1,'13'),('19',93,2,'13'),('19',93,3,'13'),('19',93,4,'13'),('20',83,1,'21'),('20',83,2,'21'),('20',83,3,'21'),('20',83,4,'21'),('20',93,1,'11'),('20',93,2,'11'),('20',93,3,'11'),('20',93,4,'11'),('21',83,1,'17'),('21',83,2,'17'),('21',83,3,'17'),('21',83,4,'17'),('21',93,1,'8'),('21',93,2,'8'),('21',93,3,'8'),('21',93,4,'8'),('23',83,1,'17'),('23',83,2,'17'),('23',83,3,'17'),('23',83,4,'17'),('23',93,1,'9'),('23',93,2,'9'),('23',93,3,'9'),('23',93,4,'9'),('24',83,1,'16'),('24',83,2,'16'),('24',83,3,'16'),('24',83,4,'16'),('24',93,1,'13'),('24',93,2,'13'),('24',93,3,'13'),('24',93,4,'13'),('25',83,1,'18'),('25',83,2,'18'),('25',83,3,'18'),('25',83,4,'18'),('25',93,1,'12'),('25',93,2,'12'),('25',93,3,'12'),('25',93,4,'12'),('26',83,1,'21'),('26',83,2,'21'),('26',83,3,'21'),('26',83,4,'21'),('26',93,1,'8'),('26',93,2,'8'),('26',93,3,'8'),('26',93,4,'8'),('27',83,1,'19'),('27',83,2,'19'),('27',83,3,'19'),('27',83,4,'19'),('27',93,1,'11'),('27',93,2,'11'),('27',93,3,'11'),('27',93,4,'11'),('28',83,1,'20'),('28',83,2,'20'),('28',83,3,'20'),('28',83,4,'20'),('28',93,1,'5'),('28',93,2,'5'),('28',93,3,'5'),('28',93,4,'5'),('29',83,1,'17'),('29',83,2,'17'),('29',83,3,'17'),('29',83,4,'17'),('29',93,1,'11'),('29',93,2,'11'),('29',93,3,'11'),('29',93,4,'11'),('33',83,1,'18'),('33',83,2,'18'),('33',83,3,'18'),('33',83,4,'18'),('33',93,1,'12'),('33',93,2,'12'),('33',93,3,'12'),('33',93,4,'12'),('34',83,1,'20'),('34',83,2,'20'),('34',83,3,'20'),('34',83,4,'20'),('34',93,1,'5'),('34',93,2,'5'),('34',93,3,'5'),('34',93,4,'5'),('35',83,1,'19'),('35',83,2,'19'),('35',83,3,'19'),('35',83,4,'19'),('35',93,1,'8'),('35',93,2,'8'),('35',93,3,'8'),('35',93,4,'8'),('36',83,1,'17'),('36',83,2,'17'),('36',83,3,'17'),('36',83,4,'17'),('36',93,1,'14'),('36',93,2,'14'),('36',93,3,'14'),('36',93,4,'14'),('37',83,1,'19'),('37',83,2,'19'),('37',83,3,'19'),('37',83,4,'19'),('37',93,1,'8'),('37',93,2,'8'),('37',93,3,'8'),('37',93,4,'8'),('38',83,1,'16'),('38',83,2,'16'),('38',83,3,'16'),('38',83,4,'16'),('38',93,1,'12'),('38',93,2,'12'),('38',93,3,'12'),('38',93,4,'12'),('39',83,1,'19'),('39',83,2,'19'),('39',83,3,'19'),('39',83,4,'19'),('39',93,1,'13'),('39',93,2,'13'),('39',93,3,'13'),('39',93,4,'13'),('40',83,1,'18'),('40',83,2,'18'),('40',83,3,'18'),('40',83,4,'18'),('40',93,1,'12'),('40',93,2,'12'),('40',93,3,'12'),('40',93,4,'12'),('41',83,1,'21'),('41',83,2,'21'),('41',83,3,'21'),('41',83,4,'21'),('42',83,1,'17'),('42',83,2,'17'),('42',83,3,'17'),('42',83,4,'17'),('42',93,1,'11'),('42',93,2,'11'),('42',93,3,'11'),('42',93,4,'11'),('43',83,1,'16'),('43',83,2,'16'),('43',83,3,'16'),('43',83,4,'16'),('43',93,1,'13'),('43',93,2,'13'),('43',93,3,'13'),('43',93,4,'13'),('44',83,1,'20'),('44',83,2,'20'),('44',83,3,'20'),('44',83,4,'20'),('44',93,1,'5'),('44',93,2,'5'),('44',93,3,'5'),('44',93,4,'5'),('45',83,1,'22'),('45',83,2,'22'),('45',83,3,'22'),('45',83,4,'22');

--
-- Table structure for table `catalog_product_index_eav_tmp`
--

CREATE TABLE `catalog_product_index_eav_tmp` (
  `entity_id` int(10) unsigned NOT NULL COMMENT 'Entity ID',
  `attribute_id` smallint(5) unsigned NOT NULL COMMENT 'Attribute ID',
  `store_id` smallint(5) unsigned NOT NULL COMMENT 'Store ID',
  `value` int(10) unsigned NOT NULL COMMENT 'Value',
  PRIMARY KEY (`entity_id`,`attribute_id`,`store_id`,`value`),
  KEY `CATALOG_PRODUCT_INDEX_EAV_TMP_ATTRIBUTE_ID` (`attribute_id`),
  KEY `CATALOG_PRODUCT_INDEX_EAV_TMP_STORE_ID` (`store_id`),
  KEY `CATALOG_PRODUCT_INDEX_EAV_TMP_VALUE` (`value`)
) ENGINE=MEMORY DEFAULT CHARSET=utf8 COMMENT='Catalog Product EAV Indexer Temp Table';

--
-- Table structure for table `catalog_product_index_price`
--

CREATE TABLE `catalog_product_index_price` (
  `entity_id` int(10) unsigned NOT NULL COMMENT 'Entity ID',
  `customer_group_id` smallint(5) unsigned NOT NULL COMMENT 'Customer Group ID',
  `website_id` smallint(5) unsigned NOT NULL COMMENT 'Website ID',
  `tax_class_id` smallint(5) unsigned DEFAULT '0' COMMENT 'Tax Class ID',
  `price` decimal(12,4) DEFAULT NULL COMMENT 'Price',
  `final_price` decimal(12,4) DEFAULT NULL COMMENT 'Final Price',
  `min_price` decimal(12,4) DEFAULT NULL COMMENT 'Min Price',
  `max_price` decimal(12,4) DEFAULT NULL COMMENT 'Max Price',
  `tier_price` decimal(12,4) DEFAULT NULL COMMENT 'Tier Price',
  PRIMARY KEY (`entity_id`,`customer_group_id`,`website_id`),
  KEY `CATALOG_PRODUCT_INDEX_PRICE_CUSTOMER_GROUP_ID` (`customer_group_id`),
  KEY `CATALOG_PRODUCT_INDEX_PRICE_MIN_PRICE` (`min_price`),
  KEY `CAT_PRD_IDX_PRICE_WS_ID_CSTR_GROUP_ID_MIN_PRICE` (`website_id`,`customer_group_id`,`min_price`)
) ENGINE=InnoDB DEFAULT CHARSET=utf8 COMMENT='Catalog Product Price Index Table';

--
-- Dumping data for table `catalog_product_index_price`
--

INSERT INTO `catalog_product_index_price` VALUES ('1',0,1,2,'34.0000','34.0000','34.0000','34.0000',NULL),('1',1,1,2,'34.0000','34.0000','34.0000','34.0000',NULL),('1',2,1,2,'34.0000','34.0000','34.0000','34.0000',NULL),('1',3,1,2,'34.0000','34.0000','34.0000','34.0000',NULL),('2',0,1,2,'52.0000','52.0000','52.0000','52.0000',NULL),('2',1,1,2,'52.0000','52.0000','52.0000','52.0000',NULL),('2',2,1,2,'52.0000','52.0000','52.0000','52.0000',NULL),('2',3,1,2,'52.0000','52.0000','52.0000','52.0000',NULL),('7',0,1,2,'52.0000','52.0000','52.0000','52.0000',NULL),('7',1,1,2,'52.0000','52.0000','52.0000','52.0000',NULL),('7',2,1,2,'52.0000','52.0000','52.0000','52.0000',NULL),('7',3,1,2,'52.0000','52.0000','52.0000','52.0000',NULL),('9',0,1,2,NULL,NULL,'34.0000','52.0000',NULL),('9',1,1,2,NULL,NULL,'34.0000','52.0000',NULL),('9',2,1,2,NULL,NULL,'34.0000','52.0000',NULL),('9',3,1,2,NULL,NULL,'34.0000','52.0000',NULL),('10',0,1,0,'0.0000','0.0000','34.0000','52.0000',NULL),('10',1,1,0,'0.0000','0.0000','34.0000','52.0000',NULL),('10',2,1,0,'0.0000','0.0000','34.0000','52.0000',NULL),('10',3,1,0,'0.0000','0.0000','34.0000','52.0000',NULL),('17',0,1,2,'6.0000','6.0000','6.0000','6.0000',NULL),('17',1,1,2,'6.0000','6.0000','6.0000','6.0000',NULL),('17',2,1,2,'6.0000','6.0000','6.0000','6.0000',NULL),('17',3,1,2,'6.0000','6.0000','6.0000','6.0000',NULL),('18',0,1,2,'32.0000','30.0000','30.0000','30.0000',NULL),('18',1,1,2,'32.0000','30.0000','30.0000','30.0000',NULL),('18',2,1,2,'32.0000','30.0000','30.0000','30.0000',NULL),('18',3,1,2,'32.0000','30.0000','30.0000','30.0000',NULL),('19',0,1,2,'38.0000','36.0000','36.0000','36.0000',NULL),('19',1,1,2,'38.0000','36.0000','36.0000','36.0000',NULL),('19',2,1,2,'38.0000','36.0000','36.0000','36.0000',NULL),('19',3,1,2,'38.0000','36.0000','36.0000','36.0000',NULL),('20',0,1,2,'40.0000','35.0000','35.0000','35.0000',NULL),('20',1,1,2,'40.0000','35.0000','35.0000','35.0000',NULL),('20',2,1,2,'40.0000','35.0000','35.0000','35.0000',NULL),('20',3,1,2,'40.0000','35.0000','35.0000','35.0000',NULL),('21',0,1,2,'45.0000','45.0000','45.0000','45.0000',NULL),('21',1,1,2,'45.0000','45.0000','45.0000','45.0000',NULL),('21',2,1,2,'45.0000','45.0000','45.0000','45.0000',NULL),('21',3,1,2,'45.0000','45.0000','45.0000','45.0000',NULL),('22',0,1,2,'52.0000','52.0000','52.0000','52.0000',NULL),('22',1,1,2,'52.0000','52.0000','52.0000','52.0000',NULL),('22',2,1,2,'52.0000','52.0000','52.0000','52.0000',NULL),('22',3,1,2,'52.0000','52.0000','52.0000','52.0000',NULL),('23',0,1,2,'59.0000','59.0000','59.0000','59.0000',NULL),('23',1,1,2,'59.0000','59.0000','59.0000','59.0000',NULL),('23',2,1,2,'59.0000','59.0000','59.0000','59.0000',NULL),('23',3,1,2,'59.0000','59.0000','59.0000','59.0000',NULL),('24',0,1,2,'74.0000','70.0000','70.0000','70.0000',NULL),('24',1,1,2,'74.0000','70.0000','70.0000','70.0000',NULL),('24',2,1,2,'74.0000','70.0000','70.0000','70.0000',NULL),('24',3,1,2,'74.0000','70.0000','70.0000','70.0000',NULL),('25',0,1,2,'32.0000','30.0000','30.0000','30.0000',NULL),('25',1,1,2,'32.0000','30.0000','30.0000','30.0000',NULL),('25',2,1,2,'32.0000','30.0000','30.0000','30.0000',NULL),('25',3,1,2,'32.0000','30.0000','30.0000','30.0000',NULL),('26',0,1,2,'32.0000','32.0000','32.0000','32.0000',NULL),('26',1,1,2,'32.0000','32.0000','32.0000','32.0000',NULL),('26',2,1,2,'32.0000','32.0000','32.0000','32.0000',NULL),('26',3,1,2,'32.0000','32.0000','32.0000','32.0000',NULL),('27',0,1,2,'35.0000','35.0000','35.0000','35.0000',NULL),('27',1,1,2,'35.0000','35.0000','35.0000','35.0000',NULL),('27',2,1,2,'35.0000','35.0000','35.0000','35.0000',NULL),('27',3,1,2,'35.0000','35.0000','35.0000','35.0000',NULL),('28',0,1,2,'33.0000','30.0000','30.0000','30.0000',NULL),('28',1,1,2,'33.0000','30.0000','30.0000','30.0000',NULL),('28',2,1,2,'33.0000','30.0000','30.0000','30.0000',NULL),('28',3,1,2,'33.0000','30.0000','30.0000','30.0000',NULL),('29',0,1,2,'36.0000','36.0000','36.0000','36.0000',NULL),('29',1,1,2,'36.0000','36.0000','36.0000','36.0000',NULL),('29',2,1,2,'36.0000','36.0000','36.0000','36.0000',NULL),('29',3,1,2,'36.0000','36.0000','36.0000','36.0000',NULL),('33',0,1,2,'45.0000','45.0000','45.0000','45.0000',NULL),('33',1,1,2,'45.0000','45.0000','45.0000','45.0000',NULL),('33',2,1,2,'45.0000','45.0000','45.0000','45.0000',NULL),('33',3,1,2,'45.0000','45.0000','45.0000','45.0000',NULL),('34',0,1,2,'50.0000','50.0000','50.0000','50.0000',NULL),('34',1,1,2,'50.0000','50.0000','50.0000','50.0000',NULL),('34',2,1,2,'50.0000','50.0000','50.0000','50.0000',NULL),('34',3,1,2,'50.0000','50.0000','50.0000','50.0000',NULL),('35',0,1,2,'10.0000','8.0000','8.0000','8.0000',NULL),('35',1,1,2,'10.0000','8.0000','8.0000','8.0000',NULL),('35',2,1,2,'10.0000','8.0000','8.0000','8.0000',NULL),('35',3,1,2,'10.0000','8.0000','8.0000','8.0000',NULL),('36',0,1,2,'12.0000','8.0000','8.0000','8.0000',NULL),('36',1,1,2,'12.0000','8.0000','8.0000','8.0000',NULL),('36',2,1,2,'12.0000','8.0000','8.0000','8.0000',NULL),('36',3,1,2,'12.0000','8.0000','8.0000','8.0000',NULL),('37',0,1,2,'12.0000','12.0000','12.0000','12.0000',NULL),('37',1,1,2,'12.0000','12.0000','12.0000','12.0000',NULL),('37',2,1,2,'12.0000','12.0000','12.0000','12.0000',NULL),('37',3,1,2,'12.0000','12.0000','12.0000','12.0000',NULL),('38',0,1,2,'19.0000','19.0000','19.0000','19.0000',NULL),('38',1,1,2,'19.0000','19.0000','19.0000','19.0000',NULL),('38',2,1,2,'19.0000','19.0000','19.0000','19.0000',NULL),('38',3,1,2,'19.0000','19.0000','19.0000','19.0000',NULL),('39',0,1,2,'5.0000','4.0000','4.0000','4.0000',NULL),('39',1,1,2,'5.0000','4.0000','4.0000','4.0000',NULL),('39',2,1,2,'5.0000','4.0000','4.0000','4.0000',NULL),('39',3,1,2,'5.0000','4.0000','4.0000','4.0000',NULL),('40',0,1,2,'45.0000','45.0000','45.0000','45.0000',NULL),('40',1,1,2,'45.0000','45.0000','45.0000','45.0000',NULL),('40',2,1,2,'45.0000','45.0000','45.0000','45.0000',NULL),('40',3,1,2,'45.0000','45.0000','45.0000','45.0000',NULL),('41',0,1,2,'49.0000','49.0000','49.0000','49.0000',NULL),('41',1,1,2,'49.0000','49.0000','49.0000','49.0000',NULL),('41',2,1,2,'49.0000','49.0000','49.0000','49.0000',NULL),('41',3,1,2,'49.0000','49.0000','49.0000','49.0000',NULL),('42',0,1,2,'54.0000','54.0000','54.0000','54.0000',NULL),('42',1,1,2,'54.0000','54.0000','54.0000','54.0000',NULL),('42',2,1,2,'54.0000','54.0000','54.0000','54.0000',NULL),('42',3,1,2,'54.0000','54.0000','54.0000','54.0000',NULL),('43',0,1,2,'55.0000','55.0000','55.0000','55.0000',NULL),('43',1,1,2,'55.0000','55.0000','55.0000','55.0000',NULL),('43',2,1,2,'55.0000','55.0000','55.0000','55.0000',NULL),('43',3,1,2,'55.0000','55.0000','55.0000','55.0000',NULL),('44',0,1,2,'92.0000','80.0000','80.0000','80.0000',NULL),('44',1,1,2,'92.0000','80.0000','80.0000','80.0000',NULL),('44',2,1,2,'92.0000','80.0000','80.0000','80.0000',NULL),('44',3,1,2,'92.0000','80.0000','80.0000','80.0000',NULL),('45',0,1,2,'43.0000','43.0000','43.0000','43.0000',NULL),('45',1,1,2,'43.0000','43.0000','43.0000','43.0000',NULL),('45',2,1,2,'43.0000','43.0000','43.0000','43.0000',NULL),('45',3,1,2,'43.0000','43.0000','43.0000','43.0000',NULL);

--
-- Table structure for table `catalog_product_index_price_bundle_idx`
--

CREATE TABLE `catalog_product_index_price_bundle_idx` (
  `entity_id` int(10) unsigned NOT NULL COMMENT 'Entity Id',
  `customer_group_id` smallint(5) unsigned NOT NULL COMMENT 'Customer Group Id',
  `website_id` smallint(5) unsigned NOT NULL COMMENT 'Website Id',
  `tax_class_id` smallint(5) unsigned DEFAULT '0' COMMENT 'Tax Class Id',
  `price_type` smallint(5) unsigned NOT NULL COMMENT 'Price Type',
  `special_price` decimal(12,4) DEFAULT NULL COMMENT 'Special Price',
  `tier_percent` decimal(12,4) DEFAULT NULL COMMENT 'Tier Percent',
  `orig_price` decimal(12,4) DEFAULT NULL COMMENT 'Orig Price',
  `price` decimal(12,4) DEFAULT NULL COMMENT 'Price',
  `min_price` decimal(12,4) DEFAULT NULL COMMENT 'Min Price',
  `max_price` decimal(12,4) DEFAULT NULL COMMENT 'Max Price',
  `tier_price` decimal(12,4) DEFAULT NULL COMMENT 'Tier Price',
  `base_tier` decimal(12,4) DEFAULT NULL COMMENT 'Base Tier',
  PRIMARY KEY (`entity_id`,`customer_group_id`,`website_id`)
) ENGINE=InnoDB DEFAULT CHARSET=utf8 COMMENT='Catalog Product Index Price Bundle Idx';

--
-- Dumping data for table `catalog_product_index_price_bundle_idx`
--

INSERT INTO `catalog_product_index_price_bundle_idx` VALUES ('10',0,1,0,0,'0.0000',NULL,'0.0000','0.0000','0.0000','0.0000',NULL,NULL),('10',1,1,0,0,'0.0000',NULL,'0.0000','0.0000','0.0000','0.0000',NULL,NULL),('10',2,1,0,0,'0.0000',NULL,'0.0000','0.0000','0.0000','0.0000',NULL,NULL),('10',3,1,0,0,'0.0000',NULL,'0.0000','0.0000','0.0000','0.0000',NULL,NULL);

--
-- Table structure for table `catalog_product_index_price_bundle_opt_idx`
--

CREATE TABLE `catalog_product_index_price_bundle_opt_idx` (
  `entity_id` int(10) unsigned NOT NULL COMMENT 'Entity Id',
  `customer_group_id` smallint(5) unsigned NOT NULL COMMENT 'Customer Group Id',
  `website_id` smallint(5) unsigned NOT NULL COMMENT 'Website Id',
  `option_id` int(10) unsigned NOT NULL DEFAULT '0' COMMENT 'Option Id',
  `min_price` decimal(12,4) DEFAULT NULL COMMENT 'Min Price',
  `alt_price` decimal(12,4) DEFAULT NULL COMMENT 'Alt Price',
  `max_price` decimal(12,4) DEFAULT NULL COMMENT 'Max Price',
  `tier_price` decimal(12,4) DEFAULT NULL COMMENT 'Tier Price',
  `alt_tier_price` decimal(12,4) DEFAULT NULL COMMENT 'Alt Tier Price',
  PRIMARY KEY (`entity_id`,`customer_group_id`,`website_id`,`option_id`)
) ENGINE=InnoDB DEFAULT CHARSET=utf8 COMMENT='Catalog Product Index Price Bundle Opt Idx';

--
-- Dumping data for table `catalog_product_index_price_bundle_opt_idx`
--

INSERT INTO `catalog_product_index_price_bundle_opt_idx` VALUES ('10',0,1,'9','34.0000','0.0000','52.0000',NULL,'0.0000'),('10',1,1,'9','34.0000','0.0000','52.0000',NULL,'0.0000'),('10',2,1,'9','34.0000','0.0000','52.0000',NULL,'0.0000'),('10',3,1,'9','34.0000','0.0000','52.0000',NULL,'0.0000');

--
-- Table structure for table `catalog_product_index_price_bundle_opt_tmp`
--

CREATE TABLE `catalog_product_index_price_bundle_opt_tmp` (
  `entity_id` int(10) unsigned NOT NULL COMMENT 'Entity Id',
  `customer_group_id` smallint(5) unsigned NOT NULL COMMENT 'Customer Group Id',
  `website_id` smallint(5) unsigned NOT NULL COMMENT 'Website Id',
  `option_id` int(10) unsigned NOT NULL DEFAULT '0' COMMENT 'Option Id',
  `min_price` decimal(12,4) DEFAULT NULL COMMENT 'Min Price',
  `alt_price` decimal(12,4) DEFAULT NULL COMMENT 'Alt Price',
  `max_price` decimal(12,4) DEFAULT NULL COMMENT 'Max Price',
  `tier_price` decimal(12,4) DEFAULT NULL COMMENT 'Tier Price',
  `alt_tier_price` decimal(12,4) DEFAULT NULL COMMENT 'Alt Tier Price',
  PRIMARY KEY (`entity_id`,`customer_group_id`,`website_id`,`option_id`)
) ENGINE=MEMORY DEFAULT CHARSET=utf8 COMMENT='Catalog Product Index Price Bundle Opt Tmp';

--
-- Table structure for table `catalog_product_index_price_bundle_sel_idx`
--

CREATE TABLE `catalog_product_index_price_bundle_sel_idx` (
  `entity_id` int(10) unsigned NOT NULL COMMENT 'Entity Id',
  `customer_group_id` smallint(5) unsigned NOT NULL COMMENT 'Customer Group Id',
  `website_id` smallint(5) unsigned NOT NULL COMMENT 'Website Id',
  `option_id` int(10) unsigned NOT NULL DEFAULT '0' COMMENT 'Option Id',
  `selection_id` int(10) unsigned NOT NULL DEFAULT '0' COMMENT 'Selection Id',
  `group_type` smallint(5) unsigned DEFAULT '0' COMMENT 'Group Type',
  `is_required` smallint(5) unsigned DEFAULT '0' COMMENT 'Is Required',
  `price` decimal(12,4) DEFAULT NULL COMMENT 'Price',
  `tier_price` decimal(12,4) DEFAULT NULL COMMENT 'Tier Price',
  PRIMARY KEY (`entity_id`,`customer_group_id`,`website_id`,`option_id`,`selection_id`)
) ENGINE=InnoDB DEFAULT CHARSET=utf8 COMMENT='Catalog Product Index Price Bundle Sel Idx';

--
-- Dumping data for table `catalog_product_index_price_bundle_sel_idx`
--

INSERT INTO `catalog_product_index_price_bundle_sel_idx` VALUES ('10',0,1,'9','21',0,1,'34.0000',NULL),('10',0,1,'9','22',0,1,'52.0000',NULL),('10',1,1,'9','21',0,1,'34.0000',NULL),('10',1,1,'9','22',0,1,'52.0000',NULL),('10',2,1,'9','21',0,1,'34.0000',NULL),('10',2,1,'9','22',0,1,'52.0000',NULL),('10',3,1,'9','21',0,1,'34.0000',NULL),('10',3,1,'9','22',0,1,'52.0000',NULL);

--
-- Table structure for table `catalog_product_index_price_bundle_sel_tmp`
--

CREATE TABLE `catalog_product_index_price_bundle_sel_tmp` (
  `entity_id` int(10) unsigned NOT NULL COMMENT 'Entity Id',
  `customer_group_id` smallint(5) unsigned NOT NULL COMMENT 'Customer Group Id',
  `website_id` smallint(5) unsigned NOT NULL COMMENT 'Website Id',
  `option_id` int(10) unsigned NOT NULL DEFAULT '0' COMMENT 'Option Id',
  `selection_id` int(10) unsigned NOT NULL DEFAULT '0' COMMENT 'Selection Id',
  `group_type` smallint(5) unsigned DEFAULT '0' COMMENT 'Group Type',
  `is_required` smallint(5) unsigned DEFAULT '0' COMMENT 'Is Required',
  `price` decimal(12,4) DEFAULT NULL COMMENT 'Price',
  `tier_price` decimal(12,4) DEFAULT NULL COMMENT 'Tier Price',
  PRIMARY KEY (`entity_id`,`customer_group_id`,`website_id`,`option_id`,`selection_id`)
) ENGINE=MEMORY DEFAULT CHARSET=utf8 COMMENT='Catalog Product Index Price Bundle Sel Tmp';

--
-- Table structure for table `catalog_product_index_price_bundle_tmp`
--

CREATE TABLE `catalog_product_index_price_bundle_tmp` (
  `entity_id` int(10) unsigned NOT NULL COMMENT 'Entity Id',
  `customer_group_id` smallint(5) unsigned NOT NULL COMMENT 'Customer Group Id',
  `website_id` smallint(5) unsigned NOT NULL COMMENT 'Website Id',
  `tax_class_id` smallint(5) unsigned DEFAULT '0' COMMENT 'Tax Class Id',
  `price_type` smallint(5) unsigned NOT NULL COMMENT 'Price Type',
  `special_price` decimal(12,4) DEFAULT NULL COMMENT 'Special Price',
  `tier_percent` decimal(12,4) DEFAULT NULL COMMENT 'Tier Percent',
  `orig_price` decimal(12,4) DEFAULT NULL COMMENT 'Orig Price',
  `price` decimal(12,4) DEFAULT NULL COMMENT 'Price',
  `min_price` decimal(12,4) DEFAULT NULL COMMENT 'Min Price',
  `max_price` decimal(12,4) DEFAULT NULL COMMENT 'Max Price',
  `tier_price` decimal(12,4) DEFAULT NULL COMMENT 'Tier Price',
  `base_tier` decimal(12,4) DEFAULT NULL COMMENT 'Base Tier',
  PRIMARY KEY (`entity_id`,`customer_group_id`,`website_id`)
) ENGINE=MEMORY DEFAULT CHARSET=utf8 COMMENT='Catalog Product Index Price Bundle Tmp';

--
-- Table structure for table `catalog_product_index_price_cfg_opt_agr_idx`
--

CREATE TABLE `catalog_product_index_price_cfg_opt_agr_idx` (
  `parent_id` int(10) unsigned NOT NULL COMMENT 'Parent ID',
  `child_id` int(10) unsigned NOT NULL COMMENT 'Child ID',
  `customer_group_id` smallint(5) unsigned NOT NULL COMMENT 'Customer Group ID',
  `website_id` smallint(5) unsigned NOT NULL COMMENT 'Website ID',
  `price` decimal(12,4) DEFAULT NULL COMMENT 'Price',
  `tier_price` decimal(12,4) DEFAULT NULL COMMENT 'Tier Price',
  PRIMARY KEY (`parent_id`,`child_id`,`customer_group_id`,`website_id`)
) ENGINE=InnoDB DEFAULT CHARSET=utf8 COMMENT='Catalog Product Price Indexer Config Option Aggregate Index Table';

--
-- Table structure for table `catalog_product_index_price_cfg_opt_agr_tmp`
--

CREATE TABLE `catalog_product_index_price_cfg_opt_agr_tmp` (
  `parent_id` int(10) unsigned NOT NULL COMMENT 'Parent ID',
  `child_id` int(10) unsigned NOT NULL COMMENT 'Child ID',
  `customer_group_id` smallint(5) unsigned NOT NULL COMMENT 'Customer Group ID',
  `website_id` smallint(5) unsigned NOT NULL COMMENT 'Website ID',
  `price` decimal(12,4) DEFAULT NULL COMMENT 'Price',
  `tier_price` decimal(12,4) DEFAULT NULL COMMENT 'Tier Price',
  PRIMARY KEY (`parent_id`,`child_id`,`customer_group_id`,`website_id`)
) ENGINE=MEMORY DEFAULT CHARSET=utf8 COMMENT='Catalog Product Price Indexer Config Option Aggregate Temp Table';

--
-- Table structure for table `catalog_product_index_price_cfg_opt_idx`
--

CREATE TABLE `catalog_product_index_price_cfg_opt_idx` (
  `entity_id` int(10) unsigned NOT NULL COMMENT 'Entity ID',
  `customer_group_id` smallint(5) unsigned NOT NULL COMMENT 'Customer Group ID',
  `website_id` smallint(5) unsigned NOT NULL COMMENT 'Website ID',
  `min_price` decimal(12,4) DEFAULT NULL COMMENT 'Min Price',
  `max_price` decimal(12,4) DEFAULT NULL COMMENT 'Max Price',
  `tier_price` decimal(12,4) DEFAULT NULL COMMENT 'Tier Price',
  PRIMARY KEY (`entity_id`,`customer_group_id`,`website_id`)
) ENGINE=InnoDB DEFAULT CHARSET=utf8 COMMENT='Catalog Product Price Indexer Config Option Index Table';

--
-- Table structure for table `catalog_product_index_price_cfg_opt_tmp`
--

CREATE TABLE `catalog_product_index_price_cfg_opt_tmp` (
  `entity_id` int(10) unsigned NOT NULL COMMENT 'Entity ID',
  `customer_group_id` smallint(5) unsigned NOT NULL COMMENT 'Customer Group ID',
  `website_id` smallint(5) unsigned NOT NULL COMMENT 'Website ID',
  `min_price` decimal(12,4) DEFAULT NULL COMMENT 'Min Price',
  `max_price` decimal(12,4) DEFAULT NULL COMMENT 'Max Price',
  `tier_price` decimal(12,4) DEFAULT NULL COMMENT 'Tier Price',
  PRIMARY KEY (`entity_id`,`customer_group_id`,`website_id`)
) ENGINE=MEMORY DEFAULT CHARSET=utf8 COMMENT='Catalog Product Price Indexer Config Option Temp Table';

--
-- Table structure for table `catalog_product_index_price_downlod_idx`
--

CREATE TABLE `catalog_product_index_price_downlod_idx` (
  `entity_id` int(10) unsigned NOT NULL COMMENT 'Entity ID',
  `customer_group_id` smallint(5) unsigned NOT NULL COMMENT 'Customer Group ID',
  `website_id` smallint(5) unsigned NOT NULL COMMENT 'Website ID',
  `min_price` decimal(12,4) NOT NULL DEFAULT '0.0000' COMMENT 'Minimum price',
  `max_price` decimal(12,4) NOT NULL DEFAULT '0.0000' COMMENT 'Maximum price',
  PRIMARY KEY (`entity_id`,`customer_group_id`,`website_id`)
) ENGINE=InnoDB DEFAULT CHARSET=utf8 COMMENT='Indexer Table for price of downloadable products';

--
-- Table structure for table `catalog_product_index_price_downlod_tmp`
--

CREATE TABLE `catalog_product_index_price_downlod_tmp` (
  `entity_id` int(10) unsigned NOT NULL COMMENT 'Entity ID',
  `customer_group_id` smallint(5) unsigned NOT NULL COMMENT 'Customer Group ID',
  `website_id` smallint(5) unsigned NOT NULL COMMENT 'Website ID',
  `min_price` decimal(12,4) NOT NULL DEFAULT '0.0000' COMMENT 'Minimum price',
  `max_price` decimal(12,4) NOT NULL DEFAULT '0.0000' COMMENT 'Maximum price',
  PRIMARY KEY (`entity_id`,`customer_group_id`,`website_id`)
) ENGINE=MEMORY DEFAULT CHARSET=utf8 COMMENT='Temporary Indexer Table for price of downloadable products';

--
-- Table structure for table `catalog_product_index_price_final_idx`
--

CREATE TABLE `catalog_product_index_price_final_idx` (
  `entity_id` int(10) unsigned NOT NULL COMMENT 'Entity ID',
  `customer_group_id` smallint(5) unsigned NOT NULL COMMENT 'Customer Group ID',
  `website_id` smallint(5) unsigned NOT NULL COMMENT 'Website ID',
  `tax_class_id` smallint(5) unsigned DEFAULT '0' COMMENT 'Tax Class ID',
  `orig_price` decimal(12,4) DEFAULT NULL COMMENT 'Original Price',
  `price` decimal(12,4) DEFAULT NULL COMMENT 'Price',
  `min_price` decimal(12,4) DEFAULT NULL COMMENT 'Min Price',
  `max_price` decimal(12,4) DEFAULT NULL COMMENT 'Max Price',
  `tier_price` decimal(12,4) DEFAULT NULL COMMENT 'Tier Price',
  `base_tier` decimal(12,4) DEFAULT NULL COMMENT 'Base Tier',
  PRIMARY KEY (`entity_id`,`customer_group_id`,`website_id`)
) ENGINE=InnoDB DEFAULT CHARSET=utf8 COMMENT='Catalog Product Price Indexer Final Index Table';

--
-- Table structure for table `catalog_product_index_price_final_tmp`
--

CREATE TABLE `catalog_product_index_price_final_tmp` (
  `entity_id` int(10) unsigned NOT NULL COMMENT 'Entity ID',
  `customer_group_id` smallint(5) unsigned NOT NULL COMMENT 'Customer Group ID',
  `website_id` smallint(5) unsigned NOT NULL COMMENT 'Website ID',
  `tax_class_id` smallint(5) unsigned DEFAULT '0' COMMENT 'Tax Class ID',
  `orig_price` decimal(12,4) DEFAULT NULL COMMENT 'Original Price',
  `price` decimal(12,4) DEFAULT NULL COMMENT 'Price',
  `min_price` decimal(12,4) DEFAULT NULL COMMENT 'Min Price',
  `max_price` decimal(12,4) DEFAULT NULL COMMENT 'Max Price',
  `tier_price` decimal(12,4) DEFAULT NULL COMMENT 'Tier Price',
  `base_tier` decimal(12,4) DEFAULT NULL COMMENT 'Base Tier',
  PRIMARY KEY (`entity_id`,`customer_group_id`,`website_id`)
) ENGINE=MEMORY DEFAULT CHARSET=utf8 COMMENT='Catalog Product Price Indexer Final Temp Table';

--
-- Table structure for table `catalog_product_index_price_idx`
--

CREATE TABLE `catalog_product_index_price_idx` (
  `entity_id` int(10) unsigned NOT NULL COMMENT 'Entity ID',
  `customer_group_id` smallint(5) unsigned NOT NULL COMMENT 'Customer Group ID',
  `website_id` smallint(5) unsigned NOT NULL COMMENT 'Website ID',
  `tax_class_id` smallint(5) unsigned DEFAULT '0' COMMENT 'Tax Class ID',
  `price` decimal(12,4) DEFAULT NULL COMMENT 'Price',
  `final_price` decimal(12,4) DEFAULT NULL COMMENT 'Final Price',
  `min_price` decimal(12,4) DEFAULT NULL COMMENT 'Min Price',
  `max_price` decimal(12,4) DEFAULT NULL COMMENT 'Max Price',
  `tier_price` decimal(12,4) DEFAULT NULL COMMENT 'Tier Price',
  PRIMARY KEY (`entity_id`,`customer_group_id`,`website_id`),
  KEY `CATALOG_PRODUCT_INDEX_PRICE_IDX_CUSTOMER_GROUP_ID` (`customer_group_id`),
  KEY `CATALOG_PRODUCT_INDEX_PRICE_IDX_WEBSITE_ID` (`website_id`),
  KEY `CATALOG_PRODUCT_INDEX_PRICE_IDX_MIN_PRICE` (`min_price`)
) ENGINE=InnoDB DEFAULT CHARSET=utf8 COMMENT='Catalog Product Price Indexer Index Table';

--
-- Dumping data for table `catalog_product_index_price_idx`
--

INSERT INTO `catalog_product_index_price_idx` VALUES ('1',0,1,2,'34.0000','34.0000','34.0000','34.0000',NULL),('1',1,1,2,'34.0000','34.0000','34.0000','34.0000',NULL),('1',2,1,2,'34.0000','34.0000','34.0000','34.0000',NULL),('1',3,1,2,'34.0000','34.0000','34.0000','34.0000',NULL),('2',0,1,2,'52.0000','52.0000','52.0000','52.0000',NULL),('2',1,1,2,'52.0000','52.0000','52.0000','52.0000',NULL),('2',2,1,2,'52.0000','52.0000','52.0000','52.0000',NULL),('2',3,1,2,'52.0000','52.0000','52.0000','52.0000',NULL),('7',0,1,2,'52.0000','52.0000','52.0000','52.0000',NULL),('7',1,1,2,'52.0000','52.0000','52.0000','52.0000',NULL),('7',2,1,2,'52.0000','52.0000','52.0000','52.0000',NULL),('7',3,1,2,'52.0000','52.0000','52.0000','52.0000',NULL),('9',0,1,2,NULL,NULL,'34.0000','52.0000',NULL),('9',1,1,2,NULL,NULL,'34.0000','52.0000',NULL),('9',2,1,2,NULL,NULL,'34.0000','52.0000',NULL),('9',3,1,2,NULL,NULL,'34.0000','52.0000',NULL),('10',0,1,0,'0.0000','0.0000','34.0000','52.0000',NULL),('10',1,1,0,'0.0000','0.0000','34.0000','52.0000',NULL),('10',2,1,0,'0.0000','0.0000','34.0000','52.0000',NULL),('10',3,1,0,'0.0000','0.0000','34.0000','52.0000',NULL),('17',0,1,2,'6.0000','6.0000','6.0000','6.0000',NULL),('17',1,1,2,'6.0000','6.0000','6.0000','6.0000',NULL),('17',2,1,2,'6.0000','6.0000','6.0000','6.0000',NULL),('17',3,1,2,'6.0000','6.0000','6.0000','6.0000',NULL),('18',0,1,2,'32.0000','30.0000','30.0000','30.0000',NULL),('18',1,1,2,'32.0000','30.0000','30.0000','30.0000',NULL),('18',2,1,2,'32.0000','30.0000','30.0000','30.0000',NULL),('18',3,1,2,'32.0000','30.0000','30.0000','30.0000',NULL),('19',0,1,2,'38.0000','36.0000','36.0000','36.0000',NULL),('19',1,1,2,'38.0000','36.0000','36.0000','36.0000',NULL),('19',2,1,2,'38.0000','36.0000','36.0000','36.0000',NULL),('19',3,1,2,'38.0000','36.0000','36.0000','36.0000',NULL),('20',0,1,2,'40.0000','35.0000','35.0000','35.0000',NULL),('20',1,1,2,'40.0000','35.0000','35.0000','35.0000',NULL),('20',2,1,2,'40.0000','35.0000','35.0000','35.0000',NULL),('20',3,1,2,'40.0000','35.0000','35.0000','35.0000',NULL),('21',0,1,2,'45.0000','45.0000','45.0000','45.0000',NULL),('21',1,1,2,'45.0000','45.0000','45.0000','45.0000',NULL),('21',2,1,2,'45.0000','45.0000','45.0000','45.0000',NULL),('21',3,1,2,'45.0000','45.0000','45.0000','45.0000',NULL),('22',0,1,2,'52.0000','52.0000','52.0000','52.0000',NULL),('22',1,1,2,'52.0000','52.0000','52.0000','52.0000',NULL),('22',2,1,2,'52.0000','52.0000','52.0000','52.0000',NULL),('22',3,1,2,'52.0000','52.0000','52.0000','52.0000',NULL),('23',0,1,2,'59.0000','59.0000','59.0000','59.0000',NULL),('23',1,1,2,'59.0000','59.0000','59.0000','59.0000',NULL),('23',2,1,2,'59.0000','59.0000','59.0000','59.0000',NULL),('23',3,1,2,'59.0000','59.0000','59.0000','59.0000',NULL),('24',0,1,2,'74.0000','70.0000','70.0000','70.0000',NULL),('24',1,1,2,'74.0000','70.0000','70.0000','70.0000',NULL),('24',2,1,2,'74.0000','70.0000','70.0000','70.0000',NULL),('24',3,1,2,'74.0000','70.0000','70.0000','70.0000',NULL),('25',0,1,2,'32.0000','30.0000','30.0000','30.0000',NULL),('25',1,1,2,'32.0000','30.0000','30.0000','30.0000',NULL),('25',2,1,2,'32.0000','30.0000','30.0000','30.0000',NULL),('25',3,1,2,'32.0000','30.0000','30.0000','30.0000',NULL),('26',0,1,2,'32.0000','32.0000','32.0000','32.0000',NULL),('26',1,1,2,'32.0000','32.0000','32.0000','32.0000',NULL),('26',2,1,2,'32.0000','32.0000','32.0000','32.0000',NULL),('26',3,1,2,'32.0000','32.0000','32.0000','32.0000',NULL),('27',0,1,2,'35.0000','35.0000','35.0000','35.0000',NULL),('27',1,1,2,'35.0000','35.0000','35.0000','35.0000',NULL),('27',2,1,2,'35.0000','35.0000','35.0000','35.0000',NULL),('27',3,1,2,'35.0000','35.0000','35.0000','35.0000',NULL),('28',0,1,2,'33.0000','30.0000','30.0000','30.0000',NULL),('28',1,1,2,'33.0000','30.0000','30.0000','30.0000',NULL),('28',2,1,2,'33.0000','30.0000','30.0000','30.0000',NULL),('28',3,1,2,'33.0000','30.0000','30.0000','30.0000',NULL),('29',0,1,2,'36.0000','36.0000','36.0000','36.0000',NULL),('29',1,1,2,'36.0000','36.0000','36.0000','36.0000',NULL),('29',2,1,2,'36.0000','36.0000','36.0000','36.0000',NULL),('29',3,1,2,'36.0000','36.0000','36.0000','36.0000',NULL),('33',0,1,2,'45.0000','45.0000','45.0000','45.0000',NULL),('33',1,1,2,'45.0000','45.0000','45.0000','45.0000',NULL),('33',2,1,2,'45.0000','45.0000','45.0000','45.0000',NULL),('33',3,1,2,'45.0000','45.0000','45.0000','45.0000',NULL),('34',0,1,2,'50.0000','50.0000','50.0000','50.0000',NULL),('34',1,1,2,'50.0000','50.0000','50.0000','50.0000',NULL),('34',2,1,2,'50.0000','50.0000','50.0000','50.0000',NULL),('34',3,1,2,'50.0000','50.0000','50.0000','50.0000',NULL),('35',0,1,2,'10.0000','8.0000','8.0000','8.0000',NULL),('35',1,1,2,'10.0000','8.0000','8.0000','8.0000',NULL),('35',2,1,2,'10.0000','8.0000','8.0000','8.0000',NULL),('35',3,1,2,'10.0000','8.0000','8.0000','8.0000',NULL),('36',0,1,2,'12.0000','8.0000','8.0000','8.0000',NULL),('36',1,1,2,'12.0000','8.0000','8.0000','8.0000',NULL),('36',2,1,2,'12.0000','8.0000','8.0000','8.0000',NULL),('36',3,1,2,'12.0000','8.0000','8.0000','8.0000',NULL),('37',0,1,2,'12.0000','12.0000','12.0000','12.0000',NULL),('37',1,1,2,'12.0000','12.0000','12.0000','12.0000',NULL),('37',2,1,2,'12.0000','12.0000','12.0000','12.0000',NULL),('37',3,1,2,'12.0000','12.0000','12.0000','12.0000',NULL),('38',0,1,2,'19.0000','19.0000','19.0000','19.0000',NULL),('38',1,1,2,'19.0000','19.0000','19.0000','19.0000',NULL),('38',2,1,2,'19.0000','19.0000','19.0000','19.0000',NULL),('38',3,1,2,'19.0000','19.0000','19.0000','19.0000',NULL),('39',0,1,2,'5.0000','4.0000','4.0000','4.0000',NULL),('39',1,1,2,'5.0000','4.0000','4.0000','4.0000',NULL),('39',2,1,2,'5.0000','4.0000','4.0000','4.0000',NULL),('39',3,1,2,'5.0000','4.0000','4.0000','4.0000',NULL),('40',0,1,2,'45.0000','45.0000','45.0000','45.0000',NULL),('40',1,1,2,'45.0000','45.0000','45.0000','45.0000',NULL),('40',2,1,2,'45.0000','45.0000','45.0000','45.0000',NULL),('40',3,1,2,'45.0000','45.0000','45.0000','45.0000',NULL),('41',0,1,2,'49.0000','49.0000','49.0000','49.0000',NULL),('41',1,1,2,'49.0000','49.0000','49.0000','49.0000',NULL),('41',2,1,2,'49.0000','49.0000','49.0000','49.0000',NULL),('41',3,1,2,'49.0000','49.0000','49.0000','49.0000',NULL),('42',0,1,2,'54.0000','54.0000','54.0000','54.0000',NULL),('42',1,1,2,'54.0000','54.0000','54.0000','54.0000',NULL),('42',2,1,2,'54.0000','54.0000','54.0000','54.0000',NULL),('42',3,1,2,'54.0000','54.0000','54.0000','54.0000',NULL),('43',0,1,2,'55.0000','55.0000','55.0000','55.0000',NULL),('43',1,1,2,'55.0000','55.0000','55.0000','55.0000',NULL),('43',2,1,2,'55.0000','55.0000','55.0000','55.0000',NULL),('43',3,1,2,'55.0000','55.0000','55.0000','55.0000',NULL),('44',0,1,2,'92.0000','80.0000','80.0000','80.0000',NULL),('44',1,1,2,'92.0000','80.0000','80.0000','80.0000',NULL),('44',2,1,2,'92.0000','80.0000','80.0000','80.0000',NULL),('44',3,1,2,'92.0000','80.0000','80.0000','80.0000',NULL),('45',0,1,2,'43.0000','43.0000','43.0000','43.0000',NULL),('45',1,1,2,'43.0000','43.0000','43.0000','43.0000',NULL),('45',2,1,2,'43.0000','43.0000','43.0000','43.0000',NULL),('45',3,1,2,'43.0000','43.0000','43.0000','43.0000',NULL);

--
-- Table structure for table `catalog_product_index_price_opt_agr_idx`
--

CREATE TABLE `catalog_product_index_price_opt_agr_idx` (
  `entity_id` int(10) unsigned NOT NULL COMMENT 'Entity ID',
  `customer_group_id` smallint(5) unsigned NOT NULL COMMENT 'Customer Group ID',
  `website_id` smallint(5) unsigned NOT NULL COMMENT 'Website ID',
  `option_id` int(10) unsigned NOT NULL DEFAULT '0' COMMENT 'Option ID',
  `min_price` decimal(12,4) DEFAULT NULL COMMENT 'Min Price',
  `max_price` decimal(12,4) DEFAULT NULL COMMENT 'Max Price',
  `tier_price` decimal(12,4) DEFAULT NULL COMMENT 'Tier Price',
  PRIMARY KEY (`entity_id`,`customer_group_id`,`website_id`,`option_id`)
) ENGINE=InnoDB DEFAULT CHARSET=utf8 COMMENT='Catalog Product Price Indexer Option Aggregate Index Table';

--
-- Table structure for table `catalog_product_index_price_opt_agr_tmp`
--

CREATE TABLE `catalog_product_index_price_opt_agr_tmp` (
  `entity_id` int(10) unsigned NOT NULL COMMENT 'Entity ID',
  `customer_group_id` smallint(5) unsigned NOT NULL COMMENT 'Customer Group ID',
  `website_id` smallint(5) unsigned NOT NULL COMMENT 'Website ID',
  `option_id` int(10) unsigned NOT NULL DEFAULT '0' COMMENT 'Option ID',
  `min_price` decimal(12,4) DEFAULT NULL COMMENT 'Min Price',
  `max_price` decimal(12,4) DEFAULT NULL COMMENT 'Max Price',
  `tier_price` decimal(12,4) DEFAULT NULL COMMENT 'Tier Price',
  PRIMARY KEY (`entity_id`,`customer_group_id`,`website_id`,`option_id`)
) ENGINE=MEMORY DEFAULT CHARSET=utf8 COMMENT='Catalog Product Price Indexer Option Aggregate Temp Table';

--
-- Table structure for table `catalog_product_index_price_opt_idx`
--

CREATE TABLE `catalog_product_index_price_opt_idx` (
  `entity_id` int(10) unsigned NOT NULL COMMENT 'Entity ID',
  `customer_group_id` smallint(5) unsigned NOT NULL COMMENT 'Customer Group ID',
  `website_id` smallint(5) unsigned NOT NULL COMMENT 'Website ID',
  `min_price` decimal(12,4) DEFAULT NULL COMMENT 'Min Price',
  `max_price` decimal(12,4) DEFAULT NULL COMMENT 'Max Price',
  `tier_price` decimal(12,4) DEFAULT NULL COMMENT 'Tier Price',
  PRIMARY KEY (`entity_id`,`customer_group_id`,`website_id`)
) ENGINE=InnoDB DEFAULT CHARSET=utf8 COMMENT='Catalog Product Price Indexer Option Index Table';

--
-- Table structure for table `catalog_product_index_price_opt_tmp`
--

CREATE TABLE `catalog_product_index_price_opt_tmp` (
  `entity_id` int(10) unsigned NOT NULL COMMENT 'Entity ID',
  `customer_group_id` smallint(5) unsigned NOT NULL COMMENT 'Customer Group ID',
  `website_id` smallint(5) unsigned NOT NULL COMMENT 'Website ID',
  `min_price` decimal(12,4) DEFAULT NULL COMMENT 'Min Price',
  `max_price` decimal(12,4) DEFAULT NULL COMMENT 'Max Price',
  `tier_price` decimal(12,4) DEFAULT NULL COMMENT 'Tier Price',
  PRIMARY KEY (`entity_id`,`customer_group_id`,`website_id`)
) ENGINE=MEMORY DEFAULT CHARSET=utf8 COMMENT='Catalog Product Price Indexer Option Temp Table';

--
-- Table structure for table `catalog_product_index_price_tmp`
--

CREATE TABLE `catalog_product_index_price_tmp` (
  `entity_id` int(10) unsigned NOT NULL COMMENT 'Entity ID',
  `customer_group_id` smallint(5) unsigned NOT NULL COMMENT 'Customer Group ID',
  `website_id` smallint(5) unsigned NOT NULL COMMENT 'Website ID',
  `tax_class_id` smallint(5) unsigned DEFAULT '0' COMMENT 'Tax Class ID',
  `price` decimal(12,4) DEFAULT NULL COMMENT 'Price',
  `final_price` decimal(12,4) DEFAULT NULL COMMENT 'Final Price',
  `min_price` decimal(12,4) DEFAULT NULL COMMENT 'Min Price',
  `max_price` decimal(12,4) DEFAULT NULL COMMENT 'Max Price',
  `tier_price` decimal(12,4) DEFAULT NULL COMMENT 'Tier Price',
  PRIMARY KEY (`entity_id`,`customer_group_id`,`website_id`),
  KEY `CATALOG_PRODUCT_INDEX_PRICE_TMP_CUSTOMER_GROUP_ID` (`customer_group_id`),
  KEY `CATALOG_PRODUCT_INDEX_PRICE_TMP_WEBSITE_ID` (`website_id`),
  KEY `CATALOG_PRODUCT_INDEX_PRICE_TMP_MIN_PRICE` (`min_price`)
) ENGINE=MEMORY DEFAULT CHARSET=utf8 COMMENT='Catalog Product Price Indexer Temp Table';

--
-- Table structure for table `catalog_product_index_tier_price`
--

CREATE TABLE `catalog_product_index_tier_price` (
  `entity_id` int(10) unsigned NOT NULL COMMENT 'Entity ID',
  `customer_group_id` smallint(5) unsigned NOT NULL COMMENT 'Customer Group ID',
  `website_id` smallint(5) unsigned NOT NULL COMMENT 'Website ID',
  `min_price` decimal(12,4) DEFAULT NULL COMMENT 'Min Price',
  PRIMARY KEY (`entity_id`,`customer_group_id`,`website_id`),
  KEY `CATALOG_PRODUCT_INDEX_TIER_PRICE_CUSTOMER_GROUP_ID` (`customer_group_id`),
  KEY `CATALOG_PRODUCT_INDEX_TIER_PRICE_WEBSITE_ID` (`website_id`)
) ENGINE=InnoDB DEFAULT CHARSET=utf8 COMMENT='Catalog Product Tier Price Index Table';

--
-- Table structure for table `catalog_product_index_website`
--

CREATE TABLE `catalog_product_index_website` (
  `website_id` smallint(5) unsigned NOT NULL COMMENT 'Website ID',
  `website_date` date DEFAULT NULL COMMENT 'Website Date',
  `rate` float DEFAULT '1' COMMENT 'Rate',
  PRIMARY KEY (`website_id`),
  KEY `CATALOG_PRODUCT_INDEX_WEBSITE_WEBSITE_DATE` (`website_date`)
) ENGINE=InnoDB DEFAULT CHARSET=utf8 COMMENT='Catalog Product Website Index Table';

--
-- Dumping data for table `catalog_product_index_website`
--

INSERT INTO `catalog_product_index_website` VALUES (1,'2016-12-01','1');

--
-- Table structure for table `catalog_product_link`
--

CREATE TABLE `catalog_product_link` (
  `link_id` int(10) unsigned NOT NULL AUTO_INCREMENT COMMENT 'Link ID',
  `product_id` int(10) unsigned NOT NULL DEFAULT '0' COMMENT 'Product ID',
  `linked_product_id` int(10) unsigned NOT NULL DEFAULT '0' COMMENT 'Linked Product ID',
  `link_type_id` smallint(5) unsigned NOT NULL DEFAULT '0' COMMENT 'Link Type ID',
  PRIMARY KEY (`link_id`),
  UNIQUE KEY `CATALOG_PRODUCT_LINK_LINK_TYPE_ID_PRODUCT_ID_LINKED_PRODUCT_ID` (`link_type_id`,`product_id`,`linked_product_id`),
  KEY `CATALOG_PRODUCT_LINK_PRODUCT_ID` (`product_id`),
  KEY `CATALOG_PRODUCT_LINK_LINKED_PRODUCT_ID` (`linked_product_id`)
) ENGINE=InnoDB AUTO_INCREMENT=1772 DEFAULT CHARSET=utf8 COMMENT='Catalog Product To Product Linkage Table';

--
-- Dumping data for table `catalog_product_link`
--

INSERT INTO `catalog_product_link` VALUES ('1003','1','2',1),('1004','1','9',1),('1005','1','10',1),('1006','1','17',1),('1007','1','18',1),('1008','1','19',1),('1009','1','20',1),('1024','9','1',1),('1025','9','2',1),('1026','9','10',1),('1027','9','17',1),('1028','9','18',1),('1029','9','19',1),('1042','10','1',1),('1043','10','2',1),('1044','10','9',1),('1045','10','17',1),('1046','10','18',1),('1047','10','19',1),('1060','17','1',1),('1061','17','2',1),('1062','17','9',1),('1063','17','10',1),('1064','17','18',1),('1065','17','19',1),('1503','18','10',1),('1504','18','17',1),('1505','18','19',1),('1506','18','20',1),('1507','18','21',1),('1508','18','22',1),('1611','19','9',1),('1612','19','10',1),('1613','19','17',1),('1614','19','18',1),('1615','19','20',1),('1616','19','21',1),('1629','20','9',1),('1630','20','10',1),('1631','20','17',1),('1632','20','18',1),('1633','20','19',1),('1634','20','21',1),('1132','21','17',1),('1133','21','18',1),('1134','21','19',1),('1135','21','20',1),('1136','21','22',1),('1137','21','23',1),('1521','23','1',1),('1522','23','2',1),('1523','23','9',1),('1524','23','10',1),('1525','23','17',1),('1526','23','18',1),('1539','24','9',1),('1540','24','10',1),('1541','24','18',1),('1542','24','19',1),('1543','24','20',1),('1544','24','21',1),('1557','25','7',1),('1558','25','9',1),('1559','25','10',1),('1560','25','17',1),('1561','25','18',1),('1562','25','19',1),('1647','26','9',1),('1648','26','10',1),('1649','26','17',1),('1650','26','18',1),('1651','26','19',1),('1652','26','20',1),('1222','27','9',1),('1223','27','10',1),('1224','27','17',1),('1225','27','18',1),('1226','27','19',1),('1227','27','20',1),('1682','28','10',1),('1683','28','17',1),('1684','28','18',1),('1685','28','19',1),('1686','28','20',1),('1687','28','21',1),('1700','29','9',1),('1701','29','10',1),('1702','29','17',1),('1703','29','18',1),('1704','29','19',1),('1705','29','20',1),('1276','33','34',1),('1277','33','35',1),('1278','33','36',1),('1279','33','37',1),('1280','33','38',1),('1281','33','39',1),('1718','34','33',1),('1719','34','35',1),('1720','34','36',1),('1721','34','37',1),('1722','34','38',1),('1723','34','39',1),('1310','35','33',1),('1311','35','34',1),('1312','35','36',1),('1313','35','37',1),('1314','35','38',1),('1327','36','34',1),('1328','36','35',1),('1329','36','37',1),('1330','36','38',1),('1331','36','39',1),('1332','36','40',1),('1345','37','33',1),('1346','37','35',1),('1347','37','36',1),('1348','37','38',1),('1349','37','39',1),('1736','38','34',1),('1737','38','35',1),('1738','38','36',1),('1739','38','37',1),('1740','38','39',1),('1741','38','40',1),('1665','39','33',1),('1666','39','34',1),('1667','39','35',1),('1668','39','36',1),('1669','39','37',1),('1670','39','38',1),('1397','40','33',1),('1398','40','34',1),('1399','40','35',1),('1400','40','36',1),('1401','40','37',1),('1593','41','34',1),('1594','41','35',1),('1595','41','36',1),('1596','41','37',1),('1597','41','38',1),('1598','41','39',1),('1431','42','34',1),('1432','42','35',1),('1433','42','36',1),('1434','42','37',1),('1435','42','38',1),('1436','42','39',1),('1449','43','34',1),('1450','43','35',1),('1451','43','36',1),('1452','43','37',1),('1453','43','38',1),('1454','43','39',1),('1754','44','34',1),('1755','44','35',1),('1756','44','36',1),('1757','44','37',1),('1758','44','38',1),('1759','44','39',1),('1485','45','33',1),('1486','45','34',1),('1487','45','35',1),('1488','45','36',1),('1489','45','37',1),('1490','45','38',1),('1022','9','1',3),('1023','9','7',3),('1010','1','2',4),('1011','1','9',4),('1012','1','10',4),('1013','1','17',4),('1014','1','18',4),('1015','1','19',4),('1030','9','2',4),('1031','9','10',4),('1032','9','17',4),('1033','9','18',4),('1034','9','19',4),('1035','9','20',4),('1048','10','1',4),('1049','10','2',4),('1050','10','9',4),('1051','10','17',4),('1052','10','18',4),('1053','10','19',4),('1066','17','1',4),('1067','17','2',4),('1068','17','9',4),('1069','17','10',4),('1070','17','18',4),('1071','17','19',4),('1509','18','9',4),('1510','18','10',4),('1511','18','17',4),('1512','18','19',4),('1513','18','20',4),('1514','18','21',4),('1617','19','9',4),('1618','19','10',4),('1619','19','17',4),('1620','19','18',4),('1621','19','20',4),('1622','19','21',4),('1635','20','9',4),('1636','20','10',4),('1637','20','17',4),('1638','20','18',4),('1639','20','19',4),('1640','20','21',4),('1138','21','9',4),('1139','21','10',4),('1140','21','17',4),('1141','21','18',4),('1142','21','19',4),('1143','21','20',4),('1527','23','1',4),('1528','23','2',4),('1529','23','9',4),('1530','23','10',4),('1531','23','17',4),('1532','23','18',4),('1545','24','1',4),('1546','24','2',4),('1547','24','9',4),('1548','24','10',4),('1549','24','17',4),('1550','24','18',4),('1563','25','7',4),('1564','25','9',4),('1565','25','10',4),('1566','25','17',4),('1567','25','18',4),('1568','25','19',4),('1653','26','9',4),('1654','26','10',4),('1655','26','17',4),('1656','26','18',4),('1657','26','19',4),('1658','26','20',4),('1228','27','9',4),('1229','27','10',4),('1230','27','17',4),('1231','27','18',4),('1232','27','19',4),('1233','27','20',4),('1688','28','17',4),('1689','28','18',4),('1690','28','19',4),('1691','28','20',4),('1692','28','21',4),('1693','28','23',4),('1706','29','9',4),('1707','29','10',4),('1708','29','17',4),('1709','29','18',4),('1710','29','19',4),('1711','29','20',4),('1282','33','34',4),('1283','33','35',4),('1284','33','36',4),('1285','33','37',4),('1286','33','38',4),('1724','34','33',4),('1725','34','35',4),('1726','34','36',4),('1727','34','37',4),('1728','34','38',4),('1729','34','39',4),('1315','35','33',4),('1316','35','34',4),('1317','35','36',4),('1318','35','37',4),('1319','35','38',4),('1320','35','39',4),('1333','36','35',4),('1334','36','37',4),('1335','36','38',4),('1336','36','39',4),('1337','36','40',4),('1338','36','41',4),('1350','37','33',4),('1351','37','34',4),('1352','37','35',4),('1353','37','36',4),('1354','37','38',4),('1355','37','39',4),('1742','38','35',4),('1743','38','36',4),('1744','38','37',4),('1745','38','39',4),('1746','38','40',4),('1747','38','41',4),('1671','39','33',4),('1672','39','35',4),('1673','39','36',4),('1674','39','37',4),('1675','39','38',4),('1402','40','33',4),('1403','40','34',4),('1404','40','35',4),('1405','40','36',4),('1406','40','37',4),('1407','40','38',4),('1599','41','35',4),('1600','41','36',4),('1601','41','37',4),('1602','41','38',4),('1603','41','39',4),('1604','41','40',4),('1437','42','33',4),('1438','42','34',4),('1439','42','35',4),('1440','42','36',4),('1441','42','37',4),('1442','42','38',4),('1455','43','35',4),('1456','43','36',4),('1457','43','37',4),('1458','43','38',4),('1459','43','39',4),('1460','43','40',4),('1760','44','34',4),('1761','44','35',4),('1762','44','36',4),('1763','44','37',4),('1764','44','38',4),('1765','44','39',4),('1491','45','35',4),('1492','45','36',4),('1493','45','37',4),('1494','45','38',4),('1495','45','39',4),('1496','45','40',4),('1016','1','2',5),('1017','1','9',5),('1018','1','10',5),('1019','1','17',5),('1020','1','18',5),('1021','1','19',5),('1036','9','1',5),('1037','9','2',5),('1038','9','10',5),('1039','9','17',5),('1040','9','18',5),('1041','9','19',5),('1054','10','1',5),('1055','10','2',5),('1056','10','9',5),('1057','10','17',5),('1058','10','18',5),('1059','10','19',5),('1072','17','1',5),('1073','17','2',5),('1074','17','9',5),('1075','17','10',5),('1076','17','18',5),('1077','17','19',5),('1515','18','9',5),('1516','18','10',5),('1517','18','17',5),('1518','18','19',5),('1519','18','20',5),('1520','18','21',5),('1623','19','9',5),('1624','19','10',5),('1625','19','17',5),('1626','19','18',5),('1627','19','20',5),('1628','19','21',5),('1641','20','9',5),('1642','20','10',5),('1643','20','17',5),('1644','20','18',5),('1645','20','19',5),('1646','20','21',5),('1144','21','1',5),('1145','21','2',5),('1146','21','9',5),('1147','21','10',5),('1148','21','17',5),('1149','21','18',5),('1533','23','9',5),('1534','23','10',5),('1535','23','17',5),('1536','23','18',5),('1537','23','19',5),('1538','23','20',5),('1551','24','9',5),('1552','24','10',5),('1553','24','18',5),('1554','24','19',5),('1555','24','20',5),('1556','24','21',5),('1569','25','9',5),('1570','25','10',5),('1571','25','17',5),('1572','25','18',5),('1573','25','19',5),('1574','25','20',5),('1659','26','7',5),('1660','26','9',5),('1661','26','10',5),('1662','26','17',5),('1663','26','18',5),('1664','26','19',5),('1234','27','9',5),('1235','27','10',5),('1236','27','17',5),('1237','27','18',5),('1238','27','19',5),('1239','27','20',5),('1694','28','10',5),('1695','28','17',5),('1696','28','18',5),('1697','28','19',5),('1698','28','20',5),('1699','28','21',5),('1712','29','7',5),('1713','29','9',5),('1714','29','10',5),('1715','29','17',5),('1716','29','18',5),('1717','29','19',5),('1287','33','34',5),('1288','33','35',5),('1289','33','36',5),('1290','33','37',5),('1291','33','38',5),('1730','34','33',5),('1731','34','35',5),('1732','34','36',5),('1733','34','37',5),('1734','34','38',5),('1735','34','39',5),('1321','35','33',5),('1322','35','34',5),('1323','35','37',5),('1324','35','38',5),('1325','35','40',5),('1326','35','41',5),('1339','36','35',5),('1340','36','37',5),('1341','36','38',5),('1342','36','39',5),('1343','36','40',5),('1344','36','41',5),('1356','37','34',5),('1357','37','35',5),('1358','37','36',5),('1359','37','38',5),('1360','37','39',5),('1361','37','40',5),('1748','38','33',5),('1749','38','34',5),('1750','38','35',5),('1751','38','36',5),('1752','38','37',5),('1753','38','39',5),('1676','39','34',5),('1677','39','35',5),('1678','39','36',5),('1679','39','37',5),('1680','39','38',5),('1681','39','40',5),('1408','40','33',5),('1409','40','34',5),('1410','40','35',5),('1411','40','36',5),('1412','40','37',5),('1605','41','33',5),('1606','41','34',5),('1607','41','35',5),('1608','41','36',5),('1609','41','37',5),('1610','41','38',5),('1443','42','33',5),('1444','42','34',5),('1445','42','35',5),('1446','42','36',5),('1447','42','37',5),('1448','42','38',5),('1461','43','33',5),('1462','43','34',5),('1463','43','35',5),('1464','43','36',5),('1465','43','37',5),('1466','43','38',5),('1766','44','33',5),('1767','44','34',5),('1768','44','35',5),('1769','44','36',5),('1770','44','37',5),('1771','44','38',5),('1497','45','33',5),('1498','45','34',5),('1499','45','35',5),('1500','45','36',5),('1501','45','37',5),('1502','45','38',5);

--
-- Table structure for table `catalog_product_link_attribute`
--

CREATE TABLE `catalog_product_link_attribute` (
  `product_link_attribute_id` smallint(5) unsigned NOT NULL AUTO_INCREMENT COMMENT 'Product Link Attribute ID',
  `link_type_id` smallint(5) unsigned NOT NULL DEFAULT '0' COMMENT 'Link Type ID',
  `product_link_attribute_code` varchar(32) DEFAULT NULL COMMENT 'Product Link Attribute Code',
  `data_type` varchar(32) DEFAULT NULL COMMENT 'Data Type',
  PRIMARY KEY (`product_link_attribute_id`),
  KEY `CATALOG_PRODUCT_LINK_ATTRIBUTE_LINK_TYPE_ID` (`link_type_id`)
) ENGINE=InnoDB AUTO_INCREMENT=6 DEFAULT CHARSET=utf8 COMMENT='Catalog Product Link Attribute Table';

--
-- Dumping data for table `catalog_product_link_attribute`
--

INSERT INTO `catalog_product_link_attribute` VALUES (1,1,'position','int'),(2,4,'position','int'),(3,5,'position','int'),(4,3,'position','int'),(5,3,'qty','decimal');

--
-- Table structure for table `catalog_product_link_attribute_decimal`
--

CREATE TABLE `catalog_product_link_attribute_decimal` (
  `value_id` int(10) unsigned NOT NULL AUTO_INCREMENT COMMENT 'Value ID',
  `product_link_attribute_id` smallint(5) unsigned DEFAULT NULL COMMENT 'Product Link Attribute ID',
  `link_id` int(10) unsigned NOT NULL COMMENT 'Link ID',
  `value` decimal(12,4) NOT NULL DEFAULT '0.0000' COMMENT 'Value',
  PRIMARY KEY (`value_id`),
  UNIQUE KEY `CAT_PRD_LNK_ATTR_DEC_PRD_LNK_ATTR_ID_LNK_ID` (`product_link_attribute_id`,`link_id`),
  KEY `CATALOG_PRODUCT_LINK_ATTRIBUTE_DECIMAL_LINK_ID` (`link_id`)
) ENGINE=InnoDB AUTO_INCREMENT=13 DEFAULT CHARSET=utf8 COMMENT='Catalog Product Link Decimal Attribute Table';

--
-- Dumping data for table `catalog_product_link_attribute_decimal`
--

INSERT INTO `catalog_product_link_attribute_decimal` VALUES ('11',5,'1022','9999.0000'),('12',5,'1023','9999.0000');

--
-- Table structure for table `catalog_product_link_attribute_int`
--

CREATE TABLE `catalog_product_link_attribute_int` (
  `value_id` int(10) unsigned NOT NULL AUTO_INCREMENT COMMENT 'Value ID',
  `product_link_attribute_id` smallint(5) unsigned DEFAULT NULL COMMENT 'Product Link Attribute ID',
  `link_id` int(10) unsigned NOT NULL COMMENT 'Link ID',
  `value` int(11) NOT NULL DEFAULT '0' COMMENT 'Value',
  PRIMARY KEY (`value_id`),
  UNIQUE KEY `CAT_PRD_LNK_ATTR_INT_PRD_LNK_ATTR_ID_LNK_ID` (`product_link_attribute_id`,`link_id`),
  KEY `CATALOG_PRODUCT_LINK_ATTRIBUTE_INT_LINK_ID` (`link_id`)
) ENGINE=InnoDB AUTO_INCREMENT=1772 DEFAULT CHARSET=utf8 COMMENT='Catalog Product Link Integer Attribute Table';

--
-- Dumping data for table `catalog_product_link_attribute_int`
--

INSERT INTO `catalog_product_link_attribute_int` VALUES ('1003',1,'1003','1'),('1004',1,'1004','2'),('1005',1,'1005','3'),('1006',1,'1006','4'),('1007',1,'1007','5'),('1008',1,'1008','6'),('1009',1,'1009','7'),('1010',2,'1010','1'),('1011',2,'1011','2'),('1012',2,'1012','3'),('1013',2,'1013','4'),('1014',2,'1014','5'),('1015',2,'1015','6'),('1016',3,'1016','1'),('1017',3,'1017','2'),('1018',3,'1018','3'),('1019',3,'1019','4'),('1020',3,'1020','5'),('1021',3,'1021','6'),('1022',4,'1022','1'),('1023',4,'1023','2'),('1024',1,'1024','2'),('1025',1,'1025','1'),('1026',1,'1026','3'),('1027',1,'1027','4'),('1028',1,'1028','5'),('1029',1,'1029','6'),('1030',2,'1030','1'),('1031',2,'1031','2'),('1032',2,'1032','3'),('1033',2,'1033','4'),('1034',2,'1034','5'),('1035',2,'1035','6'),('1036',3,'1036','1'),('1037',3,'1037','2'),('1038',3,'1038','3'),('1039',3,'1039','4'),('1040',3,'1040','5'),('1041',3,'1041','6'),('1042',1,'1042','1'),('1043',1,'1043','2'),('1044',1,'1044','3'),('1045',1,'1045','4'),('1046',1,'1046','5'),('1047',1,'1047','6'),('1048',2,'1048','1'),('1049',2,'1049','2'),('1050',2,'1050','3'),('1051',2,'1051','4'),('1052',2,'1052','5'),('1053',2,'1053','6'),('1054',3,'1054','1'),('1055',3,'1055','2'),('1056',3,'1056','3'),('1057',3,'1057','4'),('1058',3,'1058','5'),('1059',3,'1059','6'),('1060',1,'1060','1'),('1061',1,'1061','2'),('1062',1,'1062','3'),('1063',1,'1063','4'),('1064',1,'1064','5'),('1065',1,'1065','6'),('1066',2,'1066','1'),('1067',2,'1067','2'),('1068',2,'1068','3'),('1069',2,'1069','4'),('1070',2,'1070','5'),('1071',2,'1071','6'),('1072',3,'1072','1'),('1073',3,'1073','2'),('1074',3,'1074','3'),('1075',3,'1075','4'),('1076',3,'1076','5'),('1077',3,'1077','6'),('1132',1,'1132','1'),('1133',1,'1133','2'),('1134',1,'1134','3'),('1135',1,'1135','4'),('1136',1,'1136','5'),('1137',1,'1137','6'),('1138',2,'1138','1'),('1139',2,'1139','2'),('1140',2,'1140','3'),('1141',2,'1141','4'),('1142',2,'1142','5'),('1143',2,'1143','6'),('1144',3,'1144','2'),('1145',3,'1145','1'),('1146',3,'1146','3'),('1147',3,'1147','4'),('1148',3,'1148','5'),('1149',3,'1149','6'),('1222',1,'1222','1'),('1223',1,'1223','2'),('1224',1,'1224','3'),('1225',1,'1225','4'),('1226',1,'1226','5'),('1227',1,'1227','6'),('1228',2,'1228','1'),('1229',2,'1229','2'),('1230',2,'1230','3'),('1231',2,'1231','4'),('1232',2,'1232','5'),('1233',2,'1233','6'),('1234',3,'1234','1'),('1235',3,'1235','2'),('1236',3,'1236','3'),('1237',3,'1237','4'),('1238',3,'1238','5'),('1239',3,'1239','6'),('1276',1,'1276','1'),('1277',1,'1277','2'),('1278',1,'1278','3'),('1279',1,'1279','4'),('1280',1,'1280','5'),('1281',1,'1281','6'),('1282',2,'1282','1'),('1283',2,'1283','3'),('1284',2,'1284','4'),('1285',2,'1285','5'),('1286',2,'1286','6'),('1287',3,'1287','1'),('1288',3,'1288','3'),('1289',3,'1289','4'),('1290',3,'1290','5'),('1291',3,'1291','6'),('1310',1,'1310','2'),('1311',1,'1311','3'),('1312',1,'1312','4'),('1313',1,'1313','5'),('1314',1,'1314','6'),('1315',2,'1315','1'),('1316',2,'1316','2'),('1317',2,'1317','3'),('1318',2,'1318','4'),('1319',2,'1319','5'),('1320',2,'1320','6'),('1321',3,'1321','1'),('1322',3,'1322','2'),('1323',3,'1323','3'),('1324',3,'1324','4'),('1325',3,'1325','5'),('1326',3,'1326','6'),('1327',1,'1327','1'),('1328',1,'1328','2'),('1329',1,'1329','3'),('1330',1,'1330','4'),('1331',1,'1331','5'),('1332',1,'1332','6'),('1333',2,'1333','1'),('1334',2,'1334','2'),('1335',2,'1335','3'),('1336',2,'1336','4'),('1337',2,'1337','5'),('1338',2,'1338','6'),('1339',3,'1339','1'),('1340',3,'1340','2'),('1341',3,'1341','3'),('1342',3,'1342','4'),('1343',3,'1343','5'),('1344',3,'1344','6'),('1345',1,'1345','2'),('1346',1,'1346','3'),('1347',1,'1347','4'),('1348',1,'1348','5'),('1349',1,'1349','6'),('1350',2,'1350','1'),('1351',2,'1351','2'),('1352',2,'1352','3'),('1353',2,'1353','4'),('1354',2,'1354','5'),('1355',2,'1355','6'),('1356',3,'1356','1'),('1357',3,'1357','2'),('1358',3,'1358','3'),('1359',3,'1359','4'),('1360',3,'1360','5'),('1361',3,'1361','6'),('1397',1,'1397','2'),('1398',1,'1398','3'),('1399',1,'1399','4'),('1400',1,'1400','5'),('1401',1,'1401','6'),('1402',2,'1402','1'),('1403',2,'1403','2'),('1404',2,'1404','3'),('1405',2,'1405','4'),('1406',2,'1406','5'),('1407',2,'1407','6'),('1408',3,'1408','1'),('1409',3,'1409','3'),('1410',3,'1410','4'),('1411',3,'1411','6'),('1412',3,'1412','5'),('1431',1,'1431','1'),('1432',1,'1432','2'),('1433',1,'1433','3'),('1434',1,'1434','4'),('1435',1,'1435','5'),('1436',1,'1436','6'),('1437',2,'1437','1'),('1438',2,'1438','2'),('1439',2,'1439','3'),('1440',2,'1440','4'),('1441',2,'1441','5'),('1442',2,'1442','6'),('1443',3,'1443','1'),('1444',3,'1444','2'),('1445',3,'1445','3'),('1446',3,'1446','4'),('1447',3,'1447','5'),('1448',3,'1448','6'),('1449',1,'1449','1'),('1450',1,'1450','2'),('1451',1,'1451','4'),('1452',1,'1452','3'),('1453',1,'1453','5'),('1454',1,'1454','6'),('1455',2,'1455','1'),('1456',2,'1456','2'),('1457',2,'1457','3'),('1458',2,'1458','4'),('1459',2,'1459','5'),('1460',2,'1460','6'),('1461',3,'1461','1'),('1462',3,'1462','2'),('1463',3,'1463','3'),('1464',3,'1464','4'),('1465',3,'1465','5'),('1466',3,'1466','6'),('1485',1,'1485','1'),('1486',1,'1486','2'),('1487',1,'1487','3'),('1488',1,'1488','4'),('1489',1,'1489','5'),('1490',1,'1490','6'),('1491',2,'1491','1'),('1492',2,'1492','2'),('1493',2,'1493','3'),('1494',2,'1494','4'),('1495',2,'1495','5'),('1496',2,'1496','6'),('1497',3,'1497','1'),('1498',3,'1498','2'),('1499',3,'1499','3'),('1500',3,'1500','4'),('1501',3,'1501','5'),('1502',3,'1502','6'),('1503',1,'1503','1'),('1504',1,'1504','2'),('1505',1,'1505','3'),('1506',1,'1506','4'),('1507',1,'1507','5'),('1508',1,'1508','6'),('1509',2,'1509','1'),('1510',2,'1510','2'),('1511',2,'1511','3'),('1512',2,'1512','4'),('1513',2,'1513','5'),('1514',2,'1514','6'),('1515',3,'1515','1'),('1516',3,'1516','2'),('1517',3,'1517','3'),('1518',3,'1518','4'),('1519',3,'1519','5'),('1520',3,'1520','6'),('1521',1,'1521','1'),('1522',1,'1522','2'),('1523',1,'1523','3'),('1524',1,'1524','4'),('1525',1,'1525','5'),('1526',1,'1526','6'),('1527',2,'1527','1'),('1528',2,'1528','2'),('1529',2,'1529','3'),('1530',2,'1530','4'),('1531',2,'1531','5'),('1532',2,'1532','6'),('1533',3,'1533','1'),('1534',3,'1534','2'),('1535',3,'1535','3'),('1536',3,'1536','4'),('1537',3,'1537','5'),('1538',3,'1538','6'),('1539',1,'1539','1'),('1540',1,'1540','2'),('1541',1,'1541','3'),('1542',1,'1542','4'),('1543',1,'1543','6'),('1544',1,'1544','5'),('1545',2,'1545','2'),('1546',2,'1546','1'),('1547',2,'1547','3'),('1548',2,'1548','4'),('1549',2,'1549','5'),('1550',2,'1550','6'),('1551',3,'1551','1'),('1552',3,'1552','2'),('1553',3,'1553','3'),('1554',3,'1554','4'),('1555',3,'1555','5'),('1556',3,'1556','6'),('1557',1,'1557','1'),('1558',1,'1558','2'),('1559',1,'1559','3'),('1560',1,'1560','4'),('1561',1,'1561','5'),('1562',1,'1562','6'),('1563',2,'1563','1'),('1564',2,'1564','2'),('1565',2,'1565','3'),('1566',2,'1566','4'),('1567',2,'1567','5'),('1568',2,'1568','6'),('1569',3,'1569','1'),('1570',3,'1570','2'),('1571',3,'1571','3'),('1572',3,'1572','4'),('1573',3,'1573','5'),('1574',3,'1574','6'),('1593',1,'1593','1'),('1594',1,'1594','2'),('1595',1,'1595','3'),('1596',1,'1596','4'),('1597',1,'1597','5'),('1598',1,'1598','6'),('1599',2,'1599','1'),('1600',2,'1600','2'),('1601',2,'1601','3'),('1602',2,'1602','4'),('1603',2,'1603','5'),('1604',2,'1604','6'),('1605',3,'1605','1'),('1606',3,'1606','2'),('1607',3,'1607','3'),('1608',3,'1608','4'),('1609',3,'1609','5'),('1610',3,'1610','6'),('1611',1,'1611','1'),('1612',1,'1612','2'),('1613',1,'1613','3'),('1614',1,'1614','4'),('1615',1,'1615','5'),('1616',1,'1616','6'),('1617',2,'1617','1'),('1618',2,'1618','2'),('1619',2,'1619','3'),('1620',2,'1620','4'),('1621',2,'1621','5'),('1622',2,'1622','6'),('1623',3,'1623','1'),('1624',3,'1624','2'),('1625',3,'1625','3'),('1626',3,'1626','4'),('1627',3,'1627','5'),('1628',3,'1628','6'),('1629',1,'1629','1'),('1630',1,'1630','2'),('1631',1,'1631','3'),('1632',1,'1632','4'),('1633',1,'1633','5'),('1634',1,'1634','6'),('1635',2,'1635','1'),('1636',2,'1636','2'),('1637',2,'1637','3'),('1638',2,'1638','4'),('1639',2,'1639','5'),('1640',2,'1640','6'),('1641',3,'1641','1'),('1642',3,'1642','2'),('1643',3,'1643','3'),('1644',3,'1644','4'),('1645',3,'1645','5'),('1646',3,'1646','6'),('1647',1,'1647','1'),('1648',1,'1648','2'),('1649',1,'1649','3'),('1650',1,'1650','4'),('1651',1,'1651','5'),('1652',1,'1652','6'),('1653',2,'1653','1'),('1654',2,'1654','2'),('1655',2,'1655','4'),('1656',2,'1656','3'),('1657',2,'1657','5'),('1658',2,'1658','6'),('1659',3,'1659','1'),('1660',3,'1660','2'),('1661',3,'1661','3'),('1662',3,'1662','4'),('1663',3,'1663','5'),('1664',3,'1664','6'),('1665',1,'1665','1'),('1666',1,'1666','2'),('1667',1,'1667','3'),('1668',1,'1668','4'),('1669',1,'1669','5'),('1670',1,'1670','6'),('1671',2,'1671','2'),('1672',2,'1672','3'),('1673',2,'1673','4'),('1674',2,'1674','5'),('1675',2,'1675','6'),('1676',3,'1676','1'),('1677',3,'1677','2'),('1678',3,'1678','3'),('1679',3,'1679','4'),('1680',3,'1680','5'),('1681',3,'1681','6'),('1682',1,'1682','1'),('1683',1,'1683','2'),('1684',1,'1684','3'),('1685',1,'1685','4'),('1686',1,'1686','5'),('1687',1,'1687','6'),('1688',2,'1688','1'),('1689',2,'1689','2'),('1690',2,'1690','3'),('1691',2,'1691','4'),('1692',2,'1692','5'),('1693',2,'1693','6'),('1694',3,'1694','1'),('1695',3,'1695','2'),('1696',3,'1696','3'),('1697',3,'1697','4'),('1698',3,'1698','5'),('1699',3,'1699','6'),('1700',1,'1700','1'),('1701',1,'1701','2'),('1702',1,'1702','3'),('1703',1,'1703','4'),('1704',1,'1704','5'),('1705',1,'1705','6'),('1706',2,'1706','1'),('1707',2,'1707','2'),('1708',2,'1708','3'),('1709',2,'1709','4'),('1710',2,'1710','5'),('1711',2,'1711','6'),('1712',3,'1712','1'),('1713',3,'1713','2'),('1714',3,'1714','3'),('1715',3,'1715','4'),('1716',3,'1716','5'),('1717',3,'1717','6'),('1718',1,'1718','1'),('1719',1,'1719','2'),('1720',1,'1720','3'),('1721',1,'1721','4'),('1722',1,'1722','5'),('1723',1,'1723','6'),('1724',2,'1724','1'),('1725',2,'1725','2'),('1726',2,'1726','4'),('1727',2,'1727','3'),('1728',2,'1728','5'),('1729',2,'1729','6'),('1730',3,'1730','1'),('1731',3,'1731','2'),('1732',3,'1732','3'),('1733',3,'1733','4'),('1734',3,'1734','5'),('1735',3,'1735','6'),('1736',1,'1736','1'),('1737',1,'1737','2'),('1738',1,'1738','3'),('1739',1,'1739','4'),('1740',1,'1740','5'),('1741',1,'1741','6'),('1742',2,'1742','1'),('1743',2,'1743','2'),('1744',2,'1744','3'),('1745',2,'1745','4'),('1746',2,'1746','5'),('1747',2,'1747','6'),('1748',3,'1748','6'),('1749',3,'1749','5'),('1750',3,'1750','1'),('1751',3,'1751','2'),('1752',3,'1752','3'),('1753',3,'1753','4'),('1754',1,'1754','1'),('1755',1,'1755','2'),('1756',1,'1756','3'),('1757',1,'1757','4'),('1758',1,'1758','5'),('1759',1,'1759','6'),('1760',2,'1760','1'),('1761',2,'1761','2'),('1762',2,'1762','3'),('1763',2,'1763','4'),('1764',2,'1764','5'),('1765',2,'1765','6'),('1766',3,'1766','1'),('1767',3,'1767','2'),('1768',3,'1768','3'),('1769',3,'1769','4'),('1770',3,'1770','5'),('1771',3,'1771','6');

--
